{"id":735867,"date":"2025-08-27T22:56:31","date_gmt":"2025-08-27T19:56:31","guid":{"rendered":"https:\/\/roveyayinevi.com.tr\/index.php\/urun\/robit-3-gicirtili-bir-macera\/"},"modified":"2026-04-16T02:44:36","modified_gmt":"2026-04-15T23:44:36","slug":"robit-3-gicirtili-bir-macera","status":"publish","type":"product","link":"https:\/\/roveyayinevi.com.tr\/index.php\/urun\/robit-3-gicirtili-bir-macera\/","title":{"rendered":"Robit 3 &#8211; G\u0131c\u0131rt\u0131l\u0131 Bir Macera"},"content":{"rendered":"<p>Robit, bir zamanlar oyuncak bir robottu, ancak hurdaya at\u0131ld\u0131\u011f\u0131ndan ve sadece iki bu\u00e7uk kusurlu an\u0131 ile uyand\u0131\u011f\u0131ndan beri \u00e7ok yol kat etti. Robit, eskiden tan\u0131\u015ft\u0131\u011f\u0131 bir evcil hayvan robotu g\u00f6rd\u00fc\u011f\u00fcnde onu takip eder ve g\u00f6kdelenlerle dolu \u015fehrin tam ortas\u0131nda evcil hayvan robotlar\u0131yla dolu gizli bir park ke\u015ffeder. K\u0131r\u0131lm\u0131\u015f veya terk edilmi\u015f evcil hayvan robotlar\u0131n ya\u015fad\u0131\u011f\u0131 bu park, ayn\u0131 zamanda evcil hayvan robotlar\u0131 seven \u00e7ocuklar\u0131n da oyun alan\u0131d\u0131r. Robit, g\u0131c\u0131rday\u0131p duran bu hasarl\u0131 robotlara yard\u0131m etmenin bir yolunu bulmal\u0131d\u0131r. Ancak duygular\u0131 dikkatini da\u011f\u0131tt\u0131\u011f\u0131nda \u00fcz\u00fcnt\u00fc Robit\u2019in kap\u0131s\u0131n\u0131 \u00e7alar. Belki o da di\u011fer robotlar gibi bozulmu\u015ftur. Robit, arkada\u015flar\u0131n\u0131n yard\u0131m\u0131yla neyin yanl\u0131\u015f oldu\u011funu \u00e7\u00f6zebilecek midir? Haf\u0131zalardan silinmeyecek bir dayan\u0131kl\u0131l\u0131k ve umut hik\u00e2yesi\u2026<\/p>\n","protected":false},"excerpt":{"rendered":"<p>Robit, bir zamanlar oyuncak bir robottu, ancak hurdaya at\u0131ld\u0131\u011f\u0131ndan ve sadece iki bu\u00e7uk kusurlu an\u0131 ile uyand\u0131\u011f\u0131ndan beri \u00e7ok yol kat etti. Robit, eskiden tan\u0131\u015ft\u0131\u011f\u0131 bir<span class=\"excerpt-hellip\"> [\u2026]<\/span><\/p>\n","protected":false},"featured_media":0,"template":"","meta":{"_monsterinsights_skip_tracking":false,"_monsterinsights_sitenote_active":false,"_monsterinsights_sitenote_note":"","_monsterinsights_sitenote_category":0},"product_brand":[],"product_cat":[12275,12274],"product_tag":[],"class_list":{"0":"post-735867","1":"product","2":"type-product","3":"status-publish","5":"product_cat-6-12-yas-kitaplari","6":"product_cat-cocuk-ve-genclik-kitaplari","7":"pa_cilt-ciltsiz","8":"pa_tur-kitap","9":"pa_yayinevi-genc-timas","10":"pa_yazar-shane-hegarty","12":"first","13":"instock","14":"sale","15":"shipping-taxable","16":"purchasable","17":"product-type-simple"},"_links":{"self":[{"href":"https:\/\/roveyayinevi.com.tr\/index.php\/wp-json\/wp\/v2\/product\/735867","targetHints":{"allow":["GET"]}}],"collection":[{"href":"https:\/\/roveyayinevi.com.tr\/index.php\/wp-json\/wp\/v2\/product"}],"about":[{"href":"https:\/\/roveyayinevi.com.tr\/index.php\/wp-json\/wp\/v2\/types\/product"}],"wp:attachment":[{"href":"https:\/\/roveyayinevi.com.tr\/index.php\/wp-json\/wp\/v2\/media?parent=735867"}],"wp:term":[{"taxonomy":"product_brand","embeddable":true,"href":"https:\/\/roveyayinevi.com.tr\/index.php\/wp-json\/wp\/v2\/product_brand?post=735867"},{"taxonomy":"product_cat","embeddable":true,"href":"https:\/\/roveyayinevi.com.tr\/index.php\/wp-json\/wp\/v2\/product_cat?post=735867"},{"taxonomy":"product_tag","embeddable":true,"href":"https:\/\/roveyayinevi.com.tr\/index.php\/wp-json\/wp\/v2\/product_tag?post=735867"}],"curies":[{"name":"wp","href":"https:\/\/api.w.org\/{rel}","templated":true}]}}