{"id":735861,"date":"2025-08-27T22:56:25","date_gmt":"2025-08-27T19:56:25","guid":{"rendered":"https:\/\/roveyayinevi.com.tr\/index.php\/urun\/yasam-ve-sanatim\/"},"modified":"2026-04-16T02:44:36","modified_gmt":"2026-04-15T23:44:36","slug":"yasam-ve-sanatim","status":"publish","type":"product","link":"https:\/\/roveyayinevi.com.tr\/index.php\/urun\/yasam-ve-sanatim\/","title":{"rendered":"Ya\u015fam ve Sanat\u0131m"},"content":{"rendered":"<p>Ad\u0131yaman \u00dcniversitesi, G\u00fczel Sanatlar Fak\u00fcltesi Dekan\u0131 Prof. Mehmet Alag\u00f6z (ressam) hocam\u0131z\u0131n ya\u015fam\u0131 ve resim sanat\u0131na dair d\u00fc\u015f\u00fcnceleri ve eserlerinin yer ald\u0131\u011f\u0131 otobiyografik \u00e7al\u0131\u015fma&#8230;   \u201cGenel anlamda resim sanat\u0131 salt eserler \u00fczerinden okunup de\u011ferlendirilmez. B\u00f6yle yap\u0131l\u0131rsa b\u00fct\u00fcnc\u00fcl kavrama eksik kal\u0131r. De\u011ferlendirmeyi tam yapabilmek i\u00e7in, o eserleri \u00fcreten sanat\u00e7\u0131y\u0131, duygular\u0131n\u0131, belli durumlarda almak zorunda kald\u0131\u011f\u0131 pozisyonlar\u0131 da bilmek gerekir. Ayr\u0131ca sanat\u00e7\u0131y\u0131 ve eserini var edip \u015fekillendiren, do\u011fup b\u00fcy\u00fcd\u00fc\u011f\u00fc co\u011frafya, i\u00e7inde olunan toplum ve ko\u015fullarda \u00e7ok \u00f6nemlidir. Bu anlamda sanat\u00e7\u0131 g\u00fcnl\u00fckleri, sanat\u00e7\u0131n\u0131n sanat \u00fczerine yapt\u0131\u011f\u0131 s\u00f6ylemler, sanat\u00e7\u0131lar taraf\u0131ndan yaz\u0131lm\u0131\u015f an\u0131 ve biyografik hik\u00e2yeler bizlere \u00f6nemli veriler sunar. Bug\u00fcn genel anlamda her yerde yayg\u0131n olarak sunulan sanat\u00e7\u0131 \u00f6zge\u00e7mi\u015fleri ise pek \u00e7ok istatistik veriler gibi kuru ve ruhsuzdur.\u201d <\/p>\n","protected":false},"excerpt":{"rendered":"<p>Ad\u0131yaman \u00dcniversitesi, G\u00fczel Sanatlar Fak\u00fcltesi Dekan\u0131 Prof. Mehmet Alag\u00f6z (ressam) hocam\u0131z\u0131n ya\u015fam\u0131 ve resim sanat\u0131na dair d\u00fc\u015f\u00fcnceleri ve eserlerinin yer ald\u0131\u011f\u0131 otobiyografik \u00e7al\u0131\u015fma&#8230; \u201cGenel anlamda resim<span class=\"excerpt-hellip\"> [\u2026]<\/span><\/p>\n","protected":false},"featured_media":0,"template":"","meta":{"_monsterinsights_skip_tracking":false,"_monsterinsights_sitenote_active":false,"_monsterinsights_sitenote_note":"","_monsterinsights_sitenote_category":0},"product_brand":[],"product_cat":[14009,12291],"product_tag":[],"class_list":{"0":"post-735861","1":"product","2":"type-product","3":"status-publish","5":"product_cat-biyografi-otobiyografi-edebiyat","6":"product_cat-edebiyat","7":"pa_cilt-ciltsiz","8":"pa_tur-kitap","9":"pa_yayinevi-us-yayinlari","10":"pa_yazar-mehmet-alagoz","12":"first","13":"instock","14":"sale","15":"shipping-taxable","16":"purchasable","17":"product-type-simple"},"_links":{"self":[{"href":"https:\/\/roveyayinevi.com.tr\/index.php\/wp-json\/wp\/v2\/product\/735861","targetHints":{"allow":["GET"]}}],"collection":[{"href":"https:\/\/roveyayinevi.com.tr\/index.php\/wp-json\/wp\/v2\/product"}],"about":[{"href":"https:\/\/roveyayinevi.com.tr\/index.php\/wp-json\/wp\/v2\/types\/product"}],"wp:attachment":[{"href":"https:\/\/roveyayinevi.com.tr\/index.php\/wp-json\/wp\/v2\/media?parent=735861"}],"wp:term":[{"taxonomy":"product_brand","embeddable":true,"href":"https:\/\/roveyayinevi.com.tr\/index.php\/wp-json\/wp\/v2\/product_brand?post=735861"},{"taxonomy":"product_cat","embeddable":true,"href":"https:\/\/roveyayinevi.com.tr\/index.php\/wp-json\/wp\/v2\/product_cat?post=735861"},{"taxonomy":"product_tag","embeddable":true,"href":"https:\/\/roveyayinevi.com.tr\/index.php\/wp-json\/wp\/v2\/product_tag?post=735861"}],"curies":[{"name":"wp","href":"https:\/\/api.w.org\/{rel}","templated":true}]}}