{"id":735859,"date":"2025-08-27T22:56:23","date_gmt":"2025-08-27T19:56:23","guid":{"rendered":"https:\/\/roveyayinevi.com.tr\/index.php\/urun\/yogaya-dair-sezgisel-bilgiler\/"},"modified":"2026-04-16T02:44:36","modified_gmt":"2026-04-15T23:44:36","slug":"yogaya-dair-sezgisel-bilgiler","status":"publish","type":"product","link":"https:\/\/roveyayinevi.com.tr\/index.php\/urun\/yogaya-dair-sezgisel-bilgiler\/","title":{"rendered":"Yoga&#8217;ya Dair Sezgisel Bilgiler"},"content":{"rendered":"<p>Sisli hat\u0131ralar\u0131n yo\u011fun tesirindeki bir benlik &#8220;olgunla\u015famam\u0131\u015f&#8221; demektir. Geli\u015fen, d\u00fc\u015f\u00fcnen ve \u00fcreten zihninizin bir nil\u00fcfer \u00e7i\u00e7e\u011fi gibi temiz kalmas\u0131 m\u00fcmk\u00fcnd\u00fcr ancak kolay da de\u011fildir. Ge\u00e7mi\u015fi hat\u0131rl\u0131yor olmak \u00e7o\u011fu zaman olumsuz gibi alg\u0131lansa da, yapt\u0131\u011f\u0131n\u0131z \u015feyi tekrar yapmaktan vazge\u00e7irecek tek \u015fey olanlar\u0131 unutmak de\u011fil, hat\u0131rlamakt\u0131r. Tam da bu nedenle, birbirinden ba\u011f\u0131ms\u0131z olmayan; ge\u00e7mi\u015fin ataleti, \u015fimdinin hareketi ve gelece\u011fin dengesi birbirine d\u00f6n\u00fc\u015f\u00fcrken el ele olmal\u0131d\u0131r.   \u201cYoga uygulamalar\u0131, al\u0131\u015f\u0131lm\u0131\u015f ya\u015fam\u0131n g\u00f6zle g\u00f6r\u00fclmeyen ko\u015fullanmalar\u0131na \u00e7omak sokar.\u201d <\/p>\n","protected":false},"excerpt":{"rendered":"<p>Sisli hat\u0131ralar\u0131n yo\u011fun tesirindeki bir benlik &#8220;olgunla\u015famam\u0131\u015f&#8221; demektir. Geli\u015fen, d\u00fc\u015f\u00fcnen ve \u00fcreten zihninizin bir nil\u00fcfer \u00e7i\u00e7e\u011fi gibi temiz kalmas\u0131 m\u00fcmk\u00fcnd\u00fcr ancak kolay da de\u011fildir. Ge\u00e7mi\u015fi hat\u0131rl\u0131yor<span class=\"excerpt-hellip\"> [\u2026]<\/span><\/p>\n","protected":false},"featured_media":0,"template":"","meta":{"_monsterinsights_skip_tracking":false,"_monsterinsights_sitenote_active":false,"_monsterinsights_sitenote_note":"","_monsterinsights_sitenote_category":0},"product_brand":[],"product_cat":[13365,19822],"product_tag":[],"class_list":{"0":"post-735859","1":"product","2":"type-product","3":"status-publish","5":"product_cat-saglik","6":"product_cat-yoga-meditasyon","7":"pa_cilt-ciltli","8":"pa_tur-kitap","9":"pa_yayinevi-luna-yayinlari","10":"pa_yazar-nejla-ceylan-ozveren","12":"first","13":"instock","14":"sale","15":"shipping-taxable","16":"purchasable","17":"product-type-simple"},"_links":{"self":[{"href":"https:\/\/roveyayinevi.com.tr\/index.php\/wp-json\/wp\/v2\/product\/735859","targetHints":{"allow":["GET"]}}],"collection":[{"href":"https:\/\/roveyayinevi.com.tr\/index.php\/wp-json\/wp\/v2\/product"}],"about":[{"href":"https:\/\/roveyayinevi.com.tr\/index.php\/wp-json\/wp\/v2\/types\/product"}],"wp:attachment":[{"href":"https:\/\/roveyayinevi.com.tr\/index.php\/wp-json\/wp\/v2\/media?parent=735859"}],"wp:term":[{"taxonomy":"product_brand","embeddable":true,"href":"https:\/\/roveyayinevi.com.tr\/index.php\/wp-json\/wp\/v2\/product_brand?post=735859"},{"taxonomy":"product_cat","embeddable":true,"href":"https:\/\/roveyayinevi.com.tr\/index.php\/wp-json\/wp\/v2\/product_cat?post=735859"},{"taxonomy":"product_tag","embeddable":true,"href":"https:\/\/roveyayinevi.com.tr\/index.php\/wp-json\/wp\/v2\/product_tag?post=735859"}],"curies":[{"name":"wp","href":"https:\/\/api.w.org\/{rel}","templated":true}]}}