{"id":735847,"date":"2025-08-27T22:56:11","date_gmt":"2025-08-27T19:56:11","guid":{"rendered":"https:\/\/roveyayinevi.com.tr\/index.php\/urun\/bilinen-cografyalardan-bilinmeyen-hikayeler-ogrendiklerim\/"},"modified":"2026-04-16T02:44:36","modified_gmt":"2026-04-15T23:44:36","slug":"bilinen-cografyalardan-bilinmeyen-hikayeler-ogrendiklerim","status":"publish","type":"product","link":"https:\/\/roveyayinevi.com.tr\/index.php\/urun\/bilinen-cografyalardan-bilinmeyen-hikayeler-ogrendiklerim\/","title":{"rendered":"Bilinen Co\u011frafyalardan Bilinmeyen Hikayeler &#8211; \u00d6\u011frendiklerim"},"content":{"rendered":"<p>\u0130nsan, hayat\u0131n\u0131 \u015fekillendiren pek \u00e7ok \u201c\u015fey\u201d ile kar\u015f\u0131la\u015f\u0131r ya\u015fam\u0131 boyunca: di\u011fer insanlar, mek\u00e2nlar, d\u00fc\u015f\u00fcnceler, olaylar ve elbette sanat. Bunlar\u0131n hepsiyle bir al\u0131\u015fveri\u015f i\u00e7inde olursunuz. Elbette \u00f6ncelikle al\u0131rs\u0131n\u0131z ancak daha sonra vermeye ba\u015flars\u0131n\u0131z. Ard\u0131ndan bu al-ver h\u0131zlanmaya ba\u015flar, s\u00fcrekli olur. Bu etkile\u015fim ile de\u011fi\u015fmeye, pi\u015fmeye ba\u015flars\u0131n\u0131z. \u201cOldu\u011funuzu\u201d sand\u0131\u011f\u0131n\u0131zda en iyi ihtimalle \u201cfark\u0131nda\u201d olursunuz. Ama asla \u201ctamam\u201d olamazs\u0131n\u0131z.   Yazar Hakan \u00d6zerol, daha \u00f6nce yay\u0131mlanm\u0131\u015f kitaplar\u0131ndan \u00e7ok farkl\u0131 bir konu ile kar\u015f\u0131m\u0131zda bu kez. Gezilerinde \u00e7ekti\u011fi foto\u011fraflar e\u015fli\u011finde, g\u00f6rd\u00fc\u011f\u00fc yerlerin, sanat eserlerinin ge\u00e7mi\u015fini anlat\u0131rken \u201colmaya \u00e7al\u0131\u015fma\u201d felsefesinden de bahsediyor. Kitapta, Shakespeare, Montaigne, Camus, Sartre, Schopenhauer, Voltaire, Platon, Herakleitos, Sokrates, Marcus Aurelius, Epikurus, Marx, Kafka, Rousseau, Dante, Atat\u00fcrk, Adler, Goethe, Einstein, Clausen ve daha nicelerine kulak vereceksiniz.  Atina, Rotterdam, Colmar, Paris, Vilnius, Talinn, Hamburg, Roma, Manchester, Cenevre, Brugge, Br\u00fcksel, Trakai, Milano, Avignon, Salzburg, St. Paul de Vince ve Como\u2019da gezeceksiniz.   Keyifli okumalar\u2026<\/p>\n","protected":false},"excerpt":{"rendered":"<p>\u0130nsan, hayat\u0131n\u0131 \u015fekillendiren pek \u00e7ok \u201c\u015fey\u201d ile kar\u015f\u0131la\u015f\u0131r ya\u015fam\u0131 boyunca: di\u011fer insanlar, mek\u00e2nlar, d\u00fc\u015f\u00fcnceler, olaylar ve elbette sanat. Bunlar\u0131n hepsiyle bir al\u0131\u015fveri\u015f i\u00e7inde olursunuz. Elbette \u00f6ncelikle<span class=\"excerpt-hellip\"> [\u2026]<\/span><\/p>\n","protected":false},"featured_media":0,"template":"","meta":{"_monsterinsights_skip_tracking":false,"_monsterinsights_sitenote_active":false,"_monsterinsights_sitenote_note":"","_monsterinsights_sitenote_category":0},"product_brand":[],"product_cat":[13055,13054],"product_tag":[],"class_list":{"0":"post-735847","1":"product","2":"type-product","3":"status-publish","5":"product_cat-gezi-rehberi","6":"product_cat-gezi-ve-rehber-kitaplari","7":"pa_cilt-ciltsiz","8":"pa_tur-kitap","9":"pa_yayinevi-mela-yayinlari","10":"pa_yazar-hakan-ozerol","12":"first","13":"instock","14":"sale","15":"shipping-taxable","16":"purchasable","17":"product-type-simple"},"_links":{"self":[{"href":"https:\/\/roveyayinevi.com.tr\/index.php\/wp-json\/wp\/v2\/product\/735847","targetHints":{"allow":["GET"]}}],"collection":[{"href":"https:\/\/roveyayinevi.com.tr\/index.php\/wp-json\/wp\/v2\/product"}],"about":[{"href":"https:\/\/roveyayinevi.com.tr\/index.php\/wp-json\/wp\/v2\/types\/product"}],"wp:attachment":[{"href":"https:\/\/roveyayinevi.com.tr\/index.php\/wp-json\/wp\/v2\/media?parent=735847"}],"wp:term":[{"taxonomy":"product_brand","embeddable":true,"href":"https:\/\/roveyayinevi.com.tr\/index.php\/wp-json\/wp\/v2\/product_brand?post=735847"},{"taxonomy":"product_cat","embeddable":true,"href":"https:\/\/roveyayinevi.com.tr\/index.php\/wp-json\/wp\/v2\/product_cat?post=735847"},{"taxonomy":"product_tag","embeddable":true,"href":"https:\/\/roveyayinevi.com.tr\/index.php\/wp-json\/wp\/v2\/product_tag?post=735847"}],"curies":[{"name":"wp","href":"https:\/\/api.w.org\/{rel}","templated":true}]}}