{"id":735842,"date":"2025-08-27T22:56:06","date_gmt":"2025-08-27T19:56:06","guid":{"rendered":"https:\/\/roveyayinevi.com.tr\/index.php\/urun\/kutup-yildizi-ciltli\/"},"modified":"2026-04-16T02:44:35","modified_gmt":"2026-04-15T23:44:35","slug":"kutup-yildizi-ciltli","status":"publish","type":"product","link":"https:\/\/roveyayinevi.com.tr\/index.php\/urun\/kutup-yildizi-ciltli\/","title":{"rendered":"Kutup Y\u0131ld\u0131z\u0131 (Ciltli)"},"content":{"rendered":"<p>Hayat\u0131n bir yolculuk oldu\u011fu s\u00f6ylenir, ki bu kesinlikle do\u011fru. Ama insan bazen hangi yolu izleyece\u011fini bilemez \u00e7\u00fcnk\u00fc tabelalar ayn\u0131 anda bir s\u00fcr\u00fc y\u00f6n\u00fc g\u00f6sterebilir.Okurlar \u00fczerinde b\u00fcy\u00fck bir etki b\u0131rakan Kutup Y\u0131ld\u0131z\u0131, d\u00fcnyan\u0131n her yan\u0131ndan insanlar\u0131 bir araya getirerek onuncu y\u0131l\u0131n\u0131 kutluyor. Kitap bir\u00e7ok s\u0131n\u0131f \u00e7al\u0131\u015fmas\u0131na, m\u00fczikale ve ba\u015fka binlerce yolculu\u011fa ilham oldu.Peter H. Reynolds bir kez daha okurlar\u0131 g\u00f6zlemlemeye, merak etmeye ve al\u0131\u015f\u0131lan yollardan sap\u0131p hayallerinin pe\u015finden gitmeye te\u015fvik ediyor; inan\u00e7la, cesaretle, azimle&#8230;<\/p>\n","protected":false},"excerpt":{"rendered":"<p>Hayat\u0131n bir yolculuk oldu\u011fu s\u00f6ylenir, ki bu kesinlikle do\u011fru. Ama insan bazen hangi yolu izleyece\u011fini bilemez \u00e7\u00fcnk\u00fc tabelalar ayn\u0131 anda bir s\u00fcr\u00fc y\u00f6n\u00fc g\u00f6sterebilir.Okurlar \u00fczerinde b\u00fcy\u00fck<span class=\"excerpt-hellip\"> [\u2026]<\/span><\/p>\n","protected":false},"featured_media":0,"template":"","meta":{"_monsterinsights_skip_tracking":false,"_monsterinsights_sitenote_active":false,"_monsterinsights_sitenote_note":"","_monsterinsights_sitenote_category":0},"product_brand":[],"product_cat":[12275,12274],"product_tag":[],"class_list":{"0":"post-735842","1":"product","2":"type-product","3":"status-publish","5":"product_cat-6-12-yas-kitaplari","6":"product_cat-cocuk-ve-genclik-kitaplari","7":"pa_cilt-ciltli","8":"pa_tur-kitap","9":"pa_yayinevi-altin-kitaplar-cocuk-kitaplari","10":"pa_yazar-peter-h-reynolds","12":"first","13":"instock","14":"sale","15":"shipping-taxable","16":"purchasable","17":"product-type-simple"},"_links":{"self":[{"href":"https:\/\/roveyayinevi.com.tr\/index.php\/wp-json\/wp\/v2\/product\/735842","targetHints":{"allow":["GET"]}}],"collection":[{"href":"https:\/\/roveyayinevi.com.tr\/index.php\/wp-json\/wp\/v2\/product"}],"about":[{"href":"https:\/\/roveyayinevi.com.tr\/index.php\/wp-json\/wp\/v2\/types\/product"}],"wp:attachment":[{"href":"https:\/\/roveyayinevi.com.tr\/index.php\/wp-json\/wp\/v2\/media?parent=735842"}],"wp:term":[{"taxonomy":"product_brand","embeddable":true,"href":"https:\/\/roveyayinevi.com.tr\/index.php\/wp-json\/wp\/v2\/product_brand?post=735842"},{"taxonomy":"product_cat","embeddable":true,"href":"https:\/\/roveyayinevi.com.tr\/index.php\/wp-json\/wp\/v2\/product_cat?post=735842"},{"taxonomy":"product_tag","embeddable":true,"href":"https:\/\/roveyayinevi.com.tr\/index.php\/wp-json\/wp\/v2\/product_tag?post=735842"}],"curies":[{"name":"wp","href":"https:\/\/api.w.org\/{rel}","templated":true}]}}