{"id":735838,"date":"2025-08-27T22:56:02","date_gmt":"2025-08-27T19:56:02","guid":{"rendered":"https:\/\/roveyayinevi.com.tr\/index.php\/urun\/kuantum-hesaplama-kurami\/"},"modified":"2026-04-16T02:44:04","modified_gmt":"2026-04-15T23:44:04","slug":"kuantum-hesaplama-kurami","status":"publish","type":"product","link":"https:\/\/roveyayinevi.com.tr\/index.php\/urun\/kuantum-hesaplama-kurami\/","title":{"rendered":"Kuantum Hesaplama Kuram\u0131"},"content":{"rendered":"<p>20\u2019nci y\u00fczy\u0131l\u0131n ba\u015flar\u0131nda geli\u015ftirilen kuantum mekani\u011fi, klasik fizi\u011fin bir\u00e7ok prensibini sorgulatm\u0131\u015f ve atom alt\u0131 d\u00fczeyde \u00e7ok ilgin\u00e7 tespitleri beraberinde getirmi\u015ftir. Kuantum fizi\u011finin prensiplerine dayanan yeni bir hesaplama olgusu geli\u015ftirilmi\u015f ve buna literat\u00fcrde kuantum hesaplama denmi\u015ftir. Kuantum Hesaplama Kuram\u0131 kitab\u0131nda, kuantum hesaplaman\u0131n ve kuantum bilgisayarlar\u0131n matematiksel kuram\u0131 anlat\u0131lm\u0131\u015ft\u0131r. Bu kitap en ba\u015fta bilgisayar m\u00fchendisli\u011fi b\u00f6l\u00fcm\u00fc lisans son s\u0131n\u0131fta okuyan ya da y\u00fcksek lisansa yeni ba\u015flam\u0131\u015f \u00f6\u011frenciler i\u00e7indir. Bilgisayar bilimleriyle ilgilenen matematik ve fizik b\u00f6l\u00fcm\u00fc \u00f6\u011frencileri, ayr\u0131ca bilgisayar sekt\u00f6r\u00fcnde \u00e7al\u0131\u015fan ara\u015ft\u0131rmac\u0131lar da bu kitaptan faydalanabilir. <\/p>\n","protected":false},"excerpt":{"rendered":"<p>20\u2019nci y\u00fczy\u0131l\u0131n ba\u015flar\u0131nda geli\u015ftirilen kuantum mekani\u011fi, klasik fizi\u011fin bir\u00e7ok prensibini sorgulatm\u0131\u015f ve atom alt\u0131 d\u00fczeyde \u00e7ok ilgin\u00e7 tespitleri beraberinde getirmi\u015ftir. Kuantum fizi\u011finin prensiplerine dayanan yeni bir<span class=\"excerpt-hellip\"> [\u2026]<\/span><\/p>\n","protected":false},"featured_media":0,"template":"","meta":{"_monsterinsights_skip_tracking":false,"_monsterinsights_sitenote_active":false,"_monsterinsights_sitenote_note":"","_monsterinsights_sitenote_category":0},"product_brand":[],"product_cat":[13005,16724],"product_tag":[],"class_list":{"0":"post-735838","1":"product","2":"type-product","3":"status-publish","5":"product_cat-bilim-muhendislik","6":"product_cat-matematik","7":"pa_cilt-ciltsiz","8":"pa_tur-kitap","9":"pa_yayinevi-odtu-akademik-kitaplar","10":"pa_yazar-ahmet-cevik","12":"first","13":"instock","14":"sale","15":"shipping-taxable","16":"purchasable","17":"product-type-simple"},"_links":{"self":[{"href":"https:\/\/roveyayinevi.com.tr\/index.php\/wp-json\/wp\/v2\/product\/735838","targetHints":{"allow":["GET"]}}],"collection":[{"href":"https:\/\/roveyayinevi.com.tr\/index.php\/wp-json\/wp\/v2\/product"}],"about":[{"href":"https:\/\/roveyayinevi.com.tr\/index.php\/wp-json\/wp\/v2\/types\/product"}],"wp:attachment":[{"href":"https:\/\/roveyayinevi.com.tr\/index.php\/wp-json\/wp\/v2\/media?parent=735838"}],"wp:term":[{"taxonomy":"product_brand","embeddable":true,"href":"https:\/\/roveyayinevi.com.tr\/index.php\/wp-json\/wp\/v2\/product_brand?post=735838"},{"taxonomy":"product_cat","embeddable":true,"href":"https:\/\/roveyayinevi.com.tr\/index.php\/wp-json\/wp\/v2\/product_cat?post=735838"},{"taxonomy":"product_tag","embeddable":true,"href":"https:\/\/roveyayinevi.com.tr\/index.php\/wp-json\/wp\/v2\/product_tag?post=735838"}],"curies":[{"name":"wp","href":"https:\/\/api.w.org\/{rel}","templated":true}]}}