{"id":735834,"date":"2025-08-27T22:55:58","date_gmt":"2025-08-27T19:55:58","guid":{"rendered":"https:\/\/roveyayinevi.com.tr\/index.php\/urun\/balaban-ile-sakrak\/"},"modified":"2026-04-16T02:44:03","modified_gmt":"2026-04-15T23:44:03","slug":"balaban-ile-sakrak","status":"publish","type":"product","link":"https:\/\/roveyayinevi.com.tr\/index.php\/urun\/balaban-ile-sakrak\/","title":{"rendered":"Balaban ile \u015eakrak"},"content":{"rendered":"<p>\u0130ki da\u011f\u0131n aras\u0131nda, bir deniz k\u0131y\u0131s\u0131nda, g\u00fczel mi g\u00fczel bir \u00fclke varm\u0131\u015f. Bu \u00fclkede, i\u015fini mutlulukla yapan Balaban ad\u0131nda bir de marangoz ya\u015farm\u0131\u015f. Balaban, son g\u00fcnlerde \u00e7ok mutsuzmu\u015f \u00e7\u00fcnk\u00fc i\u015fleri da\u011f gibi birikmi\u015f: Prensese bir yatak, \u015faire masa, padi\u015faha asa, soytar\u0131ya kay\u0131k&#8230; Ama Balaban\u2019\u0131n elinde bir par\u00e7a bile a\u011fa\u00e7 yokmu\u015f. A\u011fa\u00e7 kesmeye k\u0131yamayan Balaban, ne yapaca\u011f\u0131n\u0131 kara kara d\u00fc\u015f\u00fcnmeye ba\u015flam\u0131\u015f. Ve bir gece g\u00f6rd\u00fc\u011f\u00fc r\u00fcya sonras\u0131 orman\u0131n derinliklerine do\u011fru yola \u00e7\u0131km\u0131\u015f. Duymas\u0131n\u0131 bilenlere orman\u0131n anlatacak \u00e7ok \u015feyi varm\u0131\u015f. Arslan Sayman\u2019\u0131n \u00f6zg\u00fcn kalemi, Deniz \u00dc\u00e7ba\u015faran\u2019\u0131n e\u015fsiz resimleriyle orman\u0131n, ku\u015fun, a\u011fac\u0131n dilinden anlayan \u00e7a\u011fda\u015f bir masal.<\/p>\n","protected":false},"excerpt":{"rendered":"<p>\u0130ki da\u011f\u0131n aras\u0131nda, bir deniz k\u0131y\u0131s\u0131nda, g\u00fczel mi g\u00fczel bir \u00fclke varm\u0131\u015f. Bu \u00fclkede, i\u015fini mutlulukla yapan Balaban ad\u0131nda bir de marangoz ya\u015farm\u0131\u015f. Balaban, son g\u00fcnlerde<span class=\"excerpt-hellip\"> [\u2026]<\/span><\/p>\n","protected":false},"featured_media":0,"template":"","meta":{"_monsterinsights_skip_tracking":false,"_monsterinsights_sitenote_active":false,"_monsterinsights_sitenote_note":"","_monsterinsights_sitenote_category":0},"product_brand":[],"product_cat":[12275,12274],"product_tag":[],"class_list":{"0":"post-735834","1":"product","2":"type-product","3":"status-publish","5":"product_cat-6-12-yas-kitaplari","6":"product_cat-cocuk-ve-genclik-kitaplari","7":"pa_cilt-ciltsiz","8":"pa_tur-kitap","9":"pa_yayinevi-kirmizi-kedi-yayinevi","10":"pa_yazar-arslan-sayman-deniz-ucbasaran","12":"first","13":"instock","14":"sale","15":"shipping-taxable","16":"purchasable","17":"product-type-simple"},"_links":{"self":[{"href":"https:\/\/roveyayinevi.com.tr\/index.php\/wp-json\/wp\/v2\/product\/735834","targetHints":{"allow":["GET"]}}],"collection":[{"href":"https:\/\/roveyayinevi.com.tr\/index.php\/wp-json\/wp\/v2\/product"}],"about":[{"href":"https:\/\/roveyayinevi.com.tr\/index.php\/wp-json\/wp\/v2\/types\/product"}],"wp:attachment":[{"href":"https:\/\/roveyayinevi.com.tr\/index.php\/wp-json\/wp\/v2\/media?parent=735834"}],"wp:term":[{"taxonomy":"product_brand","embeddable":true,"href":"https:\/\/roveyayinevi.com.tr\/index.php\/wp-json\/wp\/v2\/product_brand?post=735834"},{"taxonomy":"product_cat","embeddable":true,"href":"https:\/\/roveyayinevi.com.tr\/index.php\/wp-json\/wp\/v2\/product_cat?post=735834"},{"taxonomy":"product_tag","embeddable":true,"href":"https:\/\/roveyayinevi.com.tr\/index.php\/wp-json\/wp\/v2\/product_tag?post=735834"}],"curies":[{"name":"wp","href":"https:\/\/api.w.org\/{rel}","templated":true}]}}