{"id":735819,"date":"2025-08-27T22:54:47","date_gmt":"2025-08-27T19:54:47","guid":{"rendered":"https:\/\/roveyayinevi.com.tr\/index.php\/urun\/saglik-4-0-dijital-saglik-hizmetleri-ve-musteri-memnuniyeti-yonetici-bakis-acisi\/"},"modified":"2026-04-16T02:44:03","modified_gmt":"2026-04-15T23:44:03","slug":"saglik-4-0-dijital-saglik-hizmetleri-ve-musteri-memnuniyeti-yonetici-bakis-acisi","status":"publish","type":"product","link":"https:\/\/roveyayinevi.com.tr\/index.php\/urun\/saglik-4-0-dijital-saglik-hizmetleri-ve-musteri-memnuniyeti-yonetici-bakis-acisi\/","title":{"rendered":"Sa\u011fl\u0131k 4.0 Dijital Sa\u011fl\u0131k Hizmetleri ve M\u00fc\u015fteri Memnuniyeti Y\u00f6netici Bak\u0131\u015f A\u00e7\u0131s\u0131"},"content":{"rendered":"<p>SA\u011eLIK 4. 0 KAVRAMI VE SA\u011eLIKTA D\u0130J\u0130TALLE\u015eME UYGULAMALARI1.1. Dijital Hastane, HIMSS ve EMRAM1.2. Sa\u011fl\u0131k 4. 0 \u00c7er\u00e7evesinde Dijital Uygulamalar2. SA\u011eLIK H\u0130ZMETLER\u0130 KAPSAMINDA D\u0130J\u0130TAL UYGULAMALAR2.1. Sa\u011fl\u0131\u011f\u0131 Geli\u015ftirici- Koruyucu Sa\u011fl\u0131k Hizmetleri ve Dijital Uygulamalar2.2. Tedavi Edici Sa\u011fl\u0131k Hizmetleri ve Dijital Uygulamalar2.3. Rehabilite Edici Sa\u011fl\u0131k Hizmetleri ve Dijital Uygulamalar3. SA\u011eLIK H\u0130ZMETLER\u0130NDE D\u0130J\u0130TALLE\u015eME ve M\u00dc\u015eTER\u0130 MEMNUN\u0130YET\u01304. Y\u00d6NTEM5. BULGULAR<\/p>\n","protected":false},"excerpt":{"rendered":"<p>SA\u011eLIK 4. 0 KAVRAMI VE SA\u011eLIKTA D\u0130J\u0130TALLE\u015eME UYGULAMALARI1.1. Dijital Hastane, HIMSS ve EMRAM1.2. Sa\u011fl\u0131k 4. 0 \u00c7er\u00e7evesinde Dijital Uygulamalar2. SA\u011eLIK H\u0130ZMETLER\u0130 KAPSAMINDA D\u0130J\u0130TAL UYGULAMALAR2.1. Sa\u011fl\u0131\u011f\u0131 Geli\u015ftirici-<span class=\"excerpt-hellip\"> [\u2026]<\/span><\/p>\n","protected":false},"featured_media":0,"template":"","meta":{"_monsterinsights_skip_tracking":false,"_monsterinsights_sitenote_active":false,"_monsterinsights_sitenote_note":"","_monsterinsights_sitenote_category":0},"product_brand":[],"product_cat":[13005,40995],"product_tag":[],"class_list":{"0":"post-735819","1":"product","2":"type-product","3":"status-publish","5":"product_cat-bilim-muhendislik","6":"product_cat-sosyal-bilimler","7":"pa_cilt-ciltsiz","8":"pa_tur-kitap","9":"pa_yayinevi-gazi-kitabevi","10":"pa_yazar-gazi-kitabevi-kolektif","12":"first","13":"instock","14":"sale","15":"shipping-taxable","16":"purchasable","17":"product-type-simple"},"_links":{"self":[{"href":"https:\/\/roveyayinevi.com.tr\/index.php\/wp-json\/wp\/v2\/product\/735819","targetHints":{"allow":["GET"]}}],"collection":[{"href":"https:\/\/roveyayinevi.com.tr\/index.php\/wp-json\/wp\/v2\/product"}],"about":[{"href":"https:\/\/roveyayinevi.com.tr\/index.php\/wp-json\/wp\/v2\/types\/product"}],"wp:attachment":[{"href":"https:\/\/roveyayinevi.com.tr\/index.php\/wp-json\/wp\/v2\/media?parent=735819"}],"wp:term":[{"taxonomy":"product_brand","embeddable":true,"href":"https:\/\/roveyayinevi.com.tr\/index.php\/wp-json\/wp\/v2\/product_brand?post=735819"},{"taxonomy":"product_cat","embeddable":true,"href":"https:\/\/roveyayinevi.com.tr\/index.php\/wp-json\/wp\/v2\/product_cat?post=735819"},{"taxonomy":"product_tag","embeddable":true,"href":"https:\/\/roveyayinevi.com.tr\/index.php\/wp-json\/wp\/v2\/product_tag?post=735819"}],"curies":[{"name":"wp","href":"https:\/\/api.w.org\/{rel}","templated":true}]}}