{"id":735818,"date":"2025-08-27T22:54:46","date_gmt":"2025-08-27T19:54:46","guid":{"rendered":"https:\/\/roveyayinevi.com.tr\/index.php\/urun\/turk-sanatinin-buyuk-ustalari-2-suleyman-seyyid\/"},"modified":"2026-03-12T02:54:41","modified_gmt":"2026-03-11T23:54:41","slug":"turk-sanatinin-buyuk-ustalari-2-suleyman-seyyid","status":"publish","type":"product","link":"https:\/\/roveyayinevi.com.tr\/index.php\/urun\/turk-sanatinin-buyuk-ustalari-2-suleyman-seyyid\/","title":{"rendered":"T\u00fcrk Sanat\u0131n\u0131n B\u00fcy\u00fck Ustalar\u0131 2 &#8211; S\u00fcleyman Seyyid"},"content":{"rendered":"<p>T\u00fcrk resim sanat\u0131ndan bahsedildi\u011finde ba\u015flang\u0131\u00e7 noktas\u0131 olarak referans al\u0131nan Asker Ressamlar Ku\u015fa\u011f\u0131\u2019n\u0131n \u00f6nemli temsilcilerinden biri olan S\u00fcleyman Seyyid, hak etti\u011fi ilginin pek az\u0131n\u0131 g\u00f6rm\u00fc\u015ft\u00fc. Ger\u00e7ek\u00e7i bir teknik uygulasa da \u00f6zg\u00fcn bir tarz geli\u015ftiren S\u00fcleyman Seyyid do\u011frucu, ciddi, vakur ve neredeyse dikba\u015fl\u0131 ki\u015fili\u011fiyle pek \u00e7ok dost ve d\u00fc\u015fman edinmi\u015fti. Perspektif \u00e7al\u0131\u015fmalar\u0131na \u00f6zel bir ilgi duyuyor, bu konuda ara\u015ft\u0131rmalar yap\u0131yordu.   Nat\u00fcrmortlar\u0131 ve manzaralar\u0131yla tan\u0131nan S\u00fcleyman Seyyid, Osmanl\u0131 \u0130mparatorlu\u011fu\u2019nu Paris\u2019te temsil eden ressamlar aras\u0131ndayd\u0131. Paris G\u00fczel Sanatlar Okulu\u2019nda akademik e\u011fitim alan Seyyid, iyi bir \u00f6\u011frenci ve ressam oldu\u011fu kadar ba\u015far\u0131l\u0131 bir askerdi.   Hayalperest Yay\u0131nevi\u2019nin \u201cT\u00fcrk Sanat\u0131n\u0131n B\u00fcy\u00fck Ustalar\u0131\u201d ba\u015fl\u0131kl\u0131 serisinin ikinci kitab\u0131 S\u00fcleyman Seyyid\u2019in ya\u015fam\u0131n\u0131 ve eserlerini bir b\u00fct\u00fcn olarak ele al\u0131yor. T\u00fcrk resim sanat\u0131na ilgi duyan okurlara, mezar ta\u015f\u0131n\u0131 Osmanl\u0131 Ressamlar Cemiyeti\u2019nin tasarlad\u0131\u011f\u0131 S\u00fcleyman Seyyid\u2019in eserleri hakk\u0131nda kapsaml\u0131 bilgi veriliyor ve ressam\u0131n sanat anlay\u0131\u015f\u0131 a\u00e7\u0131klan\u0131yor. Kitap, on dokuzuncu y\u00fczy\u0131l T\u00fcrk sanat\u0131n\u0131n geli\u015fim ve ilerleme \u00e7izgisinde S\u00fcleyman Seyyid\u2019in yerini merak eden okura bu yolda e\u015flik ediyor. <\/p>\n","protected":false},"excerpt":{"rendered":"<p>T\u00fcrk resim sanat\u0131ndan bahsedildi\u011finde ba\u015flang\u0131\u00e7 noktas\u0131 olarak referans al\u0131nan Asker Ressamlar Ku\u015fa\u011f\u0131\u2019n\u0131n \u00f6nemli temsilcilerinden biri olan S\u00fcleyman Seyyid, hak etti\u011fi ilginin pek az\u0131n\u0131 g\u00f6rm\u00fc\u015ft\u00fc. Ger\u00e7ek\u00e7i bir<span class=\"excerpt-hellip\"> [\u2026]<\/span><\/p>\n","protected":false},"featured_media":0,"template":"","meta":{"_monsterinsights_skip_tracking":false,"_monsterinsights_sitenote_active":false,"_monsterinsights_sitenote_note":"","_monsterinsights_sitenote_category":0},"product_brand":[],"product_cat":[44608,12408],"product_tag":[],"class_list":{"0":"post-735818","1":"product","2":"type-product","3":"status-publish","5":"product_cat-diger-sanat","6":"product_cat-sanat","7":"pa_cilt-ciltsiz","8":"pa_tur-kitap","9":"pa_yayinevi-hayalperest-yayinlari","10":"pa_yazar-nilufer-ondin","12":"first","13":"instock","14":"sale","15":"shipping-taxable","16":"purchasable","17":"product-type-simple"},"_links":{"self":[{"href":"https:\/\/roveyayinevi.com.tr\/index.php\/wp-json\/wp\/v2\/product\/735818","targetHints":{"allow":["GET"]}}],"collection":[{"href":"https:\/\/roveyayinevi.com.tr\/index.php\/wp-json\/wp\/v2\/product"}],"about":[{"href":"https:\/\/roveyayinevi.com.tr\/index.php\/wp-json\/wp\/v2\/types\/product"}],"wp:attachment":[{"href":"https:\/\/roveyayinevi.com.tr\/index.php\/wp-json\/wp\/v2\/media?parent=735818"}],"wp:term":[{"taxonomy":"product_brand","embeddable":true,"href":"https:\/\/roveyayinevi.com.tr\/index.php\/wp-json\/wp\/v2\/product_brand?post=735818"},{"taxonomy":"product_cat","embeddable":true,"href":"https:\/\/roveyayinevi.com.tr\/index.php\/wp-json\/wp\/v2\/product_cat?post=735818"},{"taxonomy":"product_tag","embeddable":true,"href":"https:\/\/roveyayinevi.com.tr\/index.php\/wp-json\/wp\/v2\/product_tag?post=735818"}],"curies":[{"name":"wp","href":"https:\/\/api.w.org\/{rel}","templated":true}]}}