{"id":735807,"date":"2025-08-27T22:54:35","date_gmt":"2025-08-27T19:54:35","guid":{"rendered":"https:\/\/roveyayinevi.com.tr\/index.php\/urun\/piranesinin-karanlik-zihni\/"},"modified":"2026-04-16T02:44:02","modified_gmt":"2026-04-15T23:44:02","slug":"piranesinin-karanlik-zihni","status":"publish","type":"product","link":"https:\/\/roveyayinevi.com.tr\/index.php\/urun\/piranesinin-karanlik-zihni\/","title":{"rendered":"Piranesi\u2019nin Karanl\u0131k Zihni"},"content":{"rendered":"<p>Roma Manzaralar\u0131, Antik Roma Eserleri ve D\u00fc\u015fsel Hapishaneler Venedikli mimar ve grav\u00fcr sanat\u00e7\u0131s\u0131 Giovanni Battista Piranesi\u2019nin (1720-1778) sanat tarihine damgas\u0131n\u0131 vuran \u00fc\u00e7 ayr\u0131 grav\u00fcr dizisi. Piranesi\u2019nin Karanl\u0131k Zihni d\u00fcnya edebiyat\u0131n\u0131n k\u00f6\u015fe ta\u015flar\u0131ndan Marguerite Yourcenar\u2019\u0131n bu \u201cbarok deha\u201dn\u0131n eserlerine ve zihin d\u00fcnyas\u0131na dair derinlikli analizi. Victor Hugo\u2019dan Coleridge\u2019e, kendisinden sonraki edebiyat ve sanat d\u00fcnyas\u0131n\u0131 derinden etkileyen Piranesi, Yourcenar\u2019a g\u00f6re, \u00f6zellikle Roma\u2019n\u0131n antik\u00e7a\u011f eserlerini kendisinden sonrakilerin imgelemine yerle\u015ftirmi\u015f ki\u015fidir. Hapishaneler dizisindeyse \u015fatafatl\u0131 mimari fantazmalar i\u00e7ine yerle\u015ftirdi\u011fi insanc\u0131klarla kasvetli bir deh\u015fet duygusu yarat\u0131r. Roma\u2019n\u0131n antik harabeleri aras\u0131nda, saplant\u0131l\u0131 bir dehan\u0131n g\u00f6rsel ve metafizik d\u00fcnyas\u0131n\u0131n izinde, Yourcenar\u2019\u0131n rehberli\u011finde bir yolculuk. Enis Batur\u2019un \u201cCarceri, Piranesi\u2019nin Kurmaca Hapisaneleri\u201d yaz\u0131s\u0131yla birlikte\u2026   \u201cBarok \u00e7a\u011f\u0131n bir sanat\u00e7\u0131s\u0131 postromantik \u00e7a\u011f\u0131n bir \u015fairiyle k\u0131yaslanabilseydi, gen\u00e7 Piranesi\u2019nin Carceri\u2019si, daha sonra yazmaktan vazge\u00e7meyecek bir Rimbaud\u2019nun Illuminations\u2019una denk g\u00f6r\u00fclebilirdi. Belki de onun Cehennemde Bir Mevsim\u2019i oldu bu yap\u0131t\u0131.\u201d <\/p>\n","protected":false},"excerpt":{"rendered":"<p>Roma Manzaralar\u0131, Antik Roma Eserleri ve D\u00fc\u015fsel Hapishaneler Venedikli mimar ve grav\u00fcr sanat\u00e7\u0131s\u0131 Giovanni Battista Piranesi\u2019nin (1720-1778) sanat tarihine damgas\u0131n\u0131 vuran \u00fc\u00e7 ayr\u0131 grav\u00fcr dizisi. Piranesi\u2019nin<span class=\"excerpt-hellip\"> [\u2026]<\/span><\/p>\n","protected":false},"featured_media":0,"template":"","meta":{"_monsterinsights_skip_tracking":false,"_monsterinsights_sitenote_active":false,"_monsterinsights_sitenote_note":"","_monsterinsights_sitenote_category":0},"product_brand":[],"product_cat":[44608,12408],"product_tag":[],"class_list":{"0":"post-735807","1":"product","2":"type-product","3":"status-publish","5":"product_cat-diger-sanat","6":"product_cat-sanat","7":"pa_cilt-ciltsiz","8":"pa_tur-kitap","9":"pa_yayinevi-kirmizi-kedi-yayinevi","10":"pa_yazar-marguerite-yourcenar","12":"first","13":"instock","14":"sale","15":"shipping-taxable","16":"purchasable","17":"product-type-simple"},"_links":{"self":[{"href":"https:\/\/roveyayinevi.com.tr\/index.php\/wp-json\/wp\/v2\/product\/735807","targetHints":{"allow":["GET"]}}],"collection":[{"href":"https:\/\/roveyayinevi.com.tr\/index.php\/wp-json\/wp\/v2\/product"}],"about":[{"href":"https:\/\/roveyayinevi.com.tr\/index.php\/wp-json\/wp\/v2\/types\/product"}],"wp:attachment":[{"href":"https:\/\/roveyayinevi.com.tr\/index.php\/wp-json\/wp\/v2\/media?parent=735807"}],"wp:term":[{"taxonomy":"product_brand","embeddable":true,"href":"https:\/\/roveyayinevi.com.tr\/index.php\/wp-json\/wp\/v2\/product_brand?post=735807"},{"taxonomy":"product_cat","embeddable":true,"href":"https:\/\/roveyayinevi.com.tr\/index.php\/wp-json\/wp\/v2\/product_cat?post=735807"},{"taxonomy":"product_tag","embeddable":true,"href":"https:\/\/roveyayinevi.com.tr\/index.php\/wp-json\/wp\/v2\/product_tag?post=735807"}],"curies":[{"name":"wp","href":"https:\/\/api.w.org\/{rel}","templated":true}]}}