{"id":735793,"date":"2025-08-27T22:54:17","date_gmt":"2025-08-27T19:54:17","guid":{"rendered":"https:\/\/roveyayinevi.com.tr\/index.php\/urun\/hizli-okuyan-kurtcuk-etkinlik-pesinde\/"},"modified":"2026-04-16T02:44:02","modified_gmt":"2026-04-15T23:44:02","slug":"hizli-okuyan-kurtcuk-etkinlik-pesinde","status":"publish","type":"product","link":"https:\/\/roveyayinevi.com.tr\/index.php\/urun\/hizli-okuyan-kurtcuk-etkinlik-pesinde\/","title":{"rendered":"H\u0131zl\u0131 Okuyan Kurt\u00e7uk &#8211; Etkinlik Pe\u015finde"},"content":{"rendered":"<p>S\u00fcper kahraman olmak san\u0131ld\u0131\u011f\u0131 kadar zor de\u011fil!Minik kurt\u00e7u\u011fumuz HOK bunu \u00e7oktan ke\u015ffetti.Sihirli g\u00fc\u00e7leriyle etkiledi\u011fi Ali, hi\u00e7 sevmeyece\u011fini sand\u0131\u011f\u0131 kitap okumay\u0131 bile sevdi. Bu sevimli ikili \u015fimdi Etkinlik Pe\u015finde! \u00dcstelik bu sefer yaln\u0131z da de\u011filler.Ba\u015fka kimler mi var?Kim bilir\u2026 Belki sizler de onlar\u0131n yan\u0131ndas\u0131n\u0131z! Etkinliklerde onlara e\u015flik ederseniz hepiniz bu maceraya ortak olacaks\u0131n\u0131z.<\/p>\n","protected":false},"excerpt":{"rendered":"<p>S\u00fcper kahraman olmak san\u0131ld\u0131\u011f\u0131 kadar zor de\u011fil!Minik kurt\u00e7u\u011fumuz HOK bunu \u00e7oktan ke\u015ffetti.Sihirli g\u00fc\u00e7leriyle etkiledi\u011fi Ali, hi\u00e7 sevmeyece\u011fini sand\u0131\u011f\u0131 kitap okumay\u0131 bile sevdi. Bu sevimli ikili \u015fimdi<span class=\"excerpt-hellip\"> [\u2026]<\/span><\/p>\n","protected":false},"featured_media":0,"template":"","meta":{"_monsterinsights_skip_tracking":false,"_monsterinsights_sitenote_active":false,"_monsterinsights_sitenote_note":"","_monsterinsights_sitenote_category":0},"product_brand":[],"product_cat":[12275,12274],"product_tag":[],"class_list":{"0":"post-735793","1":"product","2":"type-product","3":"status-publish","5":"product_cat-6-12-yas-kitaplari","6":"product_cat-cocuk-ve-genclik-kitaplari","7":"pa_cilt-ciltsiz","8":"pa_tur-kitap","9":"pa_yayinevi-epsilon-ozel-urun","10":"pa_yazar-betul-ilter","12":"first","13":"instock","14":"sale","15":"shipping-taxable","16":"purchasable","17":"product-type-simple"},"_links":{"self":[{"href":"https:\/\/roveyayinevi.com.tr\/index.php\/wp-json\/wp\/v2\/product\/735793","targetHints":{"allow":["GET"]}}],"collection":[{"href":"https:\/\/roveyayinevi.com.tr\/index.php\/wp-json\/wp\/v2\/product"}],"about":[{"href":"https:\/\/roveyayinevi.com.tr\/index.php\/wp-json\/wp\/v2\/types\/product"}],"wp:attachment":[{"href":"https:\/\/roveyayinevi.com.tr\/index.php\/wp-json\/wp\/v2\/media?parent=735793"}],"wp:term":[{"taxonomy":"product_brand","embeddable":true,"href":"https:\/\/roveyayinevi.com.tr\/index.php\/wp-json\/wp\/v2\/product_brand?post=735793"},{"taxonomy":"product_cat","embeddable":true,"href":"https:\/\/roveyayinevi.com.tr\/index.php\/wp-json\/wp\/v2\/product_cat?post=735793"},{"taxonomy":"product_tag","embeddable":true,"href":"https:\/\/roveyayinevi.com.tr\/index.php\/wp-json\/wp\/v2\/product_tag?post=735793"}],"curies":[{"name":"wp","href":"https:\/\/api.w.org\/{rel}","templated":true}]}}