{"id":735789,"date":"2025-08-27T22:54:13","date_gmt":"2025-08-27T19:54:13","guid":{"rendered":"https:\/\/roveyayinevi.com.tr\/index.php\/urun\/ben-tekilligi-uzerine\/"},"modified":"2026-04-16T02:44:02","modified_gmt":"2026-04-15T23:44:02","slug":"ben-tekilligi-uzerine","status":"publish","type":"product","link":"https:\/\/roveyayinevi.com.tr\/index.php\/urun\/ben-tekilligi-uzerine\/","title":{"rendered":"Ben Tekilli\u011fi \u00dczerine"},"content":{"rendered":"<p>\u0130nsan beyninin i\u00e7inde t\u0131pk\u0131 bir makine gibi i\u015fleyen bili\u015fsel bir s\u00fcrecin varl\u0131\u011f\u0131 anla\u015f\u0131labilir, kabul edilebilir bir durumdur. Anla\u015f\u0131lmas\u0131 ve hatta kabul edilmesi olanaks\u0131z olan ise BEN&#8217;dir, ruh kavram\u0131ndan farkl\u0131 olarak. Ruh ve BEN ayn\u0131 \u015fey de\u011fil, iki ayr\u0131 \u015feydir. D\u00fcnyada pek \u00e7ok ruh olabilir ama sadece TEK bir BEN vard\u0131r. O da benim BEN&#8217;imdir. Bu molek\u00fcller bu bedende bir araya gelip kimyevi bir tepkimeye girdiler, diye bunun i\u00e7inde BEN&#8217;in (ya da bir ba\u015fka deyi\u015fle, BEN&#8217;imin) ortaya \u00e7\u0131kmas\u0131 bilimsel bir a\u00e7\u0131klaman\u0131n \u00e7ok \u00f6tesinde kalmaya tabiat\u0131 itibariyle mahkumdur, mahkum kalacakt\u0131r. Bu olgunun bilimsel hi\u00e7 bir a\u00e7\u0131klamas\u0131 yoktur, olamaz. BEN bu bedenin i\u00e7inde yapayaln\u0131zd\u0131r ve hep yapayaln\u0131z kalacakt\u0131r. <\/p>\n","protected":false},"excerpt":{"rendered":"<p>\u0130nsan beyninin i\u00e7inde t\u0131pk\u0131 bir makine gibi i\u015fleyen bili\u015fsel bir s\u00fcrecin varl\u0131\u011f\u0131 anla\u015f\u0131labilir, kabul edilebilir bir durumdur. Anla\u015f\u0131lmas\u0131 ve hatta kabul edilmesi olanaks\u0131z olan ise BEN&#8217;dir,<span class=\"excerpt-hellip\"> [\u2026]<\/span><\/p>\n","protected":false},"featured_media":0,"template":"","meta":{"_monsterinsights_skip_tracking":false,"_monsterinsights_sitenote_active":false,"_monsterinsights_sitenote_note":"","_monsterinsights_sitenote_category":0},"product_brand":[],"product_cat":[20351,12388],"product_tag":[],"class_list":{"0":"post-735789","1":"product","2":"type-product","3":"status-publish","5":"product_cat-dusunce","6":"product_cat-felsefe","7":"pa_cilt-ciltsiz","8":"pa_tur-kitap","9":"pa_yayinevi-sinirsiz-kitap","10":"pa_yazar-ulas-inac","12":"first","13":"instock","14":"sale","15":"shipping-taxable","16":"purchasable","17":"product-type-simple"},"_links":{"self":[{"href":"https:\/\/roveyayinevi.com.tr\/index.php\/wp-json\/wp\/v2\/product\/735789","targetHints":{"allow":["GET"]}}],"collection":[{"href":"https:\/\/roveyayinevi.com.tr\/index.php\/wp-json\/wp\/v2\/product"}],"about":[{"href":"https:\/\/roveyayinevi.com.tr\/index.php\/wp-json\/wp\/v2\/types\/product"}],"wp:attachment":[{"href":"https:\/\/roveyayinevi.com.tr\/index.php\/wp-json\/wp\/v2\/media?parent=735789"}],"wp:term":[{"taxonomy":"product_brand","embeddable":true,"href":"https:\/\/roveyayinevi.com.tr\/index.php\/wp-json\/wp\/v2\/product_brand?post=735789"},{"taxonomy":"product_cat","embeddable":true,"href":"https:\/\/roveyayinevi.com.tr\/index.php\/wp-json\/wp\/v2\/product_cat?post=735789"},{"taxonomy":"product_tag","embeddable":true,"href":"https:\/\/roveyayinevi.com.tr\/index.php\/wp-json\/wp\/v2\/product_tag?post=735789"}],"curies":[{"name":"wp","href":"https:\/\/api.w.org\/{rel}","templated":true}]}}