{"id":735784,"date":"2025-08-27T22:54:07","date_gmt":"2025-08-27T19:54:07","guid":{"rendered":"https:\/\/roveyayinevi.com.tr\/index.php\/urun\/berlinde-hakimler-var\/"},"modified":"2025-10-01T19:14:07","modified_gmt":"2025-10-01T16:14:07","slug":"berlinde-hakimler-var","status":"publish","type":"product","link":"https:\/\/roveyayinevi.com.tr\/index.php\/urun\/berlinde-hakimler-var\/","title":{"rendered":"Berlin&#8217;de Hakimler Var"},"content":{"rendered":"<p>\u201cBelki de birlikte ya\u015famay\u0131 becerip ucuz siyasi kavgalardan kurtuldu\u011fumuzda; insanlara ne d\u00fc\u015f\u00fcnd\u00fc\u011f\u00fc, ne yedi\u011fi, ne i\u00e7ti\u011fi, neye ne \u015fekilde inand\u0131\u011f\u0131, hangi millete mensup oldu\u011fu gibi ucuz ve bayat perdelerden de\u011fil, sadece insan olduklar\u0131 ve sadece insanca ya\u015famak istedikleri i\u00e7in sayg\u0131 g\u00f6sterdi\u011fimizde adil olma yolunda ilk ad\u0131m\u0131 atm\u0131\u015f olaca\u011f\u0131z toplumca. Sadece insan de\u011fil tabii ki. Do\u011fadaki t\u00fcm canl\u0131lara, ya\u015fayan t\u00fcm organizmaya sayg\u0131 duymaya mecburuz. \u00c7\u00fcnk\u00fc biz birlikte b\u00fct\u00fcn\u00fcz. Sokakta apartman\u0131m\u0131z\u0131n \u00f6n\u00fcnde bekleyen beyaz renkli kedi M\u0131rm\u0131r ya da hemen ilerdeki seyyar kokore\u00e7\u00e7inin g\u00f6z\u00fcn\u00fcn i\u00e7ine bakan mahallemizin k\u00f6pe\u011fi Limon ve daha nicelerine; bah\u00e7emizdeki \u0131hlamur a\u011fac\u0131na ve nefes alan di\u011fer her \u015feye sayg\u0131 duymaya ba\u015flad\u0131\u011f\u0131m\u0131zda, bizlerin oldu\u011fu kadar onlar\u0131n da bu d\u00fcnyada \u00f6zg\u00fcr, mutlu ve huzurla ya\u015famaya haklar\u0131 oldu\u011funu beyinlerimize kaz\u0131d\u0131\u011f\u0131m\u0131z vakit S\u00fcmerlerin UTU\u2019su, Eski Roma\u2019n\u0131n JUSTITIA\u2019s\u0131 ve Eski Yunan\u2019\u0131n THEM\u0130S\u2019i her birimize hafif bir tebess\u00fcmle bakacak yukar\u0131dan bir yerden, i\u015fte o zaman adalet ad\u0131na kutsanm\u0131\u015f olacak insanl\u0131k!&#8221; G\u00f6z\u00fcm\u00fczle g\u00f6rd\u00fc\u011f\u00fcm\u00fcz\u00fcn \u00f6tesinde de \u0131\u015f\u0131k oldu\u011funu unutmayal\u0131m yeter ki ve adalete ula\u015fman\u0131n asla m\u00fcmk\u00fcn olmayaca\u011f\u0131n\u0131n bilincinde hareket edelim. \u00c7\u00fcnk\u00fc &#8220;&#8216;Ger\u00e7ek adalete ula\u015fma&#8217; denilen \u015fey m\u00fcmk\u00fcn m\u00fc bilmiyorum, ancak insanl\u0131\u011f\u0131n bu duyguyu asla tadamayaca\u011f\u0131n\u0131n kesin oldu\u011funu s\u00f6yleyebilirim.\u201d diyor Ertuna Kara. Ne hakl\u0131, ne i\u00e7ten bir s\u00f6yleyi\u015f de\u011fil mi? Hemen hepimizin d\u00fc\u015fledi\u011fi, fakat kolektif bazda hi\u00e7 ger\u00e7ekle\u015ftiremedi\u011fi \u00fctopyas\u0131 gibi\u2026 Ertuna Kara, bu \u00e7al\u0131\u015fmas\u0131nda adalete, insanl\u0131\u011fa, ya\u015fama, ya\u015famaya ve t\u00fcm bunlar\u0131 bir di\u011ferinin \u00f6zg\u00fcrl\u00fcklerini k\u0131s\u0131tlamadan yapmaya dair nokta at\u0131\u015f\u0131 tespitler yap\u0131p di\u011fer yandan bunlar\u0131n nas\u0131l ger\u00e7ekle\u015ftirilebilece\u011fine dair somut \u00e7\u00f6z\u00fcm \u00f6nerileri ortaya koyuyor. Kara\u2019n\u0131n \u00f6\u011frencilik y\u0131llar\u0131nda kaleme ald\u0131\u011f\u0131 yaz\u0131lar\u0131ndan olu\u015fan bu eserin i\u00e7inde kendi bak\u0131\u015f a\u00e7\u0131n\u0131za dair bir\u00e7ok noktay\u0131 bulacak ve belki de adalete, hakka ve hakkaniyet kavramlar\u0131na hi\u00e7 fark etmedi\u011finiz y\u00f6nlerden bakacaks\u0131n\u0131z. <\/p>\n","protected":false},"excerpt":{"rendered":"<p>\u201cBelki de birlikte ya\u015famay\u0131 becerip ucuz siyasi kavgalardan kurtuldu\u011fumuzda; insanlara ne d\u00fc\u015f\u00fcnd\u00fc\u011f\u00fc, ne yedi\u011fi, ne i\u00e7ti\u011fi, neye ne \u015fekilde inand\u0131\u011f\u0131, hangi millete mensup oldu\u011fu gibi ucuz<span class=\"excerpt-hellip\"> [\u2026]<\/span><\/p>\n","protected":false},"featured_media":0,"template":"","meta":{"_monsterinsights_skip_tracking":false,"_monsterinsights_sitenote_active":false,"_monsterinsights_sitenote_note":"","_monsterinsights_sitenote_category":0},"product_brand":[],"product_cat":[12777,12291],"product_tag":[],"class_list":{"0":"post-735784","1":"product","2":"type-product","3":"status-publish","5":"product_cat-deneme","6":"product_cat-edebiyat","7":"pa_cilt-ciltsiz","8":"pa_tur-kitap","9":"pa_yayinevi-karina-yayinevi","10":"pa_yazar-ertuna-kara","12":"first","13":"instock","14":"sale","15":"shipping-taxable","16":"purchasable","17":"product-type-simple"},"_links":{"self":[{"href":"https:\/\/roveyayinevi.com.tr\/index.php\/wp-json\/wp\/v2\/product\/735784","targetHints":{"allow":["GET"]}}],"collection":[{"href":"https:\/\/roveyayinevi.com.tr\/index.php\/wp-json\/wp\/v2\/product"}],"about":[{"href":"https:\/\/roveyayinevi.com.tr\/index.php\/wp-json\/wp\/v2\/types\/product"}],"wp:attachment":[{"href":"https:\/\/roveyayinevi.com.tr\/index.php\/wp-json\/wp\/v2\/media?parent=735784"}],"wp:term":[{"taxonomy":"product_brand","embeddable":true,"href":"https:\/\/roveyayinevi.com.tr\/index.php\/wp-json\/wp\/v2\/product_brand?post=735784"},{"taxonomy":"product_cat","embeddable":true,"href":"https:\/\/roveyayinevi.com.tr\/index.php\/wp-json\/wp\/v2\/product_cat?post=735784"},{"taxonomy":"product_tag","embeddable":true,"href":"https:\/\/roveyayinevi.com.tr\/index.php\/wp-json\/wp\/v2\/product_tag?post=735784"}],"curies":[{"name":"wp","href":"https:\/\/api.w.org\/{rel}","templated":true}]}}