{"id":735769,"date":"2025-08-27T22:53:50","date_gmt":"2025-08-27T19:53:50","guid":{"rendered":"https:\/\/roveyayinevi.com.tr\/index.php\/urun\/adim-yesil\/"},"modified":"2026-04-16T02:44:01","modified_gmt":"2026-04-15T23:44:01","slug":"adim-yesil","status":"publish","type":"product","link":"https:\/\/roveyayinevi.com.tr\/index.php\/urun\/adim-yesil\/","title":{"rendered":"Ad\u0131m Ye\u015fil"},"content":{"rendered":"<p>\u201cD\u00fcnlerim yok anne. Ninem yok.Mustafa yok, \u00d6mer yok, Reis yok, Erc\u00fcment yok..Ramazan Turhan \u00f6ld\u00fc. Remzi K\u00fct\u00fck\u00e7\u00fc \u00f6b\u00fcr tarafta. Hasan H\u00fcseyin Sanl\u0131\u2019n\u0131n ni\u015fanl\u0131s\u0131, \u015fimdi ba\u015fkas\u0131n\u0131n yavuklusu. Mustafa Pehlivano\u011flu\u2019nun mektubunu okudu\u011fu ni\u015fanl\u0131s\u0131 yitik&#8230;Nerede oldu\u011funu bilmemekteyim. Dursun \u00d6nkuzu\u2019yu unuttu \u00fclk\u00fcda\u015flar\u0131. Mamak Mahpushanesinde dayaktan \u00f6len Bekir Ba\u011f on yedisindeydi anne&#8230;On yedi ya\u015f\u0131nda, coplanarak \u00f6ld\u00fcr\u00fcld\u00fc. Duydun mu? Gece yar\u0131s\u0131 yata\u011f\u0131ndan kald\u0131r\u0131l\u0131pAnkara Ulucanlar Kapal\u0131 Cezaevi\u2019ne g\u00f6t\u00fcr\u00fclen Fikri\u2019yi, A. B\u00fclent\u2019i ben unutmasam da, hep birlikte unutuverdik anne&#8230;Unutmak iyidir, diyen psikiyatr\u0131n s\u00f6z\u00fc do\u011fru mu? Anne ne olur, elini aln\u0131mdan \u00e7ekme.Y\u00fcre\u011fini y\u00fcre\u011fime yasla, b\u0131rakma beni kahramanlar\u0131n yaln\u0131zl\u0131\u011f\u0131nda.\u201dAd\u0131m Ye\u015fil, bir yak\u0131n d\u00f6nem roman\u0131.\u0130bretle, heyecanla, h\u00fcz\u00fcnle, sars\u0131larak okuyacaks\u0131n\u0131z. <\/p>\n","protected":false},"excerpt":{"rendered":"<p>\u201cD\u00fcnlerim yok anne. Ninem yok.Mustafa yok, \u00d6mer yok, Reis yok, Erc\u00fcment yok..Ramazan Turhan \u00f6ld\u00fc. Remzi K\u00fct\u00fck\u00e7\u00fc \u00f6b\u00fcr tarafta. Hasan H\u00fcseyin Sanl\u0131\u2019n\u0131n ni\u015fanl\u0131s\u0131, \u015fimdi ba\u015fkas\u0131n\u0131n yavuklusu. Mustafa<span class=\"excerpt-hellip\"> [\u2026]<\/span><\/p>\n","protected":false},"featured_media":0,"template":"","meta":{"_monsterinsights_skip_tracking":false,"_monsterinsights_sitenote_active":false,"_monsterinsights_sitenote_note":"","_monsterinsights_sitenote_category":0},"product_brand":[],"product_cat":[13701,12291],"product_tag":[],"class_list":{"0":"post-735769","1":"product","2":"type-product","3":"status-publish","5":"product_cat-ani-mektup-gunluk","6":"product_cat-edebiyat","7":"pa_cilt-ciltsiz","8":"pa_tur-kitap","9":"pa_yayinevi-altinordu-yayinlari","10":"pa_yazar-remzi-cayir","12":"first","13":"instock","14":"sale","15":"shipping-taxable","16":"purchasable","17":"product-type-simple"},"_links":{"self":[{"href":"https:\/\/roveyayinevi.com.tr\/index.php\/wp-json\/wp\/v2\/product\/735769","targetHints":{"allow":["GET"]}}],"collection":[{"href":"https:\/\/roveyayinevi.com.tr\/index.php\/wp-json\/wp\/v2\/product"}],"about":[{"href":"https:\/\/roveyayinevi.com.tr\/index.php\/wp-json\/wp\/v2\/types\/product"}],"wp:attachment":[{"href":"https:\/\/roveyayinevi.com.tr\/index.php\/wp-json\/wp\/v2\/media?parent=735769"}],"wp:term":[{"taxonomy":"product_brand","embeddable":true,"href":"https:\/\/roveyayinevi.com.tr\/index.php\/wp-json\/wp\/v2\/product_brand?post=735769"},{"taxonomy":"product_cat","embeddable":true,"href":"https:\/\/roveyayinevi.com.tr\/index.php\/wp-json\/wp\/v2\/product_cat?post=735769"},{"taxonomy":"product_tag","embeddable":true,"href":"https:\/\/roveyayinevi.com.tr\/index.php\/wp-json\/wp\/v2\/product_tag?post=735769"}],"curies":[{"name":"wp","href":"https:\/\/api.w.org\/{rel}","templated":true}]}}