{"id":735752,"date":"2025-08-27T22:53:29","date_gmt":"2025-08-27T19:53:29","guid":{"rendered":"https:\/\/roveyayinevi.com.tr\/index.php\/urun\/didik-didik-freud\/"},"modified":"2026-04-16T02:44:00","modified_gmt":"2026-04-15T23:44:00","slug":"didik-didik-freud","status":"publish","type":"product","link":"https:\/\/roveyayinevi.com.tr\/index.php\/urun\/didik-didik-freud\/","title":{"rendered":"Didik Didik Freud"},"content":{"rendered":"<p>A\u00e7\u0131k Radyo\u2019nun 19. yay\u0131n d\u00f6neminde ger\u00e7ekle\u015fen Didik Didik Freud program\u0131nda Serol Teber ve \u015eenol Ayla, Teber\u2019in Bilimsel Bir Peri Masal\u0131: Freud\u2019un Aile ve Tarihsel Roman\u0131\u2019ndan yola \u00e7\u0131karak, Sigmund Freud\u2019un e\u015fsiz ya\u015fam\u00f6yk\u00fcs\u00fcn\u00fcn pe\u015fine d\u00fc\u015f\u00fcyor ve \u00e7a\u011fda\u015f\u0131 Tevfik Fikret\u2019le ortak melankolik d\u00fcnyalar\u0131n\u0131n eserlerine yans\u0131malar\u0131n\u0131 ele\u015ftirel\/alternatif tarih yaz\u0131m\u0131n\u0131n b\u00fcy\u00fcteci alt\u0131nda didikliyorlar.   Serol Teber, psikoloji, davran\u0131\u015f bilimi ve arkeoloji aras\u0131nda disiplinleraras\u0131 bir dil olu\u015fturarak antikiteden Orta\u00e7a\u011f\u2019a kadar hastal\u0131k, sapk\u0131nl\u0131k, g\u00fcnah kabul edilen melankoliyi ve bug\u00fcn bile \u00fcretim-t\u00fcketim d\u00fczeninin aksak par\u00e7as\u0131 say\u0131lan melankolik ki\u015fili\u011fi \u201catomize\u201d ederek, nevi \u015fahs\u0131na m\u00fcnhas\u0131r mizah duygusu ve ironisiyle arkeo-psikoloji alan\u0131n\u0131n ilk ve en \u00f6nemli yerli kaynaklar\u0131ndan bir tanesini arma\u011fan ediyor bizlere.   \u201cBize \u00f6\u011fretildi\u011fi gibi, d\u00fcnya ciddiye al\u0131nd\u0131\u011f\u0131 \u00f6l\u00e7\u00fcde g\u00fczelle\u015fmektedir. \u00dczerleri metafizik bulutlarla kapl\u0131 pek \u00e7ok \u015fey, \u015fimdi, bilimsel y\u00f6ntemin \u0131\u015f\u0131\u011f\u0131 alt\u0131nda a\u00e7\u0131k se\u00e7ik parlamaktad\u0131r. Olaylar\u0131n bu denli ger\u00e7ek\u00e7i g\u00f6r\u00fcn\u00fcm\u00fc bizlerde hi\u00e7 de d\u00fc\u015f k\u0131r\u0131kl\u0131\u011f\u0131 yaratm\u0131yor. Tersine, p\u0131r\u0131l p\u0131r\u0131l, yepyeni bir d\u00fcnyay\u0131 g\u00f6rmenin mutlulu\u011fu i\u00e7indeyiz\u2026\u201d   Serol Teber, \u201c\u00d6ns\u00f6z\u201d, Davran\u0131\u015flar\u0131m\u0131z\u0131n K\u00f6keni <\/p>\n","protected":false},"excerpt":{"rendered":"<p>A\u00e7\u0131k Radyo\u2019nun 19. yay\u0131n d\u00f6neminde ger\u00e7ekle\u015fen Didik Didik Freud program\u0131nda Serol Teber ve \u015eenol Ayla, Teber\u2019in Bilimsel Bir Peri Masal\u0131: Freud\u2019un Aile ve Tarihsel Roman\u0131\u2019ndan yola<span class=\"excerpt-hellip\"> [\u2026]<\/span><\/p>\n","protected":false},"featured_media":0,"template":"","meta":{"_monsterinsights_skip_tracking":false,"_monsterinsights_sitenote_active":false,"_monsterinsights_sitenote_note":"","_monsterinsights_sitenote_category":0},"product_brand":[],"product_cat":[12291,30969],"product_tag":[],"class_list":{"0":"post-735752","1":"product","2":"type-product","3":"status-publish","5":"product_cat-edebiyat","6":"product_cat-soylesi-edebiyat","7":"pa_cilt-ciltsiz","8":"pa_tur-kitap","9":"pa_yayinevi-can-yayinlari","10":"pa_yazar-serol-teber-senol-ayla","12":"first","13":"instock","14":"sale","15":"shipping-taxable","16":"purchasable","17":"product-type-simple"},"_links":{"self":[{"href":"https:\/\/roveyayinevi.com.tr\/index.php\/wp-json\/wp\/v2\/product\/735752","targetHints":{"allow":["GET"]}}],"collection":[{"href":"https:\/\/roveyayinevi.com.tr\/index.php\/wp-json\/wp\/v2\/product"}],"about":[{"href":"https:\/\/roveyayinevi.com.tr\/index.php\/wp-json\/wp\/v2\/types\/product"}],"wp:attachment":[{"href":"https:\/\/roveyayinevi.com.tr\/index.php\/wp-json\/wp\/v2\/media?parent=735752"}],"wp:term":[{"taxonomy":"product_brand","embeddable":true,"href":"https:\/\/roveyayinevi.com.tr\/index.php\/wp-json\/wp\/v2\/product_brand?post=735752"},{"taxonomy":"product_cat","embeddable":true,"href":"https:\/\/roveyayinevi.com.tr\/index.php\/wp-json\/wp\/v2\/product_cat?post=735752"},{"taxonomy":"product_tag","embeddable":true,"href":"https:\/\/roveyayinevi.com.tr\/index.php\/wp-json\/wp\/v2\/product_tag?post=735752"}],"curies":[{"name":"wp","href":"https:\/\/api.w.org\/{rel}","templated":true}]}}