{"id":735738,"date":"2025-08-27T22:53:14","date_gmt":"2025-08-27T19:53:14","guid":{"rendered":"https:\/\/roveyayinevi.com.tr\/index.php\/urun\/akilli-kaplan-yaz-sil-kalemli\/"},"modified":"2026-04-16T02:43:59","modified_gmt":"2026-04-15T23:43:59","slug":"akilli-kaplan-yaz-sil-kalemli","status":"publish","type":"product","link":"https:\/\/roveyayinevi.com.tr\/index.php\/urun\/akilli-kaplan-yaz-sil-kalemli\/","title":{"rendered":"Ak\u0131ll\u0131 Kaplan &#8211; Yaz Sil (Kalemli)"},"content":{"rendered":"<p>Evde, okulda, tatilde\u2026 K\u0131sacas\u0131 her yere g\u00f6t\u00fcrebilece\u011finiz \u015fahane bir kitap haz\u0131rlad\u0131k. \u201cYaz-Sil\u201d olarak adland\u0131rd\u0131\u011f\u0131m\u0131z bu etkinlikleri \u00e7ocuklar\u0131m\u0131z defalarca yapabilecek, e\u011flenerek \u00f6\u011frenmenin tad\u0131na varacaklar. Yeni Okul \u00d6ncesi Program\u0131na uygun olarak haz\u0131rlanan etkinlikleri, kalemle yeni tan\u0131\u015fan \u00e7ocuklar\u0131m\u0131z severek yapacaklar. Kalem ve \u00e7izgileri do\u011fru kullanmay\u0131 \u00f6\u011frenen okul \u00f6ncesi \u00e7a\u011f\u0131ndaki \u00e7ocuklar\u0131m\u0131z, ilkokul i\u00e7in gerekli olan temel becerileri kazanm\u0131\u015f olacaklar. Minik parmaklarla tan\u0131\u015faca\u011f\u0131m\u0131z i\u00e7in \u00e7ok heyecanl\u0131y\u0131z. Haydi yaz-sil etkinliklerle tan\u0131\u015fmak i\u00e7in acele et minik \u00f6\u011frenci\u2026 <\/p>\n","protected":false},"excerpt":{"rendered":"<p>Evde, okulda, tatilde\u2026 K\u0131sacas\u0131 her yere g\u00f6t\u00fcrebilece\u011finiz \u015fahane bir kitap haz\u0131rlad\u0131k. \u201cYaz-Sil\u201d olarak adland\u0131rd\u0131\u011f\u0131m\u0131z bu etkinlikleri \u00e7ocuklar\u0131m\u0131z defalarca yapabilecek, e\u011flenerek \u00f6\u011frenmenin tad\u0131na varacaklar. Yeni Okul \u00d6ncesi<span class=\"excerpt-hellip\"> [\u2026]<\/span><\/p>\n","protected":false},"featured_media":0,"template":"","meta":{"_monsterinsights_skip_tracking":false,"_monsterinsights_sitenote_active":false,"_monsterinsights_sitenote_note":"","_monsterinsights_sitenote_category":0},"product_brand":[],"product_cat":[12274,12518],"product_tag":[],"class_list":{"0":"post-735738","1":"product","2":"type-product","3":"status-publish","5":"product_cat-cocuk-ve-genclik-kitaplari","6":"product_cat-okul-oncesi-kitaplar","7":"pa_cilt-ciltsiz","8":"pa_tur-kitap","9":"pa_yayinevi-bicirik-yayinlari","10":"pa_yazar-bicirik-yayinlari-kolektif","12":"first","13":"instock","14":"sale","15":"shipping-taxable","16":"purchasable","17":"product-type-simple"},"_links":{"self":[{"href":"https:\/\/roveyayinevi.com.tr\/index.php\/wp-json\/wp\/v2\/product\/735738","targetHints":{"allow":["GET"]}}],"collection":[{"href":"https:\/\/roveyayinevi.com.tr\/index.php\/wp-json\/wp\/v2\/product"}],"about":[{"href":"https:\/\/roveyayinevi.com.tr\/index.php\/wp-json\/wp\/v2\/types\/product"}],"wp:attachment":[{"href":"https:\/\/roveyayinevi.com.tr\/index.php\/wp-json\/wp\/v2\/media?parent=735738"}],"wp:term":[{"taxonomy":"product_brand","embeddable":true,"href":"https:\/\/roveyayinevi.com.tr\/index.php\/wp-json\/wp\/v2\/product_brand?post=735738"},{"taxonomy":"product_cat","embeddable":true,"href":"https:\/\/roveyayinevi.com.tr\/index.php\/wp-json\/wp\/v2\/product_cat?post=735738"},{"taxonomy":"product_tag","embeddable":true,"href":"https:\/\/roveyayinevi.com.tr\/index.php\/wp-json\/wp\/v2\/product_tag?post=735738"}],"curies":[{"name":"wp","href":"https:\/\/api.w.org\/{rel}","templated":true}]}}