{"id":735737,"date":"2025-08-27T22:53:13","date_gmt":"2025-08-27T19:53:13","guid":{"rendered":"https:\/\/roveyayinevi.com.tr\/index.php\/urun\/seckin\/"},"modified":"2026-04-16T02:43:59","modified_gmt":"2026-04-15T23:43:59","slug":"seckin","status":"publish","type":"product","link":"https:\/\/roveyayinevi.com.tr\/index.php\/urun\/seckin\/","title":{"rendered":"Se\u00e7kin"},"content":{"rendered":"<p>Y\u00fcrekli, diren\u00e7li ve azimli&#8230;   Se\u00e7kin Selvi.   Bir yandan \u00e7eviri yaparken bir yandan fasulye ay\u0131klayan, ele\u015ftiri yaz\u0131s\u0131n\u0131 tamamlay\u0131p soban\u0131n ate\u015fini harlayan, \u00e7ocuklar\u0131n\u0131 b\u00fcy\u00fct\u00fcrken ya\u015fad\u0131\u011f\u0131 \u00fclkenin zihin d\u00fcnyas\u0131nda yeni pencereler a\u00e7an bir kad\u0131n&#8230;   Y\u00fczy\u0131ll\u0131k Yaln\u0131zl\u0131k gibi bir ba\u015fyap\u0131t\u0131, ba\u015fka bir \u00e7evirisi nedeniyle Sa\u011fmalc\u0131lar Cezaevi\u2019nde yatarken, ko\u011fu\u015fun ke\u015fmeke\u015fi i\u00e7inde, akl\u0131 d\u0131\u015far\u0131daki \u00e7ocuklar\u0131ndayken T\u00fcrk\u00e7eye kazand\u0131rm\u0131\u015f bir kad\u0131n&#8230;   Sevdiklerinin erken vedalar\u0131na, devletin hoyratl\u0131\u011f\u0131na, eme\u011finin kar\u015f\u0131l\u0131k bulmamas\u0131na ra\u011fmen dimdik ayakta durmaktan, \u00fcretmekten, ya\u015famdan zevk almaktan vazge\u00e7meyen bir kad\u0131n&#8230;   \u00dcretmekte direnen, teslim olmayan, yak\u0131n tarihin karanl\u0131k g\u00fcnlerinden nasibini fazlas\u0131yla alsa da ya\u015fam sevincini ve mizah duygusunu hi\u00e7 kaybetmeyen\u2026 Bilgisini payla\u015fmakta bonk\u00f6r, derdini payla\u015fmakta tutumlu&#8230;   \u0130\u015fte okuyaca\u011f\u0131n\u0131z b\u00f6yle bir ya\u015fam\u0131n hik\u00e2yesi\u2026 <\/p>\n","protected":false},"excerpt":{"rendered":"<p>Y\u00fcrekli, diren\u00e7li ve azimli&#8230; Se\u00e7kin Selvi. Bir yandan \u00e7eviri yaparken bir yandan fasulye ay\u0131klayan, ele\u015ftiri yaz\u0131s\u0131n\u0131 tamamlay\u0131p soban\u0131n ate\u015fini harlayan, \u00e7ocuklar\u0131n\u0131 b\u00fcy\u00fct\u00fcrken ya\u015fad\u0131\u011f\u0131 \u00fclkenin zihin d\u00fcnyas\u0131nda<span class=\"excerpt-hellip\"> [\u2026]<\/span><\/p>\n","protected":false},"featured_media":0,"template":"","meta":{"_monsterinsights_skip_tracking":false,"_monsterinsights_sitenote_active":false,"_monsterinsights_sitenote_note":"","_monsterinsights_sitenote_category":0},"product_brand":[],"product_cat":[14009,12291],"product_tag":[],"class_list":{"0":"post-735737","1":"product","2":"type-product","3":"status-publish","5":"product_cat-biyografi-otobiyografi-edebiyat","6":"product_cat-edebiyat","7":"pa_cilt-ciltsiz","8":"pa_tur-kitap","9":"pa_yayinevi-dogan-kitap","10":"pa_yazar-zeynep-mirac","12":"first","13":"instock","14":"sale","15":"shipping-taxable","16":"purchasable","17":"product-type-simple"},"_links":{"self":[{"href":"https:\/\/roveyayinevi.com.tr\/index.php\/wp-json\/wp\/v2\/product\/735737","targetHints":{"allow":["GET"]}}],"collection":[{"href":"https:\/\/roveyayinevi.com.tr\/index.php\/wp-json\/wp\/v2\/product"}],"about":[{"href":"https:\/\/roveyayinevi.com.tr\/index.php\/wp-json\/wp\/v2\/types\/product"}],"wp:attachment":[{"href":"https:\/\/roveyayinevi.com.tr\/index.php\/wp-json\/wp\/v2\/media?parent=735737"}],"wp:term":[{"taxonomy":"product_brand","embeddable":true,"href":"https:\/\/roveyayinevi.com.tr\/index.php\/wp-json\/wp\/v2\/product_brand?post=735737"},{"taxonomy":"product_cat","embeddable":true,"href":"https:\/\/roveyayinevi.com.tr\/index.php\/wp-json\/wp\/v2\/product_cat?post=735737"},{"taxonomy":"product_tag","embeddable":true,"href":"https:\/\/roveyayinevi.com.tr\/index.php\/wp-json\/wp\/v2\/product_tag?post=735737"}],"curies":[{"name":"wp","href":"https:\/\/api.w.org\/{rel}","templated":true}]}}