{"id":735736,"date":"2025-08-27T22:53:12","date_gmt":"2025-08-27T19:53:12","guid":{"rendered":"https:\/\/roveyayinevi.com.tr\/index.php\/urun\/baska-bosluk\/"},"modified":"2026-04-16T02:43:59","modified_gmt":"2026-04-15T23:43:59","slug":"baska-bosluk","status":"publish","type":"product","link":"https:\/\/roveyayinevi.com.tr\/index.php\/urun\/baska-bosluk\/","title":{"rendered":"Ba\u015fka Bo\u015fluk"},"content":{"rendered":"<p>Her yaln\u0131z insan\u0131n, sa\u011flam bir hik\u00e2ye dinlemeye ihtiyac\u0131 vard\u0131r\u2026 Ankara\u2019da hasta babas\u0131yla ya\u015fayan Tuna, Kabak\u2019a tatile gitti\u011finde gizemli Zeynep\u2019le tan\u0131\u015f\u0131r. Zeynep ili\u015fkilerinin s\u0131n\u0131rlar\u0131n\u0131 \u00e7izer: D\u0131\u015far\u0131daki ya\u015fant\u0131lar\u0131n\u0131 Kabak Koyu\u2019na ta\u015f\u0131mayacak, hi\u00e7bir ko\u015fulda yak\u0131nla\u015fmayacak, \u00f6nceki hayatlar\u0131na d\u00f6nd\u00fcklerinde de \u201cger\u00e7ekten k\u00f6t\u00fc bir \u015fey\u201d olmad\u0131k\u00e7a birbirlerini aramayacaklard\u0131r. Ancak Ankara\u2019ya d\u00f6nd\u00fc\u011f\u00fcnde ald\u0131\u011f\u0131 ger\u00e7ekten k\u00f6t\u00fc haber \u00fczerine, Tuna Zeynep\u2019i arar. Telefonu bir ba\u015fkas\u0131 a\u00e7ar ve Zeynep\u2019in tam dokuz g\u00fcnd\u00fcr kay\u0131p oldu\u011funu s\u00f6yler. Tuna, edit\u00f6rl\u00fc\u011f\u00fcn\u00fc yapmas\u0131 gereken bir roman dosyas\u0131yla Zeynep\u2019i bulmak i\u00e7in yola \u00e7\u0131kar. Ve Zeynep\u2019in ard\u0131nda b\u0131rakt\u0131\u011f\u0131 b\u00fcy\u00fck bo\u015flu\u011fu doldurmaya aday tuhaf tesad\u00fcfler birbirini takip eder. A\u015fk, aray\u0131\u015f ve insan\u0131n kendi hik\u00e2yesini yazmas\u0131 hakk\u0131nda bir ilk roman\u2026 Sanki t\u00fcm \u0130stanbul\u2019da bir anda elektrikler kesilmi\u015f, \u015fehrin y\u0131ld\u0131zlar\u0131 s\u00f6nm\u00fc\u015ft\u00fc. D\u0131\u015far\u0131da tek bir sokak lambas\u0131 yanmasa da Tuna, apartman\u0131n tam kar\u015f\u0131s\u0131ndaki duvar\u0131 nas\u0131lsa se\u00e7ebiliyordu. Duvar\u0131n y\u00fczeyi yosun tutmu\u015ftu. T\u00fcm heybetiyle ve girintisi \u00e7\u0131k\u0131nt\u0131s\u0131yla duvardan \u00e7ok kocaman bir da\u011fa benziyordu. \u201c\u00c7at\u0131rt\u0131lar geliyor\u201d dedi Tuna dudaklar\u0131n\u0131 belirli belirsiz hareket ettirerek. \u201cSen de duyuyor musun?\u201d \u201cEvet\u201d dedi k\u0131z. \u201cDuvardan geliyor. Bo\u015fluk olu\u015facak.\u201d \u201cBo\u015fluk?\u201d \u201cDo\u011fru, bo\u015fluk. Bu gece o bo\u015flu\u011fun olu\u015fmas\u0131n\u0131 durdurmam\u0131z gerek. Bo\u015fluk biz istesek de istemesek de olu\u015facak. Ka\u00e7ar\u0131 yok. Ama erteleyebiliriz, bo\u015flu\u011fun bu gece olu\u015fmas\u0131n\u0131 engelleyebiliriz. Bunun i\u00e7in de halletmemiz gereken \u015feyler var.\u201d <\/p>\n","protected":false},"excerpt":{"rendered":"<p>Her yaln\u0131z insan\u0131n, sa\u011flam bir hik\u00e2ye dinlemeye ihtiyac\u0131 vard\u0131r\u2026 Ankara\u2019da hasta babas\u0131yla ya\u015fayan Tuna, Kabak\u2019a tatile gitti\u011finde gizemli Zeynep\u2019le tan\u0131\u015f\u0131r. Zeynep ili\u015fkilerinin s\u0131n\u0131rlar\u0131n\u0131 \u00e7izer: D\u0131\u015far\u0131daki ya\u015fant\u0131lar\u0131n\u0131<span class=\"excerpt-hellip\"> [\u2026]<\/span><\/p>\n","protected":false},"featured_media":0,"template":"","meta":{"_monsterinsights_skip_tracking":false,"_monsterinsights_sitenote_active":false,"_monsterinsights_sitenote_note":"","_monsterinsights_sitenote_category":0},"product_brand":[],"product_cat":[12291,12711],"product_tag":[],"class_list":{"0":"post-735736","1":"product","2":"type-product","3":"status-publish","5":"product_cat-edebiyat","6":"product_cat-roman-oyku","7":"pa_cilt-ciltsiz","8":"pa_tur-kitap","9":"pa_yayinevi-dogan-kitap","10":"pa_yazar-sarp-kalfaoglu","12":"first","13":"instock","14":"sale","15":"shipping-taxable","16":"purchasable","17":"product-type-simple"},"_links":{"self":[{"href":"https:\/\/roveyayinevi.com.tr\/index.php\/wp-json\/wp\/v2\/product\/735736","targetHints":{"allow":["GET"]}}],"collection":[{"href":"https:\/\/roveyayinevi.com.tr\/index.php\/wp-json\/wp\/v2\/product"}],"about":[{"href":"https:\/\/roveyayinevi.com.tr\/index.php\/wp-json\/wp\/v2\/types\/product"}],"wp:attachment":[{"href":"https:\/\/roveyayinevi.com.tr\/index.php\/wp-json\/wp\/v2\/media?parent=735736"}],"wp:term":[{"taxonomy":"product_brand","embeddable":true,"href":"https:\/\/roveyayinevi.com.tr\/index.php\/wp-json\/wp\/v2\/product_brand?post=735736"},{"taxonomy":"product_cat","embeddable":true,"href":"https:\/\/roveyayinevi.com.tr\/index.php\/wp-json\/wp\/v2\/product_cat?post=735736"},{"taxonomy":"product_tag","embeddable":true,"href":"https:\/\/roveyayinevi.com.tr\/index.php\/wp-json\/wp\/v2\/product_tag?post=735736"}],"curies":[{"name":"wp","href":"https:\/\/api.w.org\/{rel}","templated":true}]}}