{"id":735732,"date":"2025-08-27T22:53:08","date_gmt":"2025-08-27T19:53:08","guid":{"rendered":"https:\/\/roveyayinevi.com.tr\/index.php\/urun\/gercek-bir-hikayeden-uyarlanmistir\/"},"modified":"2026-04-16T02:43:59","modified_gmt":"2026-04-15T23:43:59","slug":"gercek-bir-hikayeden-uyarlanmistir","status":"publish","type":"product","link":"https:\/\/roveyayinevi.com.tr\/index.php\/urun\/gercek-bir-hikayeden-uyarlanmistir\/","title":{"rendered":"Ger\u00e7ek Bir Hikayeden Uyarlanm\u0131\u015ft\u0131r"},"content":{"rendered":"<p>\u201cHepimiz bir ba\u015fkas\u0131n\u0131n bat\u0131\u011f\u0131, bir ba\u015fkas\u0131nda kay\u0131p olan\u0131z ve bunun hi\u00e7bir anlam\u0131 yok.\u201d Bir s\u00fcredir yaratma heyecan\u0131 sekteye u\u011fram\u0131\u015f olan yazar Delphine, L. ad\u0131nda bir g\u00f6lge yazarla tan\u0131\u015f\u0131r. Bu s\u0131rada imzas\u0131z bir tehdit mektubu al\u0131r. Bunu kimin yazd\u0131\u011f\u0131n\u0131 ara\u015ft\u0131r\u0131rken L.\u2019yle samimiyeti de artar. \u0130ki kad\u0131n\u0131n hayatlar\u0131 yava\u015f yava\u015f i\u00e7 i\u00e7e ge\u00e7er ve Delphine, L.\u2019nin tutkulu ki\u015fili\u011finin etkisi alt\u0131na girerek zamanla hem birey hem de yazar olarak kendi kimli\u011fini sorgulamaya ba\u015flar. Delphine de Vigan, g\u00fcn\u00fcm\u00fcz Frans\u0131z edebiyat\u0131n\u0131n sevilen yazarlar\u0131ndan. Ger\u00e7ek Bir Hik\u00e2yeden Uyarlanm\u0131\u015ft\u0131r, psikolojik gerilimden \u00fcstkurmacaya \u00e7e\u015fitli katmanlar\u0131yla, Fransa\u2019da ve yay\u0131mland\u0131\u011f\u0131 di\u011fer \u00fclkelerde ele\u015ftirmenlerin \u00f6vg\u00fclerini toplad\u0131. \u2013 2015 Renaudot \u00d6d\u00fcl\u00fc \u2013 <\/p>\n","protected":false},"excerpt":{"rendered":"<p>\u201cHepimiz bir ba\u015fkas\u0131n\u0131n bat\u0131\u011f\u0131, bir ba\u015fkas\u0131nda kay\u0131p olan\u0131z ve bunun hi\u00e7bir anlam\u0131 yok.\u201d Bir s\u00fcredir yaratma heyecan\u0131 sekteye u\u011fram\u0131\u015f olan yazar Delphine, L. ad\u0131nda bir g\u00f6lge<span class=\"excerpt-hellip\"> [\u2026]<\/span><\/p>\n","protected":false},"featured_media":0,"template":"","meta":{"_monsterinsights_skip_tracking":false,"_monsterinsights_sitenote_active":false,"_monsterinsights_sitenote_note":"","_monsterinsights_sitenote_category":0},"product_brand":[],"product_cat":[12291,12711],"product_tag":[],"class_list":{"0":"post-735732","1":"product","2":"type-product","3":"status-publish","5":"product_cat-edebiyat","6":"product_cat-roman-oyku","7":"pa_cilt-ciltsiz","8":"pa_tur-kitap","9":"pa_yayinevi-dogan-kitap","10":"pa_yazar-delphine-de-vigan","12":"first","13":"instock","14":"sale","15":"shipping-taxable","16":"purchasable","17":"product-type-simple"},"_links":{"self":[{"href":"https:\/\/roveyayinevi.com.tr\/index.php\/wp-json\/wp\/v2\/product\/735732","targetHints":{"allow":["GET"]}}],"collection":[{"href":"https:\/\/roveyayinevi.com.tr\/index.php\/wp-json\/wp\/v2\/product"}],"about":[{"href":"https:\/\/roveyayinevi.com.tr\/index.php\/wp-json\/wp\/v2\/types\/product"}],"wp:attachment":[{"href":"https:\/\/roveyayinevi.com.tr\/index.php\/wp-json\/wp\/v2\/media?parent=735732"}],"wp:term":[{"taxonomy":"product_brand","embeddable":true,"href":"https:\/\/roveyayinevi.com.tr\/index.php\/wp-json\/wp\/v2\/product_brand?post=735732"},{"taxonomy":"product_cat","embeddable":true,"href":"https:\/\/roveyayinevi.com.tr\/index.php\/wp-json\/wp\/v2\/product_cat?post=735732"},{"taxonomy":"product_tag","embeddable":true,"href":"https:\/\/roveyayinevi.com.tr\/index.php\/wp-json\/wp\/v2\/product_tag?post=735732"}],"curies":[{"name":"wp","href":"https:\/\/api.w.org\/{rel}","templated":true}]}}