{"id":735722,"date":"2025-08-27T22:52:57","date_gmt":"2025-08-27T19:52:57","guid":{"rendered":"https:\/\/roveyayinevi.com.tr\/index.php\/urun\/anlati-iktisadi\/"},"modified":"2026-04-16T02:43:59","modified_gmt":"2026-04-15T23:43:59","slug":"anlati-iktisadi","status":"publish","type":"product","link":"https:\/\/roveyayinevi.com.tr\/index.php\/urun\/anlati-iktisadi\/","title":{"rendered":"Anlat\u0131 \u0130ktisad\u0131"},"content":{"rendered":"<p>\u0130nternetin art\u0131k se\u00e7im kampanyalar\u0131 vas\u0131tas\u0131yla \u00fclkelerin geleceklerini dahi etkisi alt\u0131na almaya ba\u015flad\u0131\u011f\u0131 bir d\u00fcnyada, viral hik\u00e2yelerin ekonomileri etkileme g\u00fcc\u00fcn\u00fc g\u00f6rmezden gelebilir miyiz? Nobel \u00d6d\u00fcll\u00fc ekonomist Robert Shiller, bu \u00e7\u0131\u011f\u0131r a\u00e7an kitab\u0131nda ekonomi ve ekonomik de\u011fi\u015fim hakk\u0131nda bize yeni bir d\u00fc\u015f\u00fcnme y\u00f6ntemi \u00f6neriyor. Zengin bir dizi tarihsel \u00f6rnek ve veriyi kullanan Shiller, bireysel ve kolektif ekonomik davran\u0131\u015f\u0131 etkileyen pop\u00fcler hik\u00e2yeler hakk\u0131nda yap\u0131lacak ara\u015ft\u0131rmalar\u0131n, krizler s\u00f6z konusu oldu\u011funda, \u00f6nceden tahmin etme, haz\u0131rl\u0131k yapma ve muhtemel zarar\u0131 minimuma \u00e7ekme yetene\u011fimizi b\u00fcy\u00fck \u00f6l\u00e7\u00fcde geli\u015ftirece\u011fini savunuyor.<\/p>\n","protected":false},"excerpt":{"rendered":"<p>\u0130nternetin art\u0131k se\u00e7im kampanyalar\u0131 vas\u0131tas\u0131yla \u00fclkelerin geleceklerini dahi etkisi alt\u0131na almaya ba\u015flad\u0131\u011f\u0131 bir d\u00fcnyada, viral hik\u00e2yelerin ekonomileri etkileme g\u00fcc\u00fcn\u00fc g\u00f6rmezden gelebilir miyiz? Nobel \u00d6d\u00fcll\u00fc ekonomist Robert<span class=\"excerpt-hellip\"> [\u2026]<\/span><\/p>\n","protected":false},"featured_media":0,"template":"","meta":{"_monsterinsights_skip_tracking":false,"_monsterinsights_sitenote_active":false,"_monsterinsights_sitenote_note":"","_monsterinsights_sitenote_category":0},"product_brand":[],"product_cat":[20333,13043],"product_tag":[],"class_list":{"0":"post-735722","1":"product","2":"type-product","3":"status-publish","5":"product_cat-diger-ekonomi","6":"product_cat-ekonomi","7":"pa_cilt-ciltsiz","8":"pa_tur-kitap","9":"pa_yayinevi-albaraka-yayinlari","10":"pa_yazar-robert-j-shiller","12":"first","13":"instock","14":"sale","15":"shipping-taxable","16":"purchasable","17":"product-type-simple"},"_links":{"self":[{"href":"https:\/\/roveyayinevi.com.tr\/index.php\/wp-json\/wp\/v2\/product\/735722","targetHints":{"allow":["GET"]}}],"collection":[{"href":"https:\/\/roveyayinevi.com.tr\/index.php\/wp-json\/wp\/v2\/product"}],"about":[{"href":"https:\/\/roveyayinevi.com.tr\/index.php\/wp-json\/wp\/v2\/types\/product"}],"wp:attachment":[{"href":"https:\/\/roveyayinevi.com.tr\/index.php\/wp-json\/wp\/v2\/media?parent=735722"}],"wp:term":[{"taxonomy":"product_brand","embeddable":true,"href":"https:\/\/roveyayinevi.com.tr\/index.php\/wp-json\/wp\/v2\/product_brand?post=735722"},{"taxonomy":"product_cat","embeddable":true,"href":"https:\/\/roveyayinevi.com.tr\/index.php\/wp-json\/wp\/v2\/product_cat?post=735722"},{"taxonomy":"product_tag","embeddable":true,"href":"https:\/\/roveyayinevi.com.tr\/index.php\/wp-json\/wp\/v2\/product_tag?post=735722"}],"curies":[{"name":"wp","href":"https:\/\/api.w.org\/{rel}","templated":true}]}}