{"id":735706,"date":"2025-08-27T22:52:40","date_gmt":"2025-08-27T19:52:40","guid":{"rendered":"https:\/\/roveyayinevi.com.tr\/index.php\/urun\/kopegin-pencesi\/"},"modified":"2026-04-16T02:43:58","modified_gmt":"2026-04-15T23:43:58","slug":"kopegin-pencesi","status":"publish","type":"product","link":"https:\/\/roveyayinevi.com.tr\/index.php\/urun\/kopegin-pencesi\/","title":{"rendered":"K\u00f6pe\u011fin Pen\u00e7esi"},"content":{"rendered":"<p>\u0130ki karde\u015f, iki ortak. Ger\u00e7ekten de \u00f6yleydiler. Hatta ortaktan daha fazlas\u0131, karde\u015ften de \u00f6teydiler.\u201d   1920\u2019lerin Montana\u2019s\u0131nda ge\u00e7en bu s\u00fcr\u00fckleyici aile dram\u0131, vadideki en b\u00fcy\u00fck \u00e7iftli\u011fin sahibi iki erkek karde\u015fin hik\u00e2yesini anlat\u0131yor. \u00c7iftli\u011fe gelmeleriyle birlikte \u2013zaten olmayan\u2013 huzuru bozan bir kad\u0131n ve bir delikanl\u0131n\u0131n, bir anne ve o\u011flunun sars\u0131c\u0131 hik\u00e2yesi&#8230; Roman, Thomas Savage\u2019\u0131n ilk kelimesinden son kelimesine kadar okuru esir alan sesi, karakterlerin tutkusu ve zalimli\u011fiyle sarmalan\u0131yor. K\u00f6pe\u011fin Pen\u00e7esi, Amerikan edebiyat\u0131n\u0131n en g\u00fc\u00e7l\u00fc ve \u00f6zg\u00fcn kalemlerinden, g\u00fc\u00e7 temas\u0131 etraf\u0131nda \u015fekillenen aile i\u00e7i zorbal\u0131\u011fa, ac\u0131mas\u0131z maskulenli\u011fe, \u0131rklar\u0131n \u00fcst\u00fcnl\u00fc\u011f\u00fcne, bask\u0131n olan\u0131n hegemonyas\u0131na, makinele\u015fme ile do\u011fan\u0131n m\u00fccadelesine kar\u015f\u0131 \u00e7arp\u0131c\u0131 bir meydan okuma\u2026 \u201cBay Savage\u2019\u0131n tonu muazzam&#8230; Edebiyat piyasas\u0131nda bir adaletten bahsedebilseydik Thomas Savage\u2019\u0131n onlarca roman\u0131ndan \u00f6zellikle bu ya da herhangi biri son 30 y\u0131l\u0131n \u00e7oksatan listelerinden d\u00fc\u015fmezdi&#8230; Savage, daha fazla okur taraf\u0131ndan ke\u015ffedilmeyi sonuna kadar hak ediyor.\u201d \u2014Valerie Sayers, New York Times Book Review \u201cThomas Savage\u2019\u0131n sesi her daim keyif veriyor&#8230; Adeta Conrad, Ford ve ayn\u0131 y\u00fczy\u0131l\u0131n erken d\u00f6nemlerindeki di\u011fer \u00f6nemli hik\u00e2ye anlat\u0131c\u0131lar\u0131 gibi yaz\u0131yor&#8230; K\u00f6pe\u011fin Pen\u00e7esi modern Bat\u0131\u2019ya dair okudu\u011fum en iyi kitap.\u201d \u2014William H. Pritchard, Hudson Review \u201cThomas Savage nas\u0131l hik\u00e2ye anlataca\u011f\u0131n\u0131, neyi d\u0131\u015far\u0131da b\u0131rakaca\u011f\u0131n\u0131, nerede s\u00fcrpriz yapaca\u011f\u0131n\u0131 biliyor. Sizin her \u015feyi g\u00f6rmenizi, koklaman\u0131z\u0131, i\u015fitmenizi ve tatman\u0131z\u0131 m\u00fcmk\u00fcn k\u0131l\u0131yor.\u201d \u2014Dennis Murphy, Tulsa Daily World \u201cG\u00fc\u00e7l\u00fc bir hik\u00e2ye anlat\u0131c\u0131s\u0131\u2026 Savage\u2019\u0131n kitaplar\u0131 daha fazla okunmay\u0131 hak ediyor.\u201d \u2014Roger Sale, New York Review of Books <\/p>\n","protected":false},"excerpt":{"rendered":"<p>\u0130ki karde\u015f, iki ortak. Ger\u00e7ekten de \u00f6yleydiler. Hatta ortaktan daha fazlas\u0131, karde\u015ften de \u00f6teydiler.\u201d 1920\u2019lerin Montana\u2019s\u0131nda ge\u00e7en bu s\u00fcr\u00fckleyici aile dram\u0131, vadideki en b\u00fcy\u00fck \u00e7iftli\u011fin sahibi<span class=\"excerpt-hellip\"> [\u2026]<\/span><\/p>\n","protected":false},"featured_media":0,"template":"","meta":{"_monsterinsights_skip_tracking":false,"_monsterinsights_sitenote_active":false,"_monsterinsights_sitenote_note":"","_monsterinsights_sitenote_category":0},"product_brand":[],"product_cat":[12291,12711],"product_tag":[],"class_list":{"0":"post-735706","1":"product","2":"type-product","3":"status-publish","5":"product_cat-edebiyat","6":"product_cat-roman-oyku","7":"pa_cilt-ciltsiz","8":"pa_tur-kitap","9":"pa_yayinevi-dusbaz-kitaplar","10":"pa_yazar-thomas-savage","12":"first","13":"instock","14":"sale","15":"shipping-taxable","16":"purchasable","17":"product-type-simple"},"_links":{"self":[{"href":"https:\/\/roveyayinevi.com.tr\/index.php\/wp-json\/wp\/v2\/product\/735706","targetHints":{"allow":["GET"]}}],"collection":[{"href":"https:\/\/roveyayinevi.com.tr\/index.php\/wp-json\/wp\/v2\/product"}],"about":[{"href":"https:\/\/roveyayinevi.com.tr\/index.php\/wp-json\/wp\/v2\/types\/product"}],"wp:attachment":[{"href":"https:\/\/roveyayinevi.com.tr\/index.php\/wp-json\/wp\/v2\/media?parent=735706"}],"wp:term":[{"taxonomy":"product_brand","embeddable":true,"href":"https:\/\/roveyayinevi.com.tr\/index.php\/wp-json\/wp\/v2\/product_brand?post=735706"},{"taxonomy":"product_cat","embeddable":true,"href":"https:\/\/roveyayinevi.com.tr\/index.php\/wp-json\/wp\/v2\/product_cat?post=735706"},{"taxonomy":"product_tag","embeddable":true,"href":"https:\/\/roveyayinevi.com.tr\/index.php\/wp-json\/wp\/v2\/product_tag?post=735706"}],"curies":[{"name":"wp","href":"https:\/\/api.w.org\/{rel}","templated":true}]}}