{"id":735698,"date":"2025-08-27T22:52:31","date_gmt":"2025-08-27T19:52:31","guid":{"rendered":"https:\/\/roveyayinevi.com.tr\/index.php\/urun\/elifin-kabuklari\/"},"modified":"2026-04-16T02:43:58","modified_gmt":"2026-04-15T23:43:58","slug":"elifin-kabuklari","status":"publish","type":"product","link":"https:\/\/roveyayinevi.com.tr\/index.php\/urun\/elifin-kabuklari\/","title":{"rendered":"Elif&#8217;in Kabuklar\u0131"},"content":{"rendered":"<p>\u201c Ormanla denizin bulu\u015ftu\u011fu tatl\u0131 m\u0131 tatl\u0131 bir kasabada, dedesiyle birlikte ya\u015f\u0131yor Elif. Il\u0131k yaz esintisiyle birlikte sal\u0131ncak sallan\u0131yor, ko\u015fup oynuyor. En \u00e7ok da sevimli arkada\u015f\u0131 Dost\u2019la gezintilere \u00e7\u0131kmay\u0131 seviyor.Fakat deniz kabuklar\u0131 toplamak i\u00e7in kumsala gittikleri bir g\u00fcn\u2026 Elif, dizinde bir yara ile eve d\u00f6nmek zorunda kal\u0131yor.Elif\u2019in Kabuklar\u0131, kabuk ba\u011flayan yaralar\u0131m\u0131z\u0131n sevgi ve dostlukla nas\u0131l iyile\u015fti\u011fini bizlere g\u00f6steren, s\u0131ms\u0131cak bir \u00f6yk\u00fc\u2026<\/p>\n","protected":false},"excerpt":{"rendered":"<p>\u201c Ormanla denizin bulu\u015ftu\u011fu tatl\u0131 m\u0131 tatl\u0131 bir kasabada, dedesiyle birlikte ya\u015f\u0131yor Elif. Il\u0131k yaz esintisiyle birlikte sal\u0131ncak sallan\u0131yor, ko\u015fup oynuyor. En \u00e7ok da sevimli arkada\u015f\u0131<span class=\"excerpt-hellip\"> [\u2026]<\/span><\/p>\n","protected":false},"featured_media":0,"template":"","meta":{"_monsterinsights_skip_tracking":false,"_monsterinsights_sitenote_active":false,"_monsterinsights_sitenote_note":"","_monsterinsights_sitenote_category":0},"product_brand":[],"product_cat":[12274,12284],"product_tag":[],"class_list":{"0":"post-735698","1":"product","2":"type-product","3":"status-publish","5":"product_cat-cocuk-ve-genclik-kitaplari","6":"product_cat-hikayeler","7":"pa_cilt-ciltsiz","8":"pa_tur-kitap","9":"pa_yayinevi-turkuvaz-kitap","10":"pa_yazar-fidan-cobanoglu-kaplan","12":"first","13":"instock","14":"sale","15":"shipping-taxable","16":"purchasable","17":"product-type-simple"},"_links":{"self":[{"href":"https:\/\/roveyayinevi.com.tr\/index.php\/wp-json\/wp\/v2\/product\/735698","targetHints":{"allow":["GET"]}}],"collection":[{"href":"https:\/\/roveyayinevi.com.tr\/index.php\/wp-json\/wp\/v2\/product"}],"about":[{"href":"https:\/\/roveyayinevi.com.tr\/index.php\/wp-json\/wp\/v2\/types\/product"}],"wp:attachment":[{"href":"https:\/\/roveyayinevi.com.tr\/index.php\/wp-json\/wp\/v2\/media?parent=735698"}],"wp:term":[{"taxonomy":"product_brand","embeddable":true,"href":"https:\/\/roveyayinevi.com.tr\/index.php\/wp-json\/wp\/v2\/product_brand?post=735698"},{"taxonomy":"product_cat","embeddable":true,"href":"https:\/\/roveyayinevi.com.tr\/index.php\/wp-json\/wp\/v2\/product_cat?post=735698"},{"taxonomy":"product_tag","embeddable":true,"href":"https:\/\/roveyayinevi.com.tr\/index.php\/wp-json\/wp\/v2\/product_tag?post=735698"}],"curies":[{"name":"wp","href":"https:\/\/api.w.org\/{rel}","templated":true}]}}