{"id":735696,"date":"2025-08-27T22:52:29","date_gmt":"2025-08-27T19:52:29","guid":{"rendered":"https:\/\/roveyayinevi.com.tr\/index.php\/urun\/dede-korkut-hikayeleri-14\/"},"modified":"2026-04-16T02:43:57","modified_gmt":"2026-04-15T23:43:57","slug":"dede-korkut-hikayeleri-14","status":"publish","type":"product","link":"https:\/\/roveyayinevi.com.tr\/index.php\/urun\/dede-korkut-hikayeleri-14\/","title":{"rendered":"Dede Korkut Hikayeleri"},"content":{"rendered":"<p>\u201cDedem Korkut boy boylad\u0131, soy soylad\u0131.Bu O\u011fuzname\u2019yi d\u00fczd\u00fc, ko\u015ftu, s\u00f6yledi.G\u00f6relim han\u0131m, ne s\u00f6yledi!\u201dS\u00f6zl\u00fc edebiyat\u0131m\u0131z\u0131n en eski ve \u00f6nemli eserlerinden Dede Korkut Kitab\u0131, O\u011fuz T\u00fcrklerinin ya\u015fam bi\u00e7imi, giyini\u015fleri, aile ili\u015fkileri, \u00f6rf ve \u00e2detleri \u00fczerine benzersiz bir kaynakt\u0131r.\u00c7ocuk edebiyat\u0131m\u0131z\u0131n de\u011ferli kalemlerinden H. Salih Zengin, on iki hikayeden olu\u015fan bu eserin en g\u00fczel hikayelerini g\u00fcn\u00fcm\u00fcz \u00e7ocuklar\u0131 i\u00e7in se\u00e7ip sadele\u015ftirdi.<\/p>\n","protected":false},"excerpt":{"rendered":"<p>\u201cDedem Korkut boy boylad\u0131, soy soylad\u0131.Bu O\u011fuzname\u2019yi d\u00fczd\u00fc, ko\u015ftu, s\u00f6yledi.G\u00f6relim han\u0131m, ne s\u00f6yledi!\u201dS\u00f6zl\u00fc edebiyat\u0131m\u0131z\u0131n en eski ve \u00f6nemli eserlerinden Dede Korkut Kitab\u0131, O\u011fuz T\u00fcrklerinin ya\u015fam bi\u00e7imi,<span class=\"excerpt-hellip\"> [\u2026]<\/span><\/p>\n","protected":false},"featured_media":0,"template":"","meta":{"_monsterinsights_skip_tracking":false,"_monsterinsights_sitenote_active":false,"_monsterinsights_sitenote_note":"","_monsterinsights_sitenote_category":0},"product_brand":[],"product_cat":[12274,12284],"product_tag":[],"class_list":{"0":"post-735696","1":"product","2":"type-product","3":"status-publish","5":"product_cat-cocuk-ve-genclik-kitaplari","6":"product_cat-hikayeler","7":"pa_cilt-ciltsiz","8":"pa_tur-kitap","9":"pa_yayinevi-turkuvaz-kitap","10":"pa_yazar-turkuvaz-kitap-kolektif","12":"first","13":"instock","14":"sale","15":"shipping-taxable","16":"purchasable","17":"product-type-simple"},"_links":{"self":[{"href":"https:\/\/roveyayinevi.com.tr\/index.php\/wp-json\/wp\/v2\/product\/735696","targetHints":{"allow":["GET"]}}],"collection":[{"href":"https:\/\/roveyayinevi.com.tr\/index.php\/wp-json\/wp\/v2\/product"}],"about":[{"href":"https:\/\/roveyayinevi.com.tr\/index.php\/wp-json\/wp\/v2\/types\/product"}],"wp:attachment":[{"href":"https:\/\/roveyayinevi.com.tr\/index.php\/wp-json\/wp\/v2\/media?parent=735696"}],"wp:term":[{"taxonomy":"product_brand","embeddable":true,"href":"https:\/\/roveyayinevi.com.tr\/index.php\/wp-json\/wp\/v2\/product_brand?post=735696"},{"taxonomy":"product_cat","embeddable":true,"href":"https:\/\/roveyayinevi.com.tr\/index.php\/wp-json\/wp\/v2\/product_cat?post=735696"},{"taxonomy":"product_tag","embeddable":true,"href":"https:\/\/roveyayinevi.com.tr\/index.php\/wp-json\/wp\/v2\/product_tag?post=735696"}],"curies":[{"name":"wp","href":"https:\/\/api.w.org\/{rel}","templated":true}]}}