{"id":735695,"date":"2025-08-27T22:52:28","date_gmt":"2025-08-27T19:52:28","guid":{"rendered":"https:\/\/roveyayinevi.com.tr\/index.php\/urun\/babaligin-kitabini-yazanlar\/"},"modified":"2026-04-08T02:53:10","modified_gmt":"2026-04-07T23:53:10","slug":"babaligin-kitabini-yazanlar","status":"publish","type":"product","link":"https:\/\/roveyayinevi.com.tr\/index.php\/urun\/babaligin-kitabini-yazanlar\/","title":{"rendered":"Babal\u0131\u011f\u0131n Kitab\u0131n\u0131 Yazanlar"},"content":{"rendered":"<p>Baba kelimesinin i\u00e7ini doldurabilen sanat\u00e7\u0131lardan babal\u0131\u011fa dair\u2026Bu kitapta yirmi sanat\u00e7\u0131n\u0131n babal\u0131k \u00f6yk\u00fcs\u00fcn\u00fc bulacaks\u0131n\u0131z.Baba olacaklar\u0131n\u0131 \u00f6\u011frendikleri an hissettiklerini, bebeklerini ilk kucaklar\u0131na ald\u0131klar\u0131nda ak\u0131llar\u0131ndan ge\u00e7enleri, onlarla ilgili sevin\u00e7lerini, korkular\u0131n\u0131, hayallerini \u00f6\u011freneceksiniz.\u00c7ocuklar\u0131n\u0131n d\u00fcnyalar\u0131n\u0131 ke\u015ffedebilmek i\u00e7in neler yapt\u0131klar\u0131na ve kendi babalar\u0131yla olan ili\u015fkilerine tan\u0131kl\u0131k edeceksiniz.\u0130lker Gezici\u2019nin kaleminden yirmi sanat\u00e7\u0131n\u0131n baba olma \u00f6yk\u00fcs\u00fcn\u00fc i\u00e7erenBabal\u0131\u011f\u0131n Kitab\u0131n\u0131 Yazanlar\u2019da her ebeveyn kendinden bir par\u00e7a bulacak.<\/p>\n","protected":false},"excerpt":{"rendered":"<p>Baba kelimesinin i\u00e7ini doldurabilen sanat\u00e7\u0131lardan babal\u0131\u011fa dair\u2026Bu kitapta yirmi sanat\u00e7\u0131n\u0131n babal\u0131k \u00f6yk\u00fcs\u00fcn\u00fc bulacaks\u0131n\u0131z.Baba olacaklar\u0131n\u0131 \u00f6\u011frendikleri an hissettiklerini, bebeklerini ilk kucaklar\u0131na ald\u0131klar\u0131nda ak\u0131llar\u0131ndan ge\u00e7enleri, onlarla ilgili sevin\u00e7lerini,<span class=\"excerpt-hellip\"> [\u2026]<\/span><\/p>\n","protected":false},"featured_media":0,"template":"","meta":{"_monsterinsights_skip_tracking":false,"_monsterinsights_sitenote_active":false,"_monsterinsights_sitenote_note":"","_monsterinsights_sitenote_category":0},"product_brand":[],"product_cat":[12291,30969],"product_tag":[],"class_list":{"0":"post-735695","1":"product","2":"type-product","3":"status-publish","5":"product_cat-edebiyat","6":"product_cat-soylesi-edebiyat","7":"pa_cilt-ciltsiz","8":"pa_tur-kitap","9":"pa_yayinevi-sahi-kitap","10":"pa_yazar-ilker-gezici","12":"first","13":"instock","14":"sale","15":"shipping-taxable","16":"purchasable","17":"product-type-simple"},"_links":{"self":[{"href":"https:\/\/roveyayinevi.com.tr\/index.php\/wp-json\/wp\/v2\/product\/735695","targetHints":{"allow":["GET"]}}],"collection":[{"href":"https:\/\/roveyayinevi.com.tr\/index.php\/wp-json\/wp\/v2\/product"}],"about":[{"href":"https:\/\/roveyayinevi.com.tr\/index.php\/wp-json\/wp\/v2\/types\/product"}],"wp:attachment":[{"href":"https:\/\/roveyayinevi.com.tr\/index.php\/wp-json\/wp\/v2\/media?parent=735695"}],"wp:term":[{"taxonomy":"product_brand","embeddable":true,"href":"https:\/\/roveyayinevi.com.tr\/index.php\/wp-json\/wp\/v2\/product_brand?post=735695"},{"taxonomy":"product_cat","embeddable":true,"href":"https:\/\/roveyayinevi.com.tr\/index.php\/wp-json\/wp\/v2\/product_cat?post=735695"},{"taxonomy":"product_tag","embeddable":true,"href":"https:\/\/roveyayinevi.com.tr\/index.php\/wp-json\/wp\/v2\/product_tag?post=735695"}],"curies":[{"name":"wp","href":"https:\/\/api.w.org\/{rel}","templated":true}]}}