{"id":735680,"date":"2025-08-27T22:52:12","date_gmt":"2025-08-27T19:52:12","guid":{"rendered":"https:\/\/roveyayinevi.com.tr\/index.php\/urun\/uluslararasi-ogrenciler-ve-sosyal-dislanma-durumlar-yaklasimlar-ve-boyutlar\/"},"modified":"2026-04-16T02:43:57","modified_gmt":"2026-04-15T23:43:57","slug":"uluslararasi-ogrenciler-ve-sosyal-dislanma-durumlar-yaklasimlar-ve-boyutlar","status":"publish","type":"product","link":"https:\/\/roveyayinevi.com.tr\/index.php\/urun\/uluslararasi-ogrenciler-ve-sosyal-dislanma-durumlar-yaklasimlar-ve-boyutlar\/","title":{"rendered":"Uluslararas\u0131 \u00d6\u011frenciler ve Sosyal D\u0131\u015flanma Durumlar, Yakla\u015f\u0131mlar ve Boyutlar"},"content":{"rendered":"<p>1.      B\u0130R\u0130NC\u0130 B\u00d6L\u00dcM GENEL \u00c7ER\u00c7EVE: KAVRAMLAR, YAKLA\u015eIMLAR VE DURUMLAR 1.1.   ULUSLARARASI \u00d6\u011eRENC\u0130L\u0130K 1.2.   SOSYAL DI\u015eLANMA 2.      \u0130K\u0130NC\u0130 B\u00d6L\u00dcM ULUSLARARASI \u00d6\u011eRENC\u0130LER VE SOSYAL DI\u015eLANMA: S\u0130YAS\u0130, SOSYO-K\u00dcLT\u00dcREL VE EKONOM\u0130K BOYUTLAR 2.1.   SOSYAL DI\u015eLANMANIN S\u0130YAS\u0130 BOYUTU VE ULUSLARARASI \u00d6\u011eRENC\u0130LER 2.2.   SOSYO-K\u00dcLT\u00dcREL DI\u015eLANMA VE ULUSLARARASI \u00d6\u011eRENC\u0130LER 2.3.   EKONOM\u0130K BOYUTUYLA SOSYAL DI\u015eLANMA VE ULUSLARARASI \u00d6\u011eRENC\u0130LER <\/p>\n","protected":false},"excerpt":{"rendered":"<p>1. B\u0130R\u0130NC\u0130 B\u00d6L\u00dcM GENEL \u00c7ER\u00c7EVE: KAVRAMLAR, YAKLA\u015eIMLAR VE DURUMLAR 1.1. ULUSLARARASI \u00d6\u011eRENC\u0130L\u0130K 1.2. SOSYAL DI\u015eLANMA 2. \u0130K\u0130NC\u0130 B\u00d6L\u00dcM ULUSLARARASI \u00d6\u011eRENC\u0130LER VE SOSYAL DI\u015eLANMA: S\u0130YAS\u0130, SOSYO-K\u00dcLT\u00dcREL VE<span class=\"excerpt-hellip\"> [\u2026]<\/span><\/p>\n","protected":false},"featured_media":0,"template":"","meta":{"_monsterinsights_skip_tracking":false,"_monsterinsights_sitenote_active":false,"_monsterinsights_sitenote_note":"","_monsterinsights_sitenote_category":0},"product_brand":[],"product_cat":[13590,12337],"product_tag":[],"class_list":{"0":"post-735680","1":"product","2":"type-product","3":"status-publish","5":"product_cat-arastirma-inceleme-politika-siyaset","6":"product_cat-politika-siyaset","7":"pa_cilt-ciltsiz","8":"pa_tur-kitap","9":"pa_yayinevi-gazi-kitabevi","10":"pa_yazar-halim-bas","12":"first","13":"instock","14":"sale","15":"shipping-taxable","16":"purchasable","17":"product-type-simple"},"_links":{"self":[{"href":"https:\/\/roveyayinevi.com.tr\/index.php\/wp-json\/wp\/v2\/product\/735680","targetHints":{"allow":["GET"]}}],"collection":[{"href":"https:\/\/roveyayinevi.com.tr\/index.php\/wp-json\/wp\/v2\/product"}],"about":[{"href":"https:\/\/roveyayinevi.com.tr\/index.php\/wp-json\/wp\/v2\/types\/product"}],"wp:attachment":[{"href":"https:\/\/roveyayinevi.com.tr\/index.php\/wp-json\/wp\/v2\/media?parent=735680"}],"wp:term":[{"taxonomy":"product_brand","embeddable":true,"href":"https:\/\/roveyayinevi.com.tr\/index.php\/wp-json\/wp\/v2\/product_brand?post=735680"},{"taxonomy":"product_cat","embeddable":true,"href":"https:\/\/roveyayinevi.com.tr\/index.php\/wp-json\/wp\/v2\/product_cat?post=735680"},{"taxonomy":"product_tag","embeddable":true,"href":"https:\/\/roveyayinevi.com.tr\/index.php\/wp-json\/wp\/v2\/product_tag?post=735680"}],"curies":[{"name":"wp","href":"https:\/\/api.w.org\/{rel}","templated":true}]}}