{"id":735678,"date":"2025-08-27T22:52:11","date_gmt":"2025-08-27T19:52:11","guid":{"rendered":"https:\/\/roveyayinevi.com.tr\/index.php\/urun\/spor-lisesi-ogrencilerinin-temel-kisilik-ozellikleri-ile-psikolojik-saglamlik-duzeyleri-arasindaki-iliskinin-incelenmesi\/"},"modified":"2026-04-16T02:43:57","modified_gmt":"2026-04-15T23:43:57","slug":"spor-lisesi-ogrencilerinin-temel-kisilik-ozellikleri-ile-psikolojik-saglamlik-duzeyleri-arasindaki-iliskinin-incelenmesi","status":"publish","type":"product","link":"https:\/\/roveyayinevi.com.tr\/index.php\/urun\/spor-lisesi-ogrencilerinin-temel-kisilik-ozellikleri-ile-psikolojik-saglamlik-duzeyleri-arasindaki-iliskinin-incelenmesi\/","title":{"rendered":"Spor Lisesi \u00d6\u011frencilerinin Temel Ki\u015filik \u00d6zellikleri ile Psikolojik Sa\u011flaml\u0131k D\u00fczeyleri Aras\u0131ndaki \u0130li\u015fkinin \u0130ncelenmesi"},"content":{"rendered":"<p>1.      B\u00d6L\u00dcM I G\u0130R\u0130\u015e 2.      B\u00d6L\u00dcM II KAVRAMSAL \u00c7ER\u00c7EVE 3.      B\u00d6L\u00dcM III Y\u00d6NTEM 4.      B\u00d6L\u00dcM IV BULGULAR 5.      B\u00d6L\u00dcM V TARTI\u015eMA VE SONU\u00c7 <\/p>\n","protected":false},"excerpt":{"rendered":"<p>1. B\u00d6L\u00dcM I G\u0130R\u0130\u015e 2. B\u00d6L\u00dcM II KAVRAMSAL \u00c7ER\u00c7EVE 3. B\u00d6L\u00dcM III Y\u00d6NTEM 4. B\u00d6L\u00dcM IV BULGULAR 5. B\u00d6L\u00dcM V TARTI\u015eMA VE SONU\u00c7<\/p>\n","protected":false},"featured_media":0,"template":"","meta":{"_monsterinsights_skip_tracking":false,"_monsterinsights_sitenote_active":false,"_monsterinsights_sitenote_note":"","_monsterinsights_sitenote_category":0},"product_brand":[],"product_cat":[15563,15564],"product_tag":[],"class_list":{"0":"post-735678","1":"product","2":"type-product","3":"status-publish","5":"product_cat-hobi","6":"product_cat-spor","7":"pa_cilt-ciltsiz","8":"pa_tur-kitap","9":"pa_yayinevi-gazi-kitabevi","10":"pa_yazar-bahar-guler-mehmet-gunay","12":"first","13":"instock","14":"sale","15":"shipping-taxable","16":"purchasable","17":"product-type-simple"},"_links":{"self":[{"href":"https:\/\/roveyayinevi.com.tr\/index.php\/wp-json\/wp\/v2\/product\/735678","targetHints":{"allow":["GET"]}}],"collection":[{"href":"https:\/\/roveyayinevi.com.tr\/index.php\/wp-json\/wp\/v2\/product"}],"about":[{"href":"https:\/\/roveyayinevi.com.tr\/index.php\/wp-json\/wp\/v2\/types\/product"}],"wp:attachment":[{"href":"https:\/\/roveyayinevi.com.tr\/index.php\/wp-json\/wp\/v2\/media?parent=735678"}],"wp:term":[{"taxonomy":"product_brand","embeddable":true,"href":"https:\/\/roveyayinevi.com.tr\/index.php\/wp-json\/wp\/v2\/product_brand?post=735678"},{"taxonomy":"product_cat","embeddable":true,"href":"https:\/\/roveyayinevi.com.tr\/index.php\/wp-json\/wp\/v2\/product_cat?post=735678"},{"taxonomy":"product_tag","embeddable":true,"href":"https:\/\/roveyayinevi.com.tr\/index.php\/wp-json\/wp\/v2\/product_tag?post=735678"}],"curies":[{"name":"wp","href":"https:\/\/api.w.org\/{rel}","templated":true}]}}