{"id":735672,"date":"2025-08-27T22:52:06","date_gmt":"2025-08-27T19:52:06","guid":{"rendered":"https:\/\/roveyayinevi.com.tr\/index.php\/urun\/farkli-perspektiflerden-endustri-4-0-yazilari-ii\/"},"modified":"2026-04-16T02:43:56","modified_gmt":"2026-04-15T23:43:56","slug":"farkli-perspektiflerden-endustri-4-0-yazilari-ii","status":"publish","type":"product","link":"https:\/\/roveyayinevi.com.tr\/index.php\/urun\/farkli-perspektiflerden-endustri-4-0-yazilari-ii\/","title":{"rendered":"Farkl\u0131 Perspektiflerden End\u00fcstri 4.0 Yaz\u0131lar\u0131 II"},"content":{"rendered":"<p>1.      Mahkemelerde H\u00e2kim Robotlar\u0131n Kullan\u0131lmas\u0131 ve Hukuki Sorumluluk 2.      End\u00fcstri 4.0 S\u00fcrecinin E\u011fitime Yans\u0131malar\u0131 3.      \u0130ktisadi Boyutlar\u0131yla End\u00fcstri 4.0 4.      Dijital Muhasebe: Kavramlar ve G\u00fcncel Geli\u015fmeler 5.      Kamu Sekt\u00f6r\u00fc ve End\u00fcstri 4.0 6.      End\u00fcstri 4.0 ve De\u011fi\u015fen \u00d6rg\u00fct Yap\u0131lar\u0131 7.      Etik Liderlik ve End\u00fcstri 4.0 8.      Yeniliklerin Yay\u0131l\u0131m\u0131: End\u00fcstri 4.0 9.      Lojistik 4.0: Yeni Teknolojilerin Sa\u011flad\u0131\u011f\u0131 Avantajlar\u0131n Sekt\u00f6r Uygulamalar\u0131 \u0130le De\u011ferlendirilmesi 10.  End\u00fcstri 4.0 ve Turizm Sekt\u00f6r\u00fcne Yans\u0131malar\u0131 <\/p>\n","protected":false},"excerpt":{"rendered":"<p>1. Mahkemelerde H\u00e2kim Robotlar\u0131n Kullan\u0131lmas\u0131 ve Hukuki Sorumluluk 2. End\u00fcstri 4.0 S\u00fcrecinin E\u011fitime Yans\u0131malar\u0131 3. \u0130ktisadi Boyutlar\u0131yla End\u00fcstri 4.0 4. Dijital Muhasebe: Kavramlar ve G\u00fcncel Geli\u015fmeler<span class=\"excerpt-hellip\"> [\u2026]<\/span><\/p>\n","protected":false},"featured_media":0,"template":"","meta":{"_monsterinsights_skip_tracking":false,"_monsterinsights_sitenote_active":false,"_monsterinsights_sitenote_note":"","_monsterinsights_sitenote_category":0},"product_brand":[],"product_cat":[13043,14381],"product_tag":[],"class_list":{"0":"post-735672","1":"product","2":"type-product","3":"status-publish","5":"product_cat-ekonomi","6":"product_cat-isletme-muhasebe-maliye","7":"pa_cilt-ciltsiz","8":"pa_tur-kitap","9":"pa_yayinevi-gazi-kitabevi","10":"pa_yazar-gazi-kitabevi-kolektif","12":"first","13":"instock","14":"sale","15":"shipping-taxable","16":"purchasable","17":"product-type-simple"},"_links":{"self":[{"href":"https:\/\/roveyayinevi.com.tr\/index.php\/wp-json\/wp\/v2\/product\/735672","targetHints":{"allow":["GET"]}}],"collection":[{"href":"https:\/\/roveyayinevi.com.tr\/index.php\/wp-json\/wp\/v2\/product"}],"about":[{"href":"https:\/\/roveyayinevi.com.tr\/index.php\/wp-json\/wp\/v2\/types\/product"}],"wp:attachment":[{"href":"https:\/\/roveyayinevi.com.tr\/index.php\/wp-json\/wp\/v2\/media?parent=735672"}],"wp:term":[{"taxonomy":"product_brand","embeddable":true,"href":"https:\/\/roveyayinevi.com.tr\/index.php\/wp-json\/wp\/v2\/product_brand?post=735672"},{"taxonomy":"product_cat","embeddable":true,"href":"https:\/\/roveyayinevi.com.tr\/index.php\/wp-json\/wp\/v2\/product_cat?post=735672"},{"taxonomy":"product_tag","embeddable":true,"href":"https:\/\/roveyayinevi.com.tr\/index.php\/wp-json\/wp\/v2\/product_tag?post=735672"}],"curies":[{"name":"wp","href":"https:\/\/api.w.org\/{rel}","templated":true}]}}