{"id":735656,"date":"2025-08-27T22:51:50","date_gmt":"2025-08-27T19:51:50","guid":{"rendered":"https:\/\/roveyayinevi.com.tr\/index.php\/urun\/gececek\/"},"modified":"2026-04-16T02:43:56","modified_gmt":"2026-04-15T23:43:56","slug":"gececek","status":"publish","type":"product","link":"https:\/\/roveyayinevi.com.tr\/index.php\/urun\/gececek\/","title":{"rendered":"Ge\u00e7ecek"},"content":{"rendered":"<p>Zor olan zordur \u00f6nce bunu kabul etmekle ba\u015flayal\u0131m. Zorlan\u0131yor olmana da f\u0131rsat vermenin k\u0131ymetli oldu\u011funu d\u00fc\u015f\u00fcn\u00fcyorum. Kendine eziyet \u00e7ektirmeden, zorland\u0131\u011f\u0131n\u0131 fark etmek, hemen ge\u00e7mesini beklemeden, bununla m\u00fccadele etmek ne k\u0131ymetlidir. \u00c7\u00fcnk\u00fc biz hemen ge\u00e7sin isteriz. Hemen ge\u00e7emeyebilir. Bazen baz\u0131 zorluklar di\u011ferlerine nazaran daha uzun s\u00fcrebilir. Fakat hi\u00e7bir zorluk sonsuza dek ayn\u0131 yo\u011funlu\u011fuyla devam etmez, edemez. Mutlaka azal\u0131r, bazen artar, bazen biri bitip, di\u011feri ba\u015flar ama mutlaka azal\u0131r. Her nerede ve nas\u0131l hissediyorsan bil ki ge\u00e7ecek\u2026  <\/p>\n","protected":false},"excerpt":{"rendered":"<p>Zor olan zordur \u00f6nce bunu kabul etmekle ba\u015flayal\u0131m. Zorlan\u0131yor olmana da f\u0131rsat vermenin k\u0131ymetli oldu\u011funu d\u00fc\u015f\u00fcn\u00fcyorum. Kendine eziyet \u00e7ektirmeden, zorland\u0131\u011f\u0131n\u0131 fark etmek, hemen ge\u00e7mesini beklemeden, bununla<span class=\"excerpt-hellip\"> [\u2026]<\/span><\/p>\n","protected":false},"featured_media":0,"template":"","meta":{"_monsterinsights_skip_tracking":false,"_monsterinsights_sitenote_active":false,"_monsterinsights_sitenote_note":"","_monsterinsights_sitenote_category":0},"product_brand":[],"product_cat":[12755,12357],"product_tag":[],"class_list":{"0":"post-735656","1":"product","2":"type-product","3":"status-publish","5":"product_cat-gelisim-psikolojisi","6":"product_cat-psikoloji","7":"pa_cilt-ciltsiz","8":"pa_tur-kitap","9":"pa_yayinevi-nesil-yayinlari","10":"pa_yazar-ceren-gumus-yasa","12":"first","13":"instock","14":"sale","15":"shipping-taxable","16":"purchasable","17":"product-type-simple"},"_links":{"self":[{"href":"https:\/\/roveyayinevi.com.tr\/index.php\/wp-json\/wp\/v2\/product\/735656","targetHints":{"allow":["GET"]}}],"collection":[{"href":"https:\/\/roveyayinevi.com.tr\/index.php\/wp-json\/wp\/v2\/product"}],"about":[{"href":"https:\/\/roveyayinevi.com.tr\/index.php\/wp-json\/wp\/v2\/types\/product"}],"wp:attachment":[{"href":"https:\/\/roveyayinevi.com.tr\/index.php\/wp-json\/wp\/v2\/media?parent=735656"}],"wp:term":[{"taxonomy":"product_brand","embeddable":true,"href":"https:\/\/roveyayinevi.com.tr\/index.php\/wp-json\/wp\/v2\/product_brand?post=735656"},{"taxonomy":"product_cat","embeddable":true,"href":"https:\/\/roveyayinevi.com.tr\/index.php\/wp-json\/wp\/v2\/product_cat?post=735656"},{"taxonomy":"product_tag","embeddable":true,"href":"https:\/\/roveyayinevi.com.tr\/index.php\/wp-json\/wp\/v2\/product_tag?post=735656"}],"curies":[{"name":"wp","href":"https:\/\/api.w.org\/{rel}","templated":true}]}}