{"id":735652,"date":"2025-08-27T22:51:46","date_gmt":"2025-08-27T19:51:46","guid":{"rendered":"https:\/\/roveyayinevi.com.tr\/index.php\/urun\/ulemanin-soru-sorma-yontemi\/"},"modified":"2026-04-16T02:43:55","modified_gmt":"2026-04-15T23:43:55","slug":"ulemanin-soru-sorma-yontemi","status":"publish","type":"product","link":"https:\/\/roveyayinevi.com.tr\/index.php\/urun\/ulemanin-soru-sorma-yontemi\/","title":{"rendered":"Uleman\u0131n Soru Sorma Y\u00f6ntemi"},"content":{"rendered":"<p>Eski uleman\u0131n kitaplar\u0131na bak\u0131ld\u0131\u011f\u0131nda g\u00f6r\u00fc\u015flerini net bi\u00e7imde aktard\u0131klar\u0131 g\u00f6r\u00fcl\u00fcr. Onlar\u0131n s\u00f6zleri daha veciz, ilimleri daha do\u011fru, kitap ve s\u00fcnnet anlay\u0131\u015flar\u0131 daha derin, \u015feriat\u0131n ama\u00e7lar\u0131n\u0131 kavray\u0131\u015flar\u0131 ise daha samimi idi.Zaman ge\u00e7tik\u00e7e, ba\u011fl\u0131l\u0131\u011f\u0131n, amelin, ilmin azalmas\u0131 ve ilim tahsilindeki ciddiyetin kaybolmas\u0131yla birlikte; eski \u00e2limlerin s\u00f6zlerinden pek \u00e7ok ifadeyi anlamak zorla\u015ft\u0131. Bu y\u00fczden son d\u00f6nemde kitap say\u0131lar\u0131 ve bu kitaplardaki s\u00f6zler artt\u0131. \u0130lim adamlar\u0131 Bu kitap, eski uleman\u0131n ilimde ilerlemek i\u00e7in nas\u0131l soru sorduklar\u0131n\u0131 \u00f6rneklerle g\u00f6stermektedir.<\/p>\n","protected":false},"excerpt":{"rendered":"<p>Eski uleman\u0131n kitaplar\u0131na bak\u0131ld\u0131\u011f\u0131nda g\u00f6r\u00fc\u015flerini net bi\u00e7imde aktard\u0131klar\u0131 g\u00f6r\u00fcl\u00fcr. Onlar\u0131n s\u00f6zleri daha veciz, ilimleri daha do\u011fru, kitap ve s\u00fcnnet anlay\u0131\u015flar\u0131 daha derin, \u015feriat\u0131n ama\u00e7lar\u0131n\u0131 kavray\u0131\u015flar\u0131 ise<span class=\"excerpt-hellip\"> [\u2026]<\/span><\/p>\n","protected":false},"featured_media":0,"template":"","meta":{"_monsterinsights_skip_tracking":false,"_monsterinsights_sitenote_active":false,"_monsterinsights_sitenote_note":"","_monsterinsights_sitenote_category":0},"product_brand":[],"product_cat":[16789,12718,12719],"product_tag":[],"class_list":{"0":"post-735652","1":"product","2":"type-product","3":"status-publish","5":"product_cat-diger-islam","6":"product_cat-din","7":"product_cat-islam","8":"pa_cilt-ciltsiz","9":"pa_tur-kitap","10":"pa_yayinevi-takdim-kitap","11":"pa_yazar-abdulfettah-ebu-gudde","13":"first","14":"instock","15":"sale","16":"shipping-taxable","17":"purchasable","18":"product-type-simple"},"_links":{"self":[{"href":"https:\/\/roveyayinevi.com.tr\/index.php\/wp-json\/wp\/v2\/product\/735652","targetHints":{"allow":["GET"]}}],"collection":[{"href":"https:\/\/roveyayinevi.com.tr\/index.php\/wp-json\/wp\/v2\/product"}],"about":[{"href":"https:\/\/roveyayinevi.com.tr\/index.php\/wp-json\/wp\/v2\/types\/product"}],"wp:attachment":[{"href":"https:\/\/roveyayinevi.com.tr\/index.php\/wp-json\/wp\/v2\/media?parent=735652"}],"wp:term":[{"taxonomy":"product_brand","embeddable":true,"href":"https:\/\/roveyayinevi.com.tr\/index.php\/wp-json\/wp\/v2\/product_brand?post=735652"},{"taxonomy":"product_cat","embeddable":true,"href":"https:\/\/roveyayinevi.com.tr\/index.php\/wp-json\/wp\/v2\/product_cat?post=735652"},{"taxonomy":"product_tag","embeddable":true,"href":"https:\/\/roveyayinevi.com.tr\/index.php\/wp-json\/wp\/v2\/product_tag?post=735652"}],"curies":[{"name":"wp","href":"https:\/\/api.w.org\/{rel}","templated":true}]}}