{"id":735651,"date":"2025-08-27T22:51:46","date_gmt":"2025-08-27T19:51:46","guid":{"rendered":"https:\/\/roveyayinevi.com.tr\/index.php\/urun\/hz-isanin-nuzulu\/"},"modified":"2026-04-16T02:43:55","modified_gmt":"2026-04-15T23:43:55","slug":"hz-isanin-nuzulu","status":"publish","type":"product","link":"https:\/\/roveyayinevi.com.tr\/index.php\/urun\/hz-isanin-nuzulu\/","title":{"rendered":"Hz. \u0130sa&#8217;n\u0131n N\u00fczul\u00fc"},"content":{"rendered":"<p>\u0130slam d\u00fcnyas\u0131nda n\u00fcz\u00fbl-i \u0130s\u00e2 meselesi kimi zaman bir kurtar\u0131c\u0131 beklentisiyle, kimi zaman hatm-i n\u00fcb\u00fcvvetle ili\u015fkili olarak g\u00fcndeme gelmi\u015ftir. \u00d6zellikle XIX. y\u00fczy\u0131l\u0131n sonlar\u0131ndan itibaren Hint alt k\u0131tas\u0131nda \u00e7ok\u00e7a tart\u0131\u015f\u0131lan bu konuda geni\u015f bir literat\u00fcr ortaya \u00e7\u0131km\u0131\u015ft\u0131r. Bunun \u00fczerine d\u00f6nemin \u00e2limleri \u00fcmmeti yanl\u0131\u015f fikirlerden korumak i\u00e7in pek \u00e7ok eser telif etmi\u015flerdir. Bu ama\u00e7la telif edilen \u00f6nemli eserlerden birisi de bu kitapt\u0131r.Hz. \u0130s\u00e2\u2019n\u0131n yery\u00fcz\u00fcne yeniden gelece\u011fi d\u00f6nemin K\u0131yamet\u2019in yakla\u015ft\u0131\u011f\u0131 bir zamana denk gelmesinden dolay\u0131 bu kitapta k\u0131yametin b\u00fcy\u00fck alametlerine dair pek \u00e7ok rivayet ele al\u0131nmaktad\u0131r.<\/p>\n","protected":false},"excerpt":{"rendered":"<p>\u0130slam d\u00fcnyas\u0131nda n\u00fcz\u00fbl-i \u0130s\u00e2 meselesi kimi zaman bir kurtar\u0131c\u0131 beklentisiyle, kimi zaman hatm-i n\u00fcb\u00fcvvetle ili\u015fkili olarak g\u00fcndeme gelmi\u015ftir. \u00d6zellikle XIX. y\u00fczy\u0131l\u0131n sonlar\u0131ndan itibaren Hint alt k\u0131tas\u0131nda<span class=\"excerpt-hellip\"> [\u2026]<\/span><\/p>\n","protected":false},"featured_media":0,"template":"","meta":{"_monsterinsights_skip_tracking":false,"_monsterinsights_sitenote_active":false,"_monsterinsights_sitenote_note":"","_monsterinsights_sitenote_category":0},"product_brand":[],"product_cat":[18094,12718,12719],"product_tag":[],"class_list":{"0":"post-735651","1":"product","2":"type-product","3":"status-publish","5":"product_cat-biyografi-otobiyografi-islam","6":"product_cat-din","7":"product_cat-islam","8":"pa_cilt-ciltsiz","9":"pa_tur-kitap","10":"pa_yayinevi-takdim-kitap","11":"pa_yazar-muhammed-enver-sah-el-kesmiri","13":"first","14":"instock","15":"sale","16":"shipping-taxable","17":"purchasable","18":"product-type-simple"},"_links":{"self":[{"href":"https:\/\/roveyayinevi.com.tr\/index.php\/wp-json\/wp\/v2\/product\/735651","targetHints":{"allow":["GET"]}}],"collection":[{"href":"https:\/\/roveyayinevi.com.tr\/index.php\/wp-json\/wp\/v2\/product"}],"about":[{"href":"https:\/\/roveyayinevi.com.tr\/index.php\/wp-json\/wp\/v2\/types\/product"}],"wp:attachment":[{"href":"https:\/\/roveyayinevi.com.tr\/index.php\/wp-json\/wp\/v2\/media?parent=735651"}],"wp:term":[{"taxonomy":"product_brand","embeddable":true,"href":"https:\/\/roveyayinevi.com.tr\/index.php\/wp-json\/wp\/v2\/product_brand?post=735651"},{"taxonomy":"product_cat","embeddable":true,"href":"https:\/\/roveyayinevi.com.tr\/index.php\/wp-json\/wp\/v2\/product_cat?post=735651"},{"taxonomy":"product_tag","embeddable":true,"href":"https:\/\/roveyayinevi.com.tr\/index.php\/wp-json\/wp\/v2\/product_tag?post=735651"}],"curies":[{"name":"wp","href":"https:\/\/api.w.org\/{rel}","templated":true}]}}