{"id":735624,"date":"2025-08-27T22:51:11","date_gmt":"2025-08-27T19:51:11","guid":{"rendered":"https:\/\/roveyayinevi.com.tr\/index.php\/urun\/iste-mert-okul-konseri\/"},"modified":"2026-04-16T02:43:54","modified_gmt":"2026-04-15T23:43:54","slug":"iste-mert-okul-konseri","status":"publish","type":"product","link":"https:\/\/roveyayinevi.com.tr\/index.php\/urun\/iste-mert-okul-konseri\/","title":{"rendered":"\u0130\u015fte Mert &#8211; Okul Konseri"},"content":{"rendered":"<p>KAZANIMLAR SER\u0130S\u0130   Okulda bir konser d\u00fczenlenecek. Mert, solo \u015fark\u0131 s\u00f6ylemeyi \u00e7ok istiyor ama \u00f6nce se\u00e7melerde ba\u015far\u0131l\u0131 olmas\u0131 gerekiyor. \u00dcstelik, en yak\u0131n arkada\u015f\u0131 Beren de se\u00e7melere kat\u0131lacak. Bakal\u0131m neler olacak? Cesaret ve \u00f6zg\u00fcvenin \u00f6nemini anlatan, \u00e7ok e\u011flenceli bir hik\u00e2ye! <\/p>\n","protected":false},"excerpt":{"rendered":"<p>KAZANIMLAR SER\u0130S\u0130 Okulda bir konser d\u00fczenlenecek. Mert, solo \u015fark\u0131 s\u00f6ylemeyi \u00e7ok istiyor ama \u00f6nce se\u00e7melerde ba\u015far\u0131l\u0131 olmas\u0131 gerekiyor. \u00dcstelik, en yak\u0131n arkada\u015f\u0131 Beren de se\u00e7melere kat\u0131lacak.<span class=\"excerpt-hellip\"> [\u2026]<\/span><\/p>\n","protected":false},"featured_media":0,"template":"","meta":{"_monsterinsights_skip_tracking":false,"_monsterinsights_sitenote_active":false,"_monsterinsights_sitenote_note":"","_monsterinsights_sitenote_category":0},"product_brand":[],"product_cat":[12275,12274],"product_tag":[],"class_list":{"0":"post-735624","1":"product","2":"type-product","3":"status-publish","5":"product_cat-6-12-yas-kitaplari","6":"product_cat-cocuk-ve-genclik-kitaplari","7":"pa_cilt-ciltsiz","8":"pa_tur-kitap","9":"pa_yayinevi-is-bankasi-kultur-yayinlari","10":"pa_yazar-sally-rippin","12":"first","13":"instock","14":"sale","15":"shipping-taxable","16":"purchasable","17":"product-type-simple"},"_links":{"self":[{"href":"https:\/\/roveyayinevi.com.tr\/index.php\/wp-json\/wp\/v2\/product\/735624","targetHints":{"allow":["GET"]}}],"collection":[{"href":"https:\/\/roveyayinevi.com.tr\/index.php\/wp-json\/wp\/v2\/product"}],"about":[{"href":"https:\/\/roveyayinevi.com.tr\/index.php\/wp-json\/wp\/v2\/types\/product"}],"wp:attachment":[{"href":"https:\/\/roveyayinevi.com.tr\/index.php\/wp-json\/wp\/v2\/media?parent=735624"}],"wp:term":[{"taxonomy":"product_brand","embeddable":true,"href":"https:\/\/roveyayinevi.com.tr\/index.php\/wp-json\/wp\/v2\/product_brand?post=735624"},{"taxonomy":"product_cat","embeddable":true,"href":"https:\/\/roveyayinevi.com.tr\/index.php\/wp-json\/wp\/v2\/product_cat?post=735624"},{"taxonomy":"product_tag","embeddable":true,"href":"https:\/\/roveyayinevi.com.tr\/index.php\/wp-json\/wp\/v2\/product_tag?post=735624"}],"curies":[{"name":"wp","href":"https:\/\/api.w.org\/{rel}","templated":true}]}}