{"id":735615,"date":"2025-08-27T22:51:01","date_gmt":"2025-08-27T19:51:01","guid":{"rendered":"https:\/\/roveyayinevi.com.tr\/index.php\/urun\/hak-yol-islam-yazacagiz-hasan-aksay-hatirati\/"},"modified":"2026-04-16T02:43:54","modified_gmt":"2026-04-15T23:43:54","slug":"hak-yol-islam-yazacagiz-hasan-aksay-hatirati","status":"publish","type":"product","link":"https:\/\/roveyayinevi.com.tr\/index.php\/urun\/hak-yol-islam-yazacagiz-hasan-aksay-hatirati\/","title":{"rendered":"Hak Yol \u0130slam Yazaca\u011f\u0131z &#8211; Hasan Aksay Hat\u0131rat\u0131"},"content":{"rendered":"<p>Mill\u00ee Nizam Partisi\u2019nin kurucular\u0131 aras\u0131nda yer alan Hasan Aksay, y\u0131llard\u0131r beklenen hat\u0131rat\u0131nda tek partili y\u0131llardan g\u00fcn\u00fcm\u00fcze, T\u00fcrkiye\u2019nin siyasi ve sosyal hayat\u0131na dair bir projeksiyon sunuyor.   On iki cumhurba\u015fkan\u0131yla reel siyasette \u00e7al\u0131\u015fm\u0131\u015f, ileti\u015fimde bulunmu\u015f bir isim Hasan Aksay. Hem \u00fclke siyasetinde \u00f6nemli bir yeri var hem de dindarlar\u0131n siyaset tecr\u00fcbelerine dair izlerde ilkler aras\u0131nda. Do\u011fumundan \u00f6nceki y\u0131llarda olup bitenleri b\u00fcy\u00fcklerinden dinleme imk\u00e2n\u0131 bulmas\u0131 ve sonraki d\u00f6nemlerde ya\u015fanan sosyal, ekonomik ve siyas\u00ee olaylar\u0131 bizzat deneyimlemesi onun hat\u0131rat\u0131n\u0131 daha da \u00f6nemli k\u0131l\u0131yor.   Hak Yol \u0130slam Yazaca\u011f\u0131z ge\u00e7mi\u015ften feyz al\u0131p g\u00fcn\u00fcm\u00fcze ayna tutan ger\u00e7ek bir kaynak\u2026 <\/p>\n","protected":false},"excerpt":{"rendered":"<p>Mill\u00ee Nizam Partisi\u2019nin kurucular\u0131 aras\u0131nda yer alan Hasan Aksay, y\u0131llard\u0131r beklenen hat\u0131rat\u0131nda tek partili y\u0131llardan g\u00fcn\u00fcm\u00fcze, T\u00fcrkiye\u2019nin siyasi ve sosyal hayat\u0131na dair bir projeksiyon sunuyor. On<span class=\"excerpt-hellip\"> [\u2026]<\/span><\/p>\n","protected":false},"featured_media":0,"template":"","meta":{"_monsterinsights_skip_tracking":false,"_monsterinsights_sitenote_active":false,"_monsterinsights_sitenote_note":"","_monsterinsights_sitenote_category":0},"product_brand":[],"product_cat":[14009,12291],"product_tag":[],"class_list":{"0":"post-735615","1":"product","2":"type-product","3":"status-publish","5":"product_cat-biyografi-otobiyografi-edebiyat","6":"product_cat-edebiyat","7":"pa_cilt-ciltsiz","8":"pa_tur-kitap","9":"pa_yayinevi-turkuvaz-kitap","10":"pa_yazar-nevin-meric","12":"first","13":"instock","14":"sale","15":"shipping-taxable","16":"purchasable","17":"product-type-simple"},"_links":{"self":[{"href":"https:\/\/roveyayinevi.com.tr\/index.php\/wp-json\/wp\/v2\/product\/735615","targetHints":{"allow":["GET"]}}],"collection":[{"href":"https:\/\/roveyayinevi.com.tr\/index.php\/wp-json\/wp\/v2\/product"}],"about":[{"href":"https:\/\/roveyayinevi.com.tr\/index.php\/wp-json\/wp\/v2\/types\/product"}],"wp:attachment":[{"href":"https:\/\/roveyayinevi.com.tr\/index.php\/wp-json\/wp\/v2\/media?parent=735615"}],"wp:term":[{"taxonomy":"product_brand","embeddable":true,"href":"https:\/\/roveyayinevi.com.tr\/index.php\/wp-json\/wp\/v2\/product_brand?post=735615"},{"taxonomy":"product_cat","embeddable":true,"href":"https:\/\/roveyayinevi.com.tr\/index.php\/wp-json\/wp\/v2\/product_cat?post=735615"},{"taxonomy":"product_tag","embeddable":true,"href":"https:\/\/roveyayinevi.com.tr\/index.php\/wp-json\/wp\/v2\/product_tag?post=735615"}],"curies":[{"name":"wp","href":"https:\/\/api.w.org\/{rel}","templated":true}]}}