{"id":735609,"date":"2025-08-27T22:50:54","date_gmt":"2025-08-27T19:50:54","guid":{"rendered":"https:\/\/roveyayinevi.com.tr\/index.php\/urun\/kaf-dagina-bakan-ayna\/"},"modified":"2026-04-16T02:43:53","modified_gmt":"2026-04-15T23:43:53","slug":"kaf-dagina-bakan-ayna","status":"publish","type":"product","link":"https:\/\/roveyayinevi.com.tr\/index.php\/urun\/kaf-dagina-bakan-ayna\/","title":{"rendered":"Kaf Da\u011f\u0131&#8217;na Bakan Ayna"},"content":{"rendered":"<p>Kaf Da\u011f\u0131\u2019na Bakan Ayna, edebiyat\u0131m\u0131zda \u00f6rne\u011fine ender rastlad\u0131\u011f\u0131m\u0131z t\u00fcrden tam bir poem. Masallar\u0131n ve destanlar\u0131n bu efsanevi da\u011f\u0131, \u015fiirde, \u201chakikati g\u00f6ren masal\u201d ile \u201cHakikatsiz kalan ger\u00e7ek\u201d in sembol\u00fc olarak ele al\u0131n\u0131r. \u015eair adeta Kaf Da\u011f\u0131\u2019na dev bir ayna tutarak, kendi k\u00fc\u00e7\u00fck masallar\u0131m\u0131zdan insanl\u0131\u011f\u0131n b\u00fcy\u00fck masal\u0131na giden o \u00e7etin yolu ayd\u0131nlat\u0131yor. \u015eiirde \u00e7ok bask\u0131n ve g\u00fc\u00e7l\u00fc bir leitmotif olarak yer alan Kaf Da\u011f\u0131, varl\u0131\u011f\u0131 ile insan\u00ee de\u011ferler hazinesini, yoklu\u011fu ile kaos ve bo\u015flu\u011fu simgeler. Varl\u0131\u011f\u0131 ger\u00e7ek bir zenginlik, yoklu\u011fu kendimize ait bir masal\u0131m\u0131z\u0131n olmay\u0131\u015f\u0131 anlam\u0131na gelir ki, bu da \u00e7ok b\u00fcy\u00fck bir maddi ve manevi yoksulluktur \u015faire g\u00f6re\u2026 En iyisi Mehmet \u00c7etin\u2019in Kaf Da\u011f\u0131\u2019na tuttu\u011fu aynaya bakarak kendi ger\u00e7e\u011fimizi ve kendi masal\u0131m\u0131z\u0131 seyretmek&#8230; Buyurun&#8230;<\/p>\n","protected":false},"excerpt":{"rendered":"<p>Kaf Da\u011f\u0131\u2019na Bakan Ayna, edebiyat\u0131m\u0131zda \u00f6rne\u011fine ender rastlad\u0131\u011f\u0131m\u0131z t\u00fcrden tam bir poem. Masallar\u0131n ve destanlar\u0131n bu efsanevi da\u011f\u0131, \u015fiirde, \u201chakikati g\u00f6ren masal\u201d ile \u201cHakikatsiz kalan ger\u00e7ek\u201d<span class=\"excerpt-hellip\"> [\u2026]<\/span><\/p>\n","protected":false},"featured_media":0,"template":"","meta":{"_monsterinsights_skip_tracking":false,"_monsterinsights_sitenote_active":false,"_monsterinsights_sitenote_note":"","_monsterinsights_sitenote_category":0},"product_brand":[],"product_cat":[12291,12509],"product_tag":[],"class_list":{"0":"post-735609","1":"product","2":"type-product","3":"status-publish","5":"product_cat-edebiyat","6":"product_cat-siir","7":"pa_cilt-ciltsiz","8":"pa_tur-kitap","9":"pa_yayinevi-a-kitap","10":"pa_yazar-mehmet-cetin","12":"first","13":"instock","14":"sale","15":"shipping-taxable","16":"purchasable","17":"product-type-simple"},"_links":{"self":[{"href":"https:\/\/roveyayinevi.com.tr\/index.php\/wp-json\/wp\/v2\/product\/735609","targetHints":{"allow":["GET"]}}],"collection":[{"href":"https:\/\/roveyayinevi.com.tr\/index.php\/wp-json\/wp\/v2\/product"}],"about":[{"href":"https:\/\/roveyayinevi.com.tr\/index.php\/wp-json\/wp\/v2\/types\/product"}],"wp:attachment":[{"href":"https:\/\/roveyayinevi.com.tr\/index.php\/wp-json\/wp\/v2\/media?parent=735609"}],"wp:term":[{"taxonomy":"product_brand","embeddable":true,"href":"https:\/\/roveyayinevi.com.tr\/index.php\/wp-json\/wp\/v2\/product_brand?post=735609"},{"taxonomy":"product_cat","embeddable":true,"href":"https:\/\/roveyayinevi.com.tr\/index.php\/wp-json\/wp\/v2\/product_cat?post=735609"},{"taxonomy":"product_tag","embeddable":true,"href":"https:\/\/roveyayinevi.com.tr\/index.php\/wp-json\/wp\/v2\/product_tag?post=735609"}],"curies":[{"name":"wp","href":"https:\/\/api.w.org\/{rel}","templated":true}]}}