{"id":735607,"date":"2025-08-27T22:50:53","date_gmt":"2025-08-27T19:50:53","guid":{"rendered":"https:\/\/roveyayinevi.com.tr\/index.php\/urun\/bilimin-onculeri\/"},"modified":"2026-04-16T02:43:53","modified_gmt":"2026-04-15T23:43:53","slug":"bilimin-onculeri","status":"publish","type":"product","link":"https:\/\/roveyayinevi.com.tr\/index.php\/urun\/bilimin-onculeri\/","title":{"rendered":"Bilimin \u00d6nc\u00fcleri"},"content":{"rendered":"<p>D\u00fcnya tarihi bir bak\u0131ma b\u00fcy\u00fck insanlar\u0131n tarihidir. Bu kitap, bilimin tarihini b\u00fcy\u00fck mimarlar\u0131 \u00fczerinden eleal\u0131yor. Ar\u015fimet\u2019ten \u00d6klid\u2019e, Leoanardo\u2019dan Kopernik\u2019e, Darwin\u2019den Newton\u2019a, Einstein\u2019dan Heisenberg\u2019ebilimin g\u00f6rkemli yolculu\u011funa kat\u0131lmaya davet ediyor.Kitap, bilim etkinli\u011finin anlam ve y\u00f6ntemine ili\u015fkin sa\u011flam bir kavray\u0131\u015f olu\u015fturma yan\u0131nda, bu etkinli\u011fi\u00e7al\u0131\u015fmalar\u0131yla \u00f6rnekleyen \u00f6nc\u00fc bilim insanlar\u0131n\u0131n \u00f6zg\u00fcn yanlar\u0131n\u0131 ve bilim tarihindeki yerlerini g\u00f6stermeyiama\u00e7l\u0131yor.<\/p>\n","protected":false},"excerpt":{"rendered":"<p>D\u00fcnya tarihi bir bak\u0131ma b\u00fcy\u00fck insanlar\u0131n tarihidir. Bu kitap, bilimin tarihini b\u00fcy\u00fck mimarlar\u0131 \u00fczerinden eleal\u0131yor. Ar\u015fimet\u2019ten \u00d6klid\u2019e, Leoanardo\u2019dan Kopernik\u2019e, Darwin\u2019den Newton\u2019a, Einstein\u2019dan Heisenberg\u2019ebilimin g\u00f6rkemli yolculu\u011funa kat\u0131lmaya<span class=\"excerpt-hellip\"> [\u2026]<\/span><\/p>\n","protected":false},"featured_media":0,"template":"","meta":{"_monsterinsights_skip_tracking":false,"_monsterinsights_sitenote_active":false,"_monsterinsights_sitenote_note":"","_monsterinsights_sitenote_category":0},"product_brand":[],"product_cat":[13005,15998],"product_tag":[],"class_list":{"0":"post-735607","1":"product","2":"type-product","3":"status-publish","5":"product_cat-bilim-muhendislik","6":"product_cat-bilim-tarihi","7":"pa_cilt-ciltsiz","8":"pa_tur-kitap","9":"pa_yayinevi-fol-kitap","10":"pa_yazar-cemal-yildirim","12":"first","13":"instock","14":"sale","15":"shipping-taxable","16":"purchasable","17":"product-type-simple"},"_links":{"self":[{"href":"https:\/\/roveyayinevi.com.tr\/index.php\/wp-json\/wp\/v2\/product\/735607","targetHints":{"allow":["GET"]}}],"collection":[{"href":"https:\/\/roveyayinevi.com.tr\/index.php\/wp-json\/wp\/v2\/product"}],"about":[{"href":"https:\/\/roveyayinevi.com.tr\/index.php\/wp-json\/wp\/v2\/types\/product"}],"wp:attachment":[{"href":"https:\/\/roveyayinevi.com.tr\/index.php\/wp-json\/wp\/v2\/media?parent=735607"}],"wp:term":[{"taxonomy":"product_brand","embeddable":true,"href":"https:\/\/roveyayinevi.com.tr\/index.php\/wp-json\/wp\/v2\/product_brand?post=735607"},{"taxonomy":"product_cat","embeddable":true,"href":"https:\/\/roveyayinevi.com.tr\/index.php\/wp-json\/wp\/v2\/product_cat?post=735607"},{"taxonomy":"product_tag","embeddable":true,"href":"https:\/\/roveyayinevi.com.tr\/index.php\/wp-json\/wp\/v2\/product_tag?post=735607"}],"curies":[{"name":"wp","href":"https:\/\/api.w.org\/{rel}","templated":true}]}}