{"id":735567,"date":"2025-08-27T22:50:10","date_gmt":"2025-08-27T19:50:10","guid":{"rendered":"https:\/\/roveyayinevi.com.tr\/index.php\/urun\/dus-kapani\/"},"modified":"2026-04-13T02:52:31","modified_gmt":"2026-04-12T23:52:31","slug":"dus-kapani","status":"publish","type":"product","link":"https:\/\/roveyayinevi.com.tr\/index.php\/urun\/dus-kapani\/","title":{"rendered":"D\u00fc\u015f Kapan\u0131"},"content":{"rendered":"<p>\u015e\u00fckrederek \u00e7aba harcamak en gizli hazinesiydi\u2026   Ko\u015fuyordu. K\u00fc\u00e7\u00fcc\u00fck bedeni ne kadar h\u0131zl\u0131 ko\u015fabilirse o da o kadar h\u0131zl\u0131yd\u0131. Birbiri ard\u0131na yere vuran ayaklar\u0131n\u0131n sesi t\u00fcm benli\u011fini kaplad\u0131. Nereye gitti\u011fini bilmiyordu. Tek bildi\u011fi, ka\u00e7mas\u0131 gerekti\u011fiydi. Ald\u0131\u011f\u0131 her nefeste yanan ci\u011ferlerinden ve yerinden f\u0131rlayacak gibi atan kalbinden ba\u015fka bir \u015fey hissetmiyordu. Sendeledi, ama d\u00fc\u015fmedi. Sert bir el, onu tuttu\u011fu gibi bu k\u00e2busun ba\u015frol\u00fc olmaya mahk\u00fbm etti.   Baz\u0131lar\u0131n\u0131n hayat\u0131 soluksuz bir s\u0131nav gibidir. Gece g\u00fcnd\u00fcz dur durak bilmeden, annesizlikte, babas\u0131zl\u0131kta, sevgisizlikte, ayr\u0131l\u0131kta ve istenmeyen kavu\u015fmalarda, istenmeyen bulu\u015fmalarda s\u0131nar durur insan\u0131. Bunlar\u0131n nerede bitece\u011fini bilmeden, bitip bitmeyece\u011fini bilmeden, g\u00fc\u00e7 yeterse elif gibi dik durmaya \u00e7al\u0131\u015farak verirsin s\u0131nav\u0131n\u0131. Ve sabredenler i\u00e7in \u0131l\u0131k meltemler vard\u0131r.   Ya\u015fad\u0131\u011f\u0131 her \u015feyin bir dengesi, bir nedeni vard\u0131. \u015eik\u00e2yet etmek yersizdi. Bir yanda sabr\u0131n, di\u011fer yanda \u015f\u00fckr\u00fcn tart\u0131ld\u0131\u011f\u0131 terazi gibiydi onun hayat\u0131.   &#8220;Ger\u00e7ekten biz Ey\u00fcp\u2019\u00fc sab\u0131rl\u0131 (bir kul olarak) bulmu\u015ftuk. O, ne iyi kuldu! Daima Allah&#8217;a y\u00f6nelirdi.&#8221; <\/p>\n","protected":false},"excerpt":{"rendered":"<p>\u015e\u00fckrederek \u00e7aba harcamak en gizli hazinesiydi\u2026 Ko\u015fuyordu. K\u00fc\u00e7\u00fcc\u00fck bedeni ne kadar h\u0131zl\u0131 ko\u015fabilirse o da o kadar h\u0131zl\u0131yd\u0131. Birbiri ard\u0131na yere vuran ayaklar\u0131n\u0131n sesi t\u00fcm benli\u011fini<span class=\"excerpt-hellip\"> [\u2026]<\/span><\/p>\n","protected":false},"featured_media":0,"template":"","meta":{"_monsterinsights_skip_tracking":false,"_monsterinsights_sitenote_active":false,"_monsterinsights_sitenote_note":"","_monsterinsights_sitenote_category":0},"product_brand":[],"product_cat":[12291,12711],"product_tag":[],"class_list":{"0":"post-735567","1":"product","2":"type-product","3":"status-publish","5":"product_cat-edebiyat","6":"product_cat-roman-oyku","7":"pa_cilt-ciltsiz","8":"pa_tur-kitap","9":"pa_yayinevi-hayykitap","10":"pa_yazar-busra-tugba-koc","12":"first","13":"instock","14":"sale","15":"shipping-taxable","16":"purchasable","17":"product-type-simple"},"_links":{"self":[{"href":"https:\/\/roveyayinevi.com.tr\/index.php\/wp-json\/wp\/v2\/product\/735567","targetHints":{"allow":["GET"]}}],"collection":[{"href":"https:\/\/roveyayinevi.com.tr\/index.php\/wp-json\/wp\/v2\/product"}],"about":[{"href":"https:\/\/roveyayinevi.com.tr\/index.php\/wp-json\/wp\/v2\/types\/product"}],"wp:attachment":[{"href":"https:\/\/roveyayinevi.com.tr\/index.php\/wp-json\/wp\/v2\/media?parent=735567"}],"wp:term":[{"taxonomy":"product_brand","embeddable":true,"href":"https:\/\/roveyayinevi.com.tr\/index.php\/wp-json\/wp\/v2\/product_brand?post=735567"},{"taxonomy":"product_cat","embeddable":true,"href":"https:\/\/roveyayinevi.com.tr\/index.php\/wp-json\/wp\/v2\/product_cat?post=735567"},{"taxonomy":"product_tag","embeddable":true,"href":"https:\/\/roveyayinevi.com.tr\/index.php\/wp-json\/wp\/v2\/product_tag?post=735567"}],"curies":[{"name":"wp","href":"https:\/\/api.w.org\/{rel}","templated":true}]}}