{"id":735565,"date":"2025-08-27T22:50:09","date_gmt":"2025-08-27T19:50:09","guid":{"rendered":"https:\/\/roveyayinevi.com.tr\/index.php\/urun\/kacak-robot\/"},"modified":"2026-04-16T02:43:51","modified_gmt":"2026-04-15T23:43:51","slug":"kacak-robot","status":"publish","type":"product","link":"https:\/\/roveyayinevi.com.tr\/index.php\/urun\/kacak-robot\/","title":{"rendered":"Ka\u00e7ak Robot"},"content":{"rendered":"<p>Ya en iyi arkada\u015f\u0131n bir robot olsayd\u0131?Benim Ad\u0131m Hi\u00e7 Kimse kitab\u0131ndan tan\u0131d\u0131\u011f\u0131m\u0131z bol \u00f6d\u00fcll\u00fc yazar Frank Cottrell-Boyce&#8217;un kaleme ald\u0131\u011f\u0131 Ka\u00e7ak Robot, yapay zek\u00e2 \u00e7a\u011f\u0131nda robot-insan ili\u015fkilerine matrak bir parantez a\u00e7\u0131yor; imk\u00e2ns\u0131z gibi g\u00f6r\u00fcnen bir dostlu\u011fu m\u00fcthi\u015f bir hik\u00e2yeyle bulu\u015fturuyor. Vazifesi u\u011fruna \u015f\u00f6valyeye bile d\u00f6n\u00fc\u015febilen as\u0131rl\u0131k bir robot ile ge\u00e7mi\u015fteki baz\u0131 olaylar\u0131 hat\u0131rlamaktan \u0131srarla ka\u00e7\u0131nan yar\u0131-mekanik bir \u00e7ocu\u011fun dedektiflik filmlerini aratmayan maceralar\u0131n\u0131 konu edinen roman, hem e\u011flendiren hem de d\u00fc\u015f\u00fcnd\u00fcren sat\u0131rlar\u0131yla okura bamba\u015fka duygular ya\u015fat\u0131yor. Bedensel engellili\u011fi bir yoksunluktan ziyade ay\u0131rt edici bir fiziksel \u00f6zellik olarak tan\u0131mlayan yazar, insan v\u00fccudunu b\u00fct\u00fcnlemeye yarayan yapay uzuvlar\u0131 \u201cnormalle\u015ftirerek\u201d zihinlerdeki engelli kavram\u0131n\u0131 yeniden \u015fekillendiriyor. Alfie insanlara elini verdi. Hay\u0131r hay\u0131r, elini uzatmad\u0131; elini \u00e7\u0131kar\u0131p verdi. \u0130nsanlar o ele bakakald\u0131, \u00e7\u00fcnk\u00fc Alfie&#8217;nin eli Uzuv Lab&#8217;da \u00fcretilen kusursuz bir protezdi! Son teknoloji harikas\u0131 yapay bir elin pek \u00e7ok mahareti olsa da Alfie&#8217;nin haf\u0131zas\u0131ndaki bo\u015fluklar, bile\u011fine s\u0131k\u0131 s\u0131k\u0131 tutturdu\u011fu bu avantaj\u0131 tam tersine \u00e7evirmek \u00fczereydi. Ta ki bir g\u00fcn kibarl\u0131k timsali, hakiki bir robotla yollar\u0131 kesi\u015fene dek. Fakat robot Eric&#8217;in eksikleri Alfie&#8217;ninkinden de b\u00fcy\u00fckt\u00fc: bir adet sol bacak, yerine getirilmesi gereken m\u00fchim bir vazifenin yoksunlu\u011fu, zihnindeki devasa kar\u0131\u015f\u0131kl\u0131k ve yitirilmi\u015f bir hayat amac\u0131&#8230; Alfie ile Eric, muhte\u015fem bir maceraya at\u0131lmak zorundayd\u0131. Frank Cottrell-Boyce Ka\u00e7ak Robot&#8217;ta zorlu bir g\u00f6reve giri\u015fiyor ve kaybedilmi\u015f \u015feylerin aras\u0131na umut tohumlar\u0131 serpi\u015ftirerek dokunakl\u0131 bir kader arkada\u015fl\u0131\u011f\u0131n\u0131n temellerini at\u0131yor. Sava\u015f kar\u015f\u0131tl\u0131\u011f\u0131 hususunda da \u00f6nemli \u00e7\u0131kar\u0131mlarda bulunan eser; sava\u015flar\u0131n sadece, insanlara verdi\u011fi zarar sona erdi\u011finde bitece\u011fi ger\u00e7e\u011fine vurgu yap\u0131yor.<\/p>\n","protected":false},"excerpt":{"rendered":"<p>Ya en iyi arkada\u015f\u0131n bir robot olsayd\u0131?Benim Ad\u0131m Hi\u00e7 Kimse kitab\u0131ndan tan\u0131d\u0131\u011f\u0131m\u0131z bol \u00f6d\u00fcll\u00fc yazar Frank Cottrell-Boyce&#8217;un kaleme ald\u0131\u011f\u0131 Ka\u00e7ak Robot, yapay zek\u00e2 \u00e7a\u011f\u0131nda robot-insan ili\u015fkilerine<span class=\"excerpt-hellip\"> [\u2026]<\/span><\/p>\n","protected":false},"featured_media":0,"template":"","meta":{"_monsterinsights_skip_tracking":false,"_monsterinsights_sitenote_active":false,"_monsterinsights_sitenote_note":"","_monsterinsights_sitenote_category":0},"product_brand":[],"product_cat":[12275,12274],"product_tag":[],"class_list":{"0":"post-735565","1":"product","2":"type-product","3":"status-publish","5":"product_cat-6-12-yas-kitaplari","6":"product_cat-cocuk-ve-genclik-kitaplari","7":"pa_cilt-ciltsiz","8":"pa_tur-kitap","9":"pa_yayinevi-tudem-yayinlari","10":"pa_yazar-frank-cottrell-boyce","12":"first","13":"instock","14":"sale","15":"shipping-taxable","16":"purchasable","17":"product-type-simple"},"_links":{"self":[{"href":"https:\/\/roveyayinevi.com.tr\/index.php\/wp-json\/wp\/v2\/product\/735565","targetHints":{"allow":["GET"]}}],"collection":[{"href":"https:\/\/roveyayinevi.com.tr\/index.php\/wp-json\/wp\/v2\/product"}],"about":[{"href":"https:\/\/roveyayinevi.com.tr\/index.php\/wp-json\/wp\/v2\/types\/product"}],"wp:attachment":[{"href":"https:\/\/roveyayinevi.com.tr\/index.php\/wp-json\/wp\/v2\/media?parent=735565"}],"wp:term":[{"taxonomy":"product_brand","embeddable":true,"href":"https:\/\/roveyayinevi.com.tr\/index.php\/wp-json\/wp\/v2\/product_brand?post=735565"},{"taxonomy":"product_cat","embeddable":true,"href":"https:\/\/roveyayinevi.com.tr\/index.php\/wp-json\/wp\/v2\/product_cat?post=735565"},{"taxonomy":"product_tag","embeddable":true,"href":"https:\/\/roveyayinevi.com.tr\/index.php\/wp-json\/wp\/v2\/product_tag?post=735565"}],"curies":[{"name":"wp","href":"https:\/\/api.w.org\/{rel}","templated":true}]}}