{"id":735554,"date":"2025-08-27T22:49:56","date_gmt":"2025-08-27T19:49:56","guid":{"rendered":"https:\/\/roveyayinevi.com.tr\/index.php\/urun\/asiri-metalasma-caginda-konutu-savunmak\/"},"modified":"2026-04-16T02:43:51","modified_gmt":"2026-04-15T23:43:51","slug":"asiri-metalasma-caginda-konutu-savunmak","status":"publish","type":"product","link":"https:\/\/roveyayinevi.com.tr\/index.php\/urun\/asiri-metalasma-caginda-konutu-savunmak\/","title":{"rendered":"A\u015f\u0131r\u0131 Metala\u015fma \u00c7a\u011f\u0131nda Konutu Savunmak"},"content":{"rendered":"<p>G\u00fcn\u00fcm\u00fczde d\u00fcnyan\u0131n b\u00fct\u00fcn b\u00fcy\u00fck kentlerinde konut krizi ya\u015fan\u0131yor. Buraya nas\u0131l gelindi ve bu konuda neler yapabiliriz? Konut herkesin ihtiyac\u0131 ve hakk\u0131d\u0131r. Fakat bug\u00fcn, yuvam\u0131z olan konutlar birer metaya d\u00f6n\u00fc\u015ft\u00fcr\u00fclmektedir ve bu durum, kentlerdeki e\u015fitsizli\u011fi daha da a\u011f\u0131rla\u015ft\u0131rmaktad\u0131r. Gayrimenkul k\u00e2rlar\u0131, toplumsal ihtiya\u00e7 olarak konuttan daha \u00f6nemli hale gelmi\u015ftir. Yoksullar daha k\u00f6t\u00fc konutlar i\u00e7in daha fazla \u00f6demek zorunda kalmakta, mahalle topluluklar\u0131 kentsel yenileme yoluyla se\u00e7kinle\u015ftirmenin ve yerinden edilmenin \u015fiddetine maruz kalmaktad\u0131rlar. \u0130nsana yara\u015f\u0131r konut sahibi olmak ya da b\u00f6yle bir konutta ya\u015famak, bug\u00fcn ancak ekonomik g\u00fcc\u00fc buna yetenlerin eri\u015febilece\u011fi bir toplumsal ayr\u0131cal\u0131\u011fa d\u00f6n\u00fc\u015fm\u00fc\u015ft\u00fcr Konutu Savunmak \u00f6nde gelen kent planlamac\u0131lar\u0131ndan Peter Marcuse ile sosyolog David Madden\u2019in konut krizini mercek alt\u0131na ald\u0131klar\u0131 kapsaml\u0131 bir \u00e7al\u0131\u015fmad\u0131r. Marcuse ve Madden, konut krizinin nedenlerini ve sonu\u00e7lar\u0131n\u0131 inceleyip ilerici alternatiflere olan ihtiyac\u0131 ayr\u0131nt\u0131lar\u0131yla ortaya koyuyorlar. Konut krizinin palyatif politika de\u011fi\u015fiklikleriyle \u00e7\u00f6z\u00fclemeyece\u011fini ileri s\u00fcr\u00fcyorlar. Konut krizinin derin siyasi ve ekonomik k\u00f6kenleri vard\u0131r. Bu y\u00fczden de \u00e7\u00f6z\u00fcm, krize verilecek radikal bir kar\u015f\u0131l\u0131\u011f\u0131 gerekli k\u0131lmaktad\u0131r. <\/p>\n","protected":false},"excerpt":{"rendered":"<p>G\u00fcn\u00fcm\u00fczde d\u00fcnyan\u0131n b\u00fct\u00fcn b\u00fcy\u00fck kentlerinde konut krizi ya\u015fan\u0131yor. Buraya nas\u0131l gelindi ve bu konuda neler yapabiliriz? Konut herkesin ihtiyac\u0131 ve hakk\u0131d\u0131r. Fakat bug\u00fcn, yuvam\u0131z olan konutlar<span class=\"excerpt-hellip\"> [\u2026]<\/span><\/p>\n","protected":false},"featured_media":0,"template":"","meta":{"_monsterinsights_skip_tracking":false,"_monsterinsights_sitenote_active":false,"_monsterinsights_sitenote_note":"","_monsterinsights_sitenote_category":0},"product_brand":[],"product_cat":[13489,13488],"product_tag":[],"class_list":{"0":"post-735554","1":"product","2":"type-product","3":"status-publish","5":"product_cat-populer-kultur","6":"product_cat-toplum-ve-insan","7":"pa_cilt-ciltsiz","8":"pa_tur-kitap","9":"pa_yayinevi-idealkent-yayincilik","10":"pa_yazar-david-madden-peter-marcuse","12":"first","13":"instock","14":"sale","15":"shipping-taxable","16":"purchasable","17":"product-type-simple"},"_links":{"self":[{"href":"https:\/\/roveyayinevi.com.tr\/index.php\/wp-json\/wp\/v2\/product\/735554","targetHints":{"allow":["GET"]}}],"collection":[{"href":"https:\/\/roveyayinevi.com.tr\/index.php\/wp-json\/wp\/v2\/product"}],"about":[{"href":"https:\/\/roveyayinevi.com.tr\/index.php\/wp-json\/wp\/v2\/types\/product"}],"wp:attachment":[{"href":"https:\/\/roveyayinevi.com.tr\/index.php\/wp-json\/wp\/v2\/media?parent=735554"}],"wp:term":[{"taxonomy":"product_brand","embeddable":true,"href":"https:\/\/roveyayinevi.com.tr\/index.php\/wp-json\/wp\/v2\/product_brand?post=735554"},{"taxonomy":"product_cat","embeddable":true,"href":"https:\/\/roveyayinevi.com.tr\/index.php\/wp-json\/wp\/v2\/product_cat?post=735554"},{"taxonomy":"product_tag","embeddable":true,"href":"https:\/\/roveyayinevi.com.tr\/index.php\/wp-json\/wp\/v2\/product_tag?post=735554"}],"curies":[{"name":"wp","href":"https:\/\/api.w.org\/{rel}","templated":true}]}}