{"id":735519,"date":"2025-08-27T22:49:21","date_gmt":"2025-08-27T19:49:21","guid":{"rendered":"https:\/\/roveyayinevi.com.tr\/index.php\/urun\/irade-terbiyesi-5\/"},"modified":"2026-04-08T02:53:06","modified_gmt":"2026-04-07T23:53:06","slug":"irade-terbiyesi-5","status":"publish","type":"product","link":"https:\/\/roveyayinevi.com.tr\/index.php\/urun\/irade-terbiyesi-5\/","title":{"rendered":"\u0130rade Terbiyesi"},"content":{"rendered":"<p>Yay\u0131mland\u0131\u011f\u0131 g\u00fcnden bu yana milyonlarca e\u011fitimcinin ve gencin ba\u015f ucu kitab\u0131 olan \u0130rade Terbiyesi, ad\u0131m ad\u0131m tembellikle nas\u0131l m\u00fccadele edilece\u011fini anlat\u0131yor. Kitab\u0131n yazar\u0131 Jules Payot, \u00f6zellikle gen\u00e7lere seslenirken geli\u015fmemizi engelleyen tembel arkada\u015flardan, dikkatimizi da\u011f\u0131tan olaylardan ve bizi yava\u015flatan al\u0131\u015fkanl\u0131klardan nas\u0131l kurtulabilece\u011fimize dair \u00f6neriler sunuyor.Edebiyat\u0131m\u0131z\u0131n usta kalemlerinden Cemil Meri\u00e7\u2019in \u201cDisiplin i\u00e7inde \u00e7al\u0131\u015fmay\u0131 bu kitaptan \u00f6\u011frendim.\u201d diyerek \u00f6nemine vurgu yapt\u0131\u011f\u0131 \u0130rade Terbiyesi, ki\u015fisel geli\u015fim yolculu\u011funa \u00e7\u0131kan herkese iyi yol arkada\u015f\u0131 olmay\u0131 vadediyor.<\/p>\n","protected":false},"excerpt":{"rendered":"<p>Yay\u0131mland\u0131\u011f\u0131 g\u00fcnden bu yana milyonlarca e\u011fitimcinin ve gencin ba\u015f ucu kitab\u0131 olan \u0130rade Terbiyesi, ad\u0131m ad\u0131m tembellikle nas\u0131l m\u00fccadele edilece\u011fini anlat\u0131yor. Kitab\u0131n yazar\u0131 Jules Payot, \u00f6zellikle<span class=\"excerpt-hellip\"> [\u2026]<\/span><\/p>\n","protected":false},"featured_media":0,"template":"","meta":{"_monsterinsights_skip_tracking":false,"_monsterinsights_sitenote_active":false,"_monsterinsights_sitenote_note":"","_monsterinsights_sitenote_category":0},"product_brand":[],"product_cat":[12364,12376],"product_tag":[],"class_list":{"0":"post-735519","1":"product","2":"type-product","3":"status-publish","5":"product_cat-genel-konular","6":"product_cat-kisisel-gelisim","7":"pa_cilt-ciltsiz","8":"pa_tur-kitap","9":"pa_yayinevi-yediveren-yayinlari","10":"pa_yazar-jules-payot","12":"first","13":"instock","14":"sale","15":"shipping-taxable","16":"purchasable","17":"product-type-simple"},"_links":{"self":[{"href":"https:\/\/roveyayinevi.com.tr\/index.php\/wp-json\/wp\/v2\/product\/735519","targetHints":{"allow":["GET"]}}],"collection":[{"href":"https:\/\/roveyayinevi.com.tr\/index.php\/wp-json\/wp\/v2\/product"}],"about":[{"href":"https:\/\/roveyayinevi.com.tr\/index.php\/wp-json\/wp\/v2\/types\/product"}],"wp:attachment":[{"href":"https:\/\/roveyayinevi.com.tr\/index.php\/wp-json\/wp\/v2\/media?parent=735519"}],"wp:term":[{"taxonomy":"product_brand","embeddable":true,"href":"https:\/\/roveyayinevi.com.tr\/index.php\/wp-json\/wp\/v2\/product_brand?post=735519"},{"taxonomy":"product_cat","embeddable":true,"href":"https:\/\/roveyayinevi.com.tr\/index.php\/wp-json\/wp\/v2\/product_cat?post=735519"},{"taxonomy":"product_tag","embeddable":true,"href":"https:\/\/roveyayinevi.com.tr\/index.php\/wp-json\/wp\/v2\/product_tag?post=735519"}],"curies":[{"name":"wp","href":"https:\/\/api.w.org\/{rel}","templated":true}]}}