{"id":735496,"date":"2025-08-27T22:48:59","date_gmt":"2025-08-27T19:48:59","guid":{"rendered":"https:\/\/roveyayinevi.com.tr\/index.php\/urun\/keban-projesi-calismalari-seti-6-kitap\/"},"modified":"2025-11-21T07:23:08","modified_gmt":"2025-11-21T04:23:08","slug":"keban-projesi-calismalari-seti-6-kitap","status":"publish","type":"product","link":"https:\/\/roveyayinevi.com.tr\/index.php\/urun\/keban-projesi-calismalari-seti-6-kitap\/","title":{"rendered":"Keban Projesi \u00c7al\u0131\u015fmalar\u0131 Seti (6 Kitap)"},"content":{"rendered":"<p>Keban Projesi \u00c7al\u0131\u015fmalar\u0131 Seti (6 Kitap)(1969-1970-1971-1972-1973-1974-1975) <\/p>\n","protected":false},"excerpt":{"rendered":"<p>Keban Projesi \u00c7al\u0131\u015fmalar\u0131 Seti (6 Kitap)(1969-1970-1971-1972-1973-1974-1975)<\/p>\n","protected":false},"featured_media":0,"template":"","meta":{"_monsterinsights_skip_tracking":false,"_monsterinsights_sitenote_active":false,"_monsterinsights_sitenote_note":"","_monsterinsights_sitenote_category":0},"product_brand":[],"product_cat":[52477,52478],"product_tag":[],"class_list":{"0":"post-735496","1":"product","2":"type-product","3":"status-publish","5":"product_cat-arastirma","6":"product_cat-arkeoloji","7":"pa_cilt-set","8":"pa_tur-kitap","9":"pa_yayinevi-orta-dogu-teknik-universitesi-yayinlari","10":"pa_yazar-orta-dogu-teknik-universitesi-yayinlari-kolektif","12":"first","13":"instock","14":"sale","15":"shipping-taxable","16":"purchasable","17":"product-type-simple"},"_links":{"self":[{"href":"https:\/\/roveyayinevi.com.tr\/index.php\/wp-json\/wp\/v2\/product\/735496","targetHints":{"allow":["GET"]}}],"collection":[{"href":"https:\/\/roveyayinevi.com.tr\/index.php\/wp-json\/wp\/v2\/product"}],"about":[{"href":"https:\/\/roveyayinevi.com.tr\/index.php\/wp-json\/wp\/v2\/types\/product"}],"wp:attachment":[{"href":"https:\/\/roveyayinevi.com.tr\/index.php\/wp-json\/wp\/v2\/media?parent=735496"}],"wp:term":[{"taxonomy":"product_brand","embeddable":true,"href":"https:\/\/roveyayinevi.com.tr\/index.php\/wp-json\/wp\/v2\/product_brand?post=735496"},{"taxonomy":"product_cat","embeddable":true,"href":"https:\/\/roveyayinevi.com.tr\/index.php\/wp-json\/wp\/v2\/product_cat?post=735496"},{"taxonomy":"product_tag","embeddable":true,"href":"https:\/\/roveyayinevi.com.tr\/index.php\/wp-json\/wp\/v2\/product_tag?post=735496"}],"curies":[{"name":"wp","href":"https:\/\/api.w.org\/{rel}","templated":true}]}}