{"id":735472,"date":"2025-08-27T22:48:33","date_gmt":"2025-08-27T19:48:33","guid":{"rendered":"https:\/\/roveyayinevi.com.tr\/index.php\/urun\/yeniseyen-seyhuna-turkler\/"},"modified":"2026-04-16T02:43:47","modified_gmt":"2026-04-15T23:43:47","slug":"yeniseyen-seyhuna-turkler","status":"publish","type":"product","link":"https:\/\/roveyayinevi.com.tr\/index.php\/urun\/yeniseyen-seyhuna-turkler\/","title":{"rendered":"Yenisey&#8217;en Seyhun&#8217;a T\u00fcrkler"},"content":{"rendered":"<p>ORTA ASYA\u2019NIN DER\u0130NLER\u0130NDENT\u00dcRKLER\u0130N K\u00d6KEN\u0130NE YOLCULUK\u2026\u0130slam-\u00f6ncesi T\u00fcrk Tarihi denildi\u011finde ilk akla gelenler genellikle Hunlar, G\u00f6kt\u00fcrkler ve Uygurlard\u0131r. Ancak bu d\u00f6nemde \u00f6nemli roller oynam\u0131\u015f ve T\u00fcrk tarihine damga vurmu\u015f ba\u015fka topluluklar da vard\u0131r. B\u00fcy\u00fck devletler kurmad\u0131klar\u0131 i\u00e7in yeterince ilgi g\u00f6rmeyen bu topluluklar aras\u0131nda K\u0131rg\u0131zlar, T\u00fcrgi\u015fler, Karluklar ve O\u011fuzlar bulunmaktad\u0131r.M\u00d6 3. y\u00fczy\u0131lda Yenisey k\u0131y\u0131lar\u0131nda ortaya \u00e7\u0131kan ve bilinen en eski T\u00fcrk topluluklar\u0131ndan birisi olan K\u0131rg\u0131zlar, ayn\u0131 zamanda adlar\u0131n\u0131 en uzun s\u00fcre koruyan T\u00fcrk halk\u0131 olmu\u015flard\u0131r. Tarihleri boyunca Hunlar, G\u00f6kt\u00fcrkler, Uygurlar ile Mo\u011follara ba\u011flanm\u0131\u015flar, bu devletlere kar\u015f\u0131 s\u0131kl\u0131kla ayaklanm\u0131\u015flar ve 840\u2019ta Uygur Ka\u011fanl\u0131\u011f\u0131\u2019n\u0131 y\u0131karak T\u00fcrk tarihinin ak\u0131\u015f\u0131n\u0131 de\u011fi\u015ftirmi\u015flerdir. T\u00fcrgi\u015fler ise, 7. y\u00fczy\u0131lda Bat\u0131 G\u00f6kt\u00fcrk Ka\u011fanl\u0131\u011f\u0131\u2019n\u0131n topraklar\u0131nda ya\u015fayan On Oklar\u0131n bir boyu olarak ortaya \u00e7\u0131km\u0131\u015flard\u0131r. 766\u2019da y\u0131k\u0131lana kadar G\u00f6kt\u00fcrklerle m\u00fccadele etmi\u015fler, T\u00fcrkistan\u2019daki Arap ve \u00c7in ilerleyi\u015flerini de durdurmu\u015flard\u0131r.7. y\u00fczy\u0131l\u0131n ilk yar\u0131s\u0131nda Altaylar\u0131n bat\u0131s\u0131nda G\u00f6kt\u00fcrklerle akraba bir halk olarak ortaya \u00e7\u0131kan Karluklar, G\u00f6kt\u00fcrklere ve Uygurlara ba\u011flanm\u0131\u015flarsa da f\u0131rsat bulduk\u00e7a ayaklanm\u0131\u015flard\u0131r. Tarihte oynad\u0131klar\u0131 en \u00f6nemli rollerden birisi, 751 y\u0131l\u0131ndaki Talas Sava\u015f\u0131\u2019nda Abbas\u00eeleri destekleyerek \u00c7inlilerin T\u00fcrkistan\u2019daki yay\u0131lmalar\u0131n\u0131 sona erdirmi\u015f olmalar\u0131d\u0131r. Karluklar, M\u00fcsl\u00fcman olan ilk T\u00fcrk topluluklar\u0131ndan birisidir. O\u011fuzlar, 8.-11. y\u00fczy\u0131llar aras\u0131nda bir Yabguluk olarak Seyhun\u2019un kuzeyinde ya\u015fam\u0131\u015f bir T\u00fcrk halk\u0131d\u0131r. Bug\u00fcnk\u00fc T\u00fcrkiye, Azerbaycan ile T\u00fcrkmenistan gibi \u00fclkelerde ya\u015fayan T\u00fcrklerin \u00e7o\u011funun atalar\u0131 olan O\u011fuzlar, kalabal\u0131k boylardan olu\u015fmu\u015flar ve kom\u015fular\u0131yla yo\u011fun \u00e7at\u0131\u015fmalar ya\u015fam\u0131\u015flard\u0131r. Bir b\u00f6l\u00fcm\u00fc Avrupa\u2019ya g\u00f6\u00e7 ederken \u00e7o\u011fu M\u00fcsl\u00fcman olarak Sel\u00e7uklular\u0131n ve sonras\u0131nda Osmanl\u0131lar, Akkoyunlular, Karakoyunlular ve Safev\u00eeler gibi devletlerin kurulu\u015funu sa\u011flam\u0131\u015ft\u0131r.Do\u00e7. Dr. Hayrettin \u0130hsan Erko\u00e7, Yenisey\u2019den Seyhun\u2019a T\u00fcrkler adl\u0131 bu kitab\u0131yla K\u0131rg\u0131zlar, T\u00fcrgi\u015fler, Karluklar ve O\u011fuzlar\u0131n d\u00fcnyas\u0131na Eski T\u00fcrk yaz\u0131tlar\u0131, \u00c7in kaynaklar\u0131 ve \u0130slam\u00ee kaynaklarla \u0131\u015f\u0131k tutuyor.<\/p>\n","protected":false},"excerpt":{"rendered":"<p>ORTA ASYA\u2019NIN DER\u0130NLER\u0130NDENT\u00dcRKLER\u0130N K\u00d6KEN\u0130NE YOLCULUK\u2026\u0130slam-\u00f6ncesi T\u00fcrk Tarihi denildi\u011finde ilk akla gelenler genellikle Hunlar, G\u00f6kt\u00fcrkler ve Uygurlard\u0131r. Ancak bu d\u00f6nemde \u00f6nemli roller oynam\u0131\u015f ve T\u00fcrk tarihine damga<span class=\"excerpt-hellip\"> [\u2026]<\/span><\/p>\n","protected":false},"featured_media":0,"template":"","meta":{"_monsterinsights_skip_tracking":false,"_monsterinsights_sitenote_active":false,"_monsterinsights_sitenote_note":"","_monsterinsights_sitenote_category":0},"product_brand":[],"product_cat":[12304,13650],"product_tag":[],"class_list":{"0":"post-735472","1":"product","2":"type-product","3":"status-publish","5":"product_cat-tarih","6":"product_cat-turk-tarihi-arastirmalari","7":"pa_cilt-ciltsiz","8":"pa_tur-kitap","9":"pa_yayinevi-kronik-kitap","10":"pa_yazar-hayrettin-ihsan-erkoc","12":"first","13":"instock","14":"sale","15":"shipping-taxable","16":"purchasable","17":"product-type-simple"},"_links":{"self":[{"href":"https:\/\/roveyayinevi.com.tr\/index.php\/wp-json\/wp\/v2\/product\/735472","targetHints":{"allow":["GET"]}}],"collection":[{"href":"https:\/\/roveyayinevi.com.tr\/index.php\/wp-json\/wp\/v2\/product"}],"about":[{"href":"https:\/\/roveyayinevi.com.tr\/index.php\/wp-json\/wp\/v2\/types\/product"}],"wp:attachment":[{"href":"https:\/\/roveyayinevi.com.tr\/index.php\/wp-json\/wp\/v2\/media?parent=735472"}],"wp:term":[{"taxonomy":"product_brand","embeddable":true,"href":"https:\/\/roveyayinevi.com.tr\/index.php\/wp-json\/wp\/v2\/product_brand?post=735472"},{"taxonomy":"product_cat","embeddable":true,"href":"https:\/\/roveyayinevi.com.tr\/index.php\/wp-json\/wp\/v2\/product_cat?post=735472"},{"taxonomy":"product_tag","embeddable":true,"href":"https:\/\/roveyayinevi.com.tr\/index.php\/wp-json\/wp\/v2\/product_tag?post=735472"}],"curies":[{"name":"wp","href":"https:\/\/api.w.org\/{rel}","templated":true}]}}