{"id":735469,"date":"2025-08-27T22:48:30","date_gmt":"2025-08-27T19:48:30","guid":{"rendered":"https:\/\/roveyayinevi.com.tr\/index.php\/urun\/insan-insana\/"},"modified":"2026-04-08T02:53:04","modified_gmt":"2026-04-07T23:53:04","slug":"insan-insana","status":"publish","type":"product","link":"https:\/\/roveyayinevi.com.tr\/index.php\/urun\/insan-insana\/","title":{"rendered":"\u0130nsan \u0130nsana"},"content":{"rendered":"<p>B\u0130R \u0130NSANIN \u0130L\u0130\u015eK\u0130LER\u0130N\u0130N N\u0130TEL\u0130\u011e\u0130, O \u0130NSANIN YA\u015eAMININ KAL\u0130TES\u0130N\u0130 BEL\u0130RLER. \u0130nsan, ili\u015fkileri i\u00e7inde s\u00fcrekli olarak \u201cyeniden tan\u0131mlanan\u201d bir varl\u0131kt\u0131r. \u0130nsan ili\u015fkilerinin temelini ise ileti\u015fim s\u00fcre\u00e7leri olu\u015fturur. \u0130ki insan birbirinin fark\u0131na vard\u0131\u011f\u0131 anda ileti\u015fim ba\u015flar. Ayn\u0131 sosyal ortam i\u00e7inde yer alan ki\u015filerin s\u00f6yledikleri s\u00f6zler ve hareketleri kadar, hareketsizlikleri, susmalar\u0131, beden duru\u015flar\u0131 ve y\u00fcz ifadeleri, hepsi anlaml\u0131 birer mesaj olu\u015fturur. \u0130yi bir dinleyici, ileti\u015fim kurdu\u011fu ki\u015finin yaln\u0131z s\u00f6ylediklerini de\u011fil, y\u00fcz\u00fc, eli, kolu ve bedeniyle yapt\u0131klar\u0131n\u0131 da \u201cduyar.\u201d Bir arac\u0131n s\u00fcr\u00fcc\u00fcs\u00fc, yolda kendinden ba\u015fka ara\u00e7 yokmu\u015f gibi davran\u0131rsa, trafik kazas\u0131 olur. Bir ki\u015fi konu\u015furken, kar\u015f\u0131s\u0131ndakini nas\u0131l etkiledi\u011fini d\u00fc\u015f\u00fcnmeden, kendi bildi\u011fi y\u00f6nde istedi\u011fini s\u00f6ylerse \u201cileti\u015fim kazas\u0131\u201d ortaya \u00e7\u0131kar. \u0130li\u015fkilerimizde, verdi\u011fimiz mesajlar\u0131n sorumlulu\u011funun bilincinde olmam\u0131z, ileti\u015fim kazalar\u0131n\u0131 \u00f6nler. Bu varsay\u0131m toplumsal d\u00fczeyde de ge\u00e7erlidir. Ki\u015fi fark\u0131nda olsun ya da olmas\u0131n, toplumla da s\u00fcrekli ili\u015fki i\u00e7indedir. Bir toplumda \u201cHerkes benim gibi d\u00fc\u015f\u00fcnmelidir, benim d\u00fc\u015f\u00fcnce tarz\u0131m en do\u011frusudur,\u201d tutumu a\u011f\u0131r basarsa, ak\u0131lc\u0131 tart\u0131\u015fmalar yerine duygusal \u00e7at\u0131\u015fmalar ortaya \u00e7\u0131kar. \u0130nsan hayat\u0131n\u0131 mercek alt\u0131na al\u0131p, insana dair her hik\u00e2yeden bir anlam \u00e7\u0131karabilen bilgeli\u011fiyle de\u011ferli Do\u011fan C\u00fccelo\u011flu, kimliklerin \u00f6tesinde, canlar\u0131n temas i\u00e7inde oldu\u011fu \u201cinsan insana\u201d bir ili\u015fkinin m\u00fcmk\u00fcn oldu\u011funu bize hat\u0131rlat\u0131yor. Kal\u0131plar\u0131 tekrarlamaktan kurtulabilmeniz, insan ili\u015fkilerine anlamsal zenginli\u011fi ve derinli\u011fi getirebilmeniz i\u00e7in ileti\u015fim s\u00fcre\u00e7lerini uygun ve etkili bir bi\u00e7imde uygulaman\u0131za y\u00f6nelik bilgi ve becerileri sunuyor. \u0130leti\u015fim sorunlar\u0131n\u0131 \u00e7\u00f6zmeden doyumlu bir ya\u015fam s\u00fcrd\u00fcrmenin olanaks\u0131z oldu\u011funun ve insan\u0131n isterse kendini de\u011fi\u015ftirip geli\u015ftirebilece\u011finin alt\u0131n\u0131 \u00e7iziyor. <\/p>\n","protected":false},"excerpt":{"rendered":"<p>B\u0130R \u0130NSANIN \u0130L\u0130\u015eK\u0130LER\u0130N\u0130N N\u0130TEL\u0130\u011e\u0130, O \u0130NSANIN YA\u015eAMININ KAL\u0130TES\u0130N\u0130 BEL\u0130RLER. \u0130nsan, ili\u015fkileri i\u00e7inde s\u00fcrekli olarak \u201cyeniden tan\u0131mlanan\u201d bir varl\u0131kt\u0131r. \u0130nsan ili\u015fkilerinin temelini ise ileti\u015fim s\u00fcre\u00e7leri olu\u015fturur. \u0130ki<span class=\"excerpt-hellip\"> [\u2026]<\/span><\/p>\n","protected":false},"featured_media":0,"template":"","meta":{"_monsterinsights_skip_tracking":false,"_monsterinsights_sitenote_active":false,"_monsterinsights_sitenote_note":"","_monsterinsights_sitenote_category":0},"product_brand":[],"product_cat":[12364,12376],"product_tag":[],"class_list":{"0":"post-735469","1":"product","2":"type-product","3":"status-publish","5":"product_cat-genel-konular","6":"product_cat-kisisel-gelisim","7":"pa_cilt-ciltsiz","8":"pa_tur-kitap","9":"pa_yayinevi-kronik-kitap","10":"pa_yazar-dogan-cuceloglu","12":"first","13":"instock","14":"sale","15":"shipping-taxable","16":"purchasable","17":"product-type-simple"},"_links":{"self":[{"href":"https:\/\/roveyayinevi.com.tr\/index.php\/wp-json\/wp\/v2\/product\/735469","targetHints":{"allow":["GET"]}}],"collection":[{"href":"https:\/\/roveyayinevi.com.tr\/index.php\/wp-json\/wp\/v2\/product"}],"about":[{"href":"https:\/\/roveyayinevi.com.tr\/index.php\/wp-json\/wp\/v2\/types\/product"}],"wp:attachment":[{"href":"https:\/\/roveyayinevi.com.tr\/index.php\/wp-json\/wp\/v2\/media?parent=735469"}],"wp:term":[{"taxonomy":"product_brand","embeddable":true,"href":"https:\/\/roveyayinevi.com.tr\/index.php\/wp-json\/wp\/v2\/product_brand?post=735469"},{"taxonomy":"product_cat","embeddable":true,"href":"https:\/\/roveyayinevi.com.tr\/index.php\/wp-json\/wp\/v2\/product_cat?post=735469"},{"taxonomy":"product_tag","embeddable":true,"href":"https:\/\/roveyayinevi.com.tr\/index.php\/wp-json\/wp\/v2\/product_tag?post=735469"}],"curies":[{"name":"wp","href":"https:\/\/api.w.org\/{rel}","templated":true}]}}