{"id":735463,"date":"2025-08-27T22:48:23","date_gmt":"2025-08-27T19:48:23","guid":{"rendered":"https:\/\/roveyayinevi.com.tr\/index.php\/urun\/parmak-izi-butun-siirleri-11\/"},"modified":"2026-04-16T02:43:47","modified_gmt":"2026-04-15T23:43:47","slug":"parmak-izi-butun-siirleri-11","status":"publish","type":"product","link":"https:\/\/roveyayinevi.com.tr\/index.php\/urun\/parmak-izi-butun-siirleri-11\/","title":{"rendered":"Parmak \u0130zi &#8211; B\u00fct\u00fcn \u015eiirleri 11"},"content":{"rendered":"<p>Dokuz ayl\u0131k hasret geride kald\u0131 Kavu\u015ftu o\u011fluna S\u00fcleyman baba. Nazl\u0131 k\u0131z\u0131n\u0131 da yan\u0131na ald\u0131 Y\u00fcr\u00fcyor yoluna S\u00fcleyman baba&#8230;   G\u00f6r\u00fclmemi\u015f siyasetin bezgini Eline alacak yine dizgini. \u00c7a\u011f\u0131r\u0131p yan\u0131na \u0130smet Sezgin\u2019i Girecek koluna S\u00fcleyman baba&#8230; <\/p>\n","protected":false},"excerpt":{"rendered":"<p>Dokuz ayl\u0131k hasret geride kald\u0131 Kavu\u015ftu o\u011fluna S\u00fcleyman baba. Nazl\u0131 k\u0131z\u0131n\u0131 da yan\u0131na ald\u0131 Y\u00fcr\u00fcyor yoluna S\u00fcleyman baba&#8230; G\u00f6r\u00fclmemi\u015f siyasetin bezgini Eline alacak yine dizgini. \u00c7a\u011f\u0131r\u0131p<span class=\"excerpt-hellip\"> [\u2026]<\/span><\/p>\n","protected":false},"featured_media":0,"template":"","meta":{"_monsterinsights_skip_tracking":false,"_monsterinsights_sitenote_active":false,"_monsterinsights_sitenote_note":"","_monsterinsights_sitenote_category":0},"product_brand":[],"product_cat":[12291,12509],"product_tag":[],"class_list":{"0":"post-735463","1":"product","2":"type-product","3":"status-publish","5":"product_cat-edebiyat","6":"product_cat-siir","7":"pa_cilt-ciltsiz","8":"pa_tur-kitap","9":"pa_yayinevi-altinordu-yayinlari","10":"pa_yazar-abdurrahim-karakoc","12":"first","13":"instock","14":"sale","15":"shipping-taxable","16":"purchasable","17":"product-type-simple"},"_links":{"self":[{"href":"https:\/\/roveyayinevi.com.tr\/index.php\/wp-json\/wp\/v2\/product\/735463","targetHints":{"allow":["GET"]}}],"collection":[{"href":"https:\/\/roveyayinevi.com.tr\/index.php\/wp-json\/wp\/v2\/product"}],"about":[{"href":"https:\/\/roveyayinevi.com.tr\/index.php\/wp-json\/wp\/v2\/types\/product"}],"wp:attachment":[{"href":"https:\/\/roveyayinevi.com.tr\/index.php\/wp-json\/wp\/v2\/media?parent=735463"}],"wp:term":[{"taxonomy":"product_brand","embeddable":true,"href":"https:\/\/roveyayinevi.com.tr\/index.php\/wp-json\/wp\/v2\/product_brand?post=735463"},{"taxonomy":"product_cat","embeddable":true,"href":"https:\/\/roveyayinevi.com.tr\/index.php\/wp-json\/wp\/v2\/product_cat?post=735463"},{"taxonomy":"product_tag","embeddable":true,"href":"https:\/\/roveyayinevi.com.tr\/index.php\/wp-json\/wp\/v2\/product_tag?post=735463"}],"curies":[{"name":"wp","href":"https:\/\/api.w.org\/{rel}","templated":true}]}}