{"id":735459,"date":"2025-08-27T22:48:18","date_gmt":"2025-08-27T19:48:18","guid":{"rendered":"https:\/\/roveyayinevi.com.tr\/index.php\/urun\/vur-emri-butun-siirleri-1\/"},"modified":"2025-11-21T07:22:50","modified_gmt":"2025-11-21T04:22:50","slug":"vur-emri-butun-siirleri-1","status":"publish","type":"product","link":"https:\/\/roveyayinevi.com.tr\/index.php\/urun\/vur-emri-butun-siirleri-1\/","title":{"rendered":"Vur Emri &#8211; B\u00fct\u00fcn \u015eiirleri 1"},"content":{"rendered":"<p>Bilir misin garda\u015f T\u00fcrk illerinde Havada y\u0131ld\u0131zlar, da\u011fda kar \u00fc\u015f\u00fcr. Tutsak soyda\u015flar\u0131n t\u00fcrk\u00fclerinde D\u00f6rt mevsim \u00f6tede bir bahar \u00fc\u015f\u00fcr.   Ezanlar buz tutmu\u015f minarelerde! Yaylalar dermi\u015f ki: T\u00f6remiz nerde? Yollar\u0131n hasretle bitti\u011fi yerde Her da\u011f yamac\u0131nda bir mezar \u00fc\u015f\u00fcr. <\/p>\n","protected":false},"excerpt":{"rendered":"<p>Bilir misin garda\u015f T\u00fcrk illerinde Havada y\u0131ld\u0131zlar, da\u011fda kar \u00fc\u015f\u00fcr. Tutsak soyda\u015flar\u0131n t\u00fcrk\u00fclerinde D\u00f6rt mevsim \u00f6tede bir bahar \u00fc\u015f\u00fcr. Ezanlar buz tutmu\u015f minarelerde! Yaylalar dermi\u015f ki:<span class=\"excerpt-hellip\"> [\u2026]<\/span><\/p>\n","protected":false},"featured_media":0,"template":"","meta":{"_monsterinsights_skip_tracking":false,"_monsterinsights_sitenote_active":false,"_monsterinsights_sitenote_note":"","_monsterinsights_sitenote_category":0},"product_brand":[],"product_cat":[12291,12509],"product_tag":[],"class_list":{"0":"post-735459","1":"product","2":"type-product","3":"status-publish","5":"product_cat-edebiyat","6":"product_cat-siir","7":"pa_cilt-ciltsiz","8":"pa_tur-kitap","9":"pa_yayinevi-altinordu-yayinlari","10":"pa_yazar-abdurrahim-karakoc","12":"first","13":"instock","14":"sale","15":"shipping-taxable","16":"purchasable","17":"product-type-simple"},"_links":{"self":[{"href":"https:\/\/roveyayinevi.com.tr\/index.php\/wp-json\/wp\/v2\/product\/735459","targetHints":{"allow":["GET"]}}],"collection":[{"href":"https:\/\/roveyayinevi.com.tr\/index.php\/wp-json\/wp\/v2\/product"}],"about":[{"href":"https:\/\/roveyayinevi.com.tr\/index.php\/wp-json\/wp\/v2\/types\/product"}],"wp:attachment":[{"href":"https:\/\/roveyayinevi.com.tr\/index.php\/wp-json\/wp\/v2\/media?parent=735459"}],"wp:term":[{"taxonomy":"product_brand","embeddable":true,"href":"https:\/\/roveyayinevi.com.tr\/index.php\/wp-json\/wp\/v2\/product_brand?post=735459"},{"taxonomy":"product_cat","embeddable":true,"href":"https:\/\/roveyayinevi.com.tr\/index.php\/wp-json\/wp\/v2\/product_cat?post=735459"},{"taxonomy":"product_tag","embeddable":true,"href":"https:\/\/roveyayinevi.com.tr\/index.php\/wp-json\/wp\/v2\/product_tag?post=735459"}],"curies":[{"name":"wp","href":"https:\/\/api.w.org\/{rel}","templated":true}]}}