{"id":735455,"date":"2025-08-27T22:48:14","date_gmt":"2025-08-27T19:48:14","guid":{"rendered":"https:\/\/roveyayinevi.com.tr\/index.php\/urun\/besinci-mevsim-butun-siirleri-5\/"},"modified":"2025-09-20T18:15:16","modified_gmt":"2025-09-20T15:15:16","slug":"besinci-mevsim-butun-siirleri-5","status":"publish","type":"product","link":"https:\/\/roveyayinevi.com.tr\/index.php\/urun\/besinci-mevsim-butun-siirleri-5\/","title":{"rendered":"Be\u015finci Mevsim &#8211; B\u00fct\u00fcn \u015eiirleri 5"},"content":{"rendered":"<p>Suyumuzda mikrop, havam\u0131zda kir \u00dclkeden kald\u0131rd\u0131k g\u00fczellikleri. \u00c7\u0131plak da\u011flar utanc\u0131ndan e\u011filir K\u00f6k\u00fcnden yoldurduk g\u00fczellikleri.   Halaylar canl\u0131yd\u0131, t\u00fcrk\u00fcler s\u0131cak Birisi s\u00fcrg\u00fcnde, birisi ka\u00e7ak G\u00f6zlerimiz kur\u015fun, elimiz b\u0131\u00e7ak Severken \u00f6ld\u00fcrd\u00fck g\u00fczellikleri <\/p>\n","protected":false},"excerpt":{"rendered":"<p>Suyumuzda mikrop, havam\u0131zda kir \u00dclkeden kald\u0131rd\u0131k g\u00fczellikleri. \u00c7\u0131plak da\u011flar utanc\u0131ndan e\u011filir K\u00f6k\u00fcnden yoldurduk g\u00fczellikleri. Halaylar canl\u0131yd\u0131, t\u00fcrk\u00fcler s\u0131cak Birisi s\u00fcrg\u00fcnde, birisi ka\u00e7ak G\u00f6zlerimiz kur\u015fun, elimiz b\u0131\u00e7ak<span class=\"excerpt-hellip\"> [\u2026]<\/span><\/p>\n","protected":false},"featured_media":0,"template":"","meta":{"_monsterinsights_skip_tracking":false,"_monsterinsights_sitenote_active":false,"_monsterinsights_sitenote_note":"","_monsterinsights_sitenote_category":0},"product_brand":[],"product_cat":[12291,12509],"product_tag":[],"class_list":{"0":"post-735455","1":"product","2":"type-product","3":"status-publish","5":"product_cat-edebiyat","6":"product_cat-siir","7":"pa_cilt-ciltsiz","8":"pa_tur-kitap","9":"pa_yayinevi-altinordu-yayinlari","10":"pa_yazar-abdurrahim-karakoc","12":"first","13":"instock","14":"sale","15":"shipping-taxable","16":"purchasable","17":"product-type-simple"},"_links":{"self":[{"href":"https:\/\/roveyayinevi.com.tr\/index.php\/wp-json\/wp\/v2\/product\/735455","targetHints":{"allow":["GET"]}}],"collection":[{"href":"https:\/\/roveyayinevi.com.tr\/index.php\/wp-json\/wp\/v2\/product"}],"about":[{"href":"https:\/\/roveyayinevi.com.tr\/index.php\/wp-json\/wp\/v2\/types\/product"}],"wp:attachment":[{"href":"https:\/\/roveyayinevi.com.tr\/index.php\/wp-json\/wp\/v2\/media?parent=735455"}],"wp:term":[{"taxonomy":"product_brand","embeddable":true,"href":"https:\/\/roveyayinevi.com.tr\/index.php\/wp-json\/wp\/v2\/product_brand?post=735455"},{"taxonomy":"product_cat","embeddable":true,"href":"https:\/\/roveyayinevi.com.tr\/index.php\/wp-json\/wp\/v2\/product_cat?post=735455"},{"taxonomy":"product_tag","embeddable":true,"href":"https:\/\/roveyayinevi.com.tr\/index.php\/wp-json\/wp\/v2\/product_tag?post=735455"}],"curies":[{"name":"wp","href":"https:\/\/api.w.org\/{rel}","templated":true}]}}