{"id":735446,"date":"2025-08-27T22:48:04","date_gmt":"2025-08-27T19:48:04","guid":{"rendered":"https:\/\/roveyayinevi.com.tr\/index.php\/urun\/niyet-ve-dilek-kartlari\/"},"modified":"2026-04-16T02:43:46","modified_gmt":"2026-04-15T23:43:46","slug":"niyet-ve-dilek-kartlari","status":"publish","type":"product","link":"https:\/\/roveyayinevi.com.tr\/index.php\/urun\/niyet-ve-dilek-kartlari\/","title":{"rendered":"Niyet ve Dilek Kartlar\u0131"},"content":{"rendered":"<p>44 \u00e7ok \u00f6zel kartla; Niyete gir ve dile\u011fini tut. Kartlar\u0131 kar\u0131\u015ft\u0131r. \u0130\u00e7inden gelen bir kart\u0131 se\u00e7. Manevi mesaj\u0131 oku, olumlamay\u0131 tekrar et, \u00f6zel okumay\u0131 tamamla. \u0130lahi rehberli\u011fi takip et\u2026 <\/p>\n","protected":false},"excerpt":{"rendered":"<p>44 \u00e7ok \u00f6zel kartla; Niyete gir ve dile\u011fini tut. Kartlar\u0131 kar\u0131\u015ft\u0131r. \u0130\u00e7inden gelen bir kart\u0131 se\u00e7. Manevi mesaj\u0131 oku, olumlamay\u0131 tekrar et, \u00f6zel okumay\u0131 tamamla. \u0130lahi<span class=\"excerpt-hellip\"> [\u2026]<\/span><\/p>\n","protected":false},"featured_media":0,"template":"","meta":{"_monsterinsights_skip_tracking":false,"_monsterinsights_sitenote_active":false,"_monsterinsights_sitenote_note":"","_monsterinsights_sitenote_category":0},"product_brand":[],"product_cat":[18082,15563],"product_tag":[],"class_list":{"0":"post-735446","1":"product","2":"type-product","3":"status-publish","5":"product_cat-astroloji-fal-ruya","6":"product_cat-hobi","7":"pa_cilt-ciltsiz","8":"pa_tur-kitap","9":"pa_yayinevi-feniks-yayinlari","10":"pa_yazar-tugce-isinsu","12":"first","13":"instock","14":"sale","15":"shipping-taxable","16":"purchasable","17":"product-type-simple"},"_links":{"self":[{"href":"https:\/\/roveyayinevi.com.tr\/index.php\/wp-json\/wp\/v2\/product\/735446","targetHints":{"allow":["GET"]}}],"collection":[{"href":"https:\/\/roveyayinevi.com.tr\/index.php\/wp-json\/wp\/v2\/product"}],"about":[{"href":"https:\/\/roveyayinevi.com.tr\/index.php\/wp-json\/wp\/v2\/types\/product"}],"wp:attachment":[{"href":"https:\/\/roveyayinevi.com.tr\/index.php\/wp-json\/wp\/v2\/media?parent=735446"}],"wp:term":[{"taxonomy":"product_brand","embeddable":true,"href":"https:\/\/roveyayinevi.com.tr\/index.php\/wp-json\/wp\/v2\/product_brand?post=735446"},{"taxonomy":"product_cat","embeddable":true,"href":"https:\/\/roveyayinevi.com.tr\/index.php\/wp-json\/wp\/v2\/product_cat?post=735446"},{"taxonomy":"product_tag","embeddable":true,"href":"https:\/\/roveyayinevi.com.tr\/index.php\/wp-json\/wp\/v2\/product_tag?post=735446"}],"curies":[{"name":"wp","href":"https:\/\/api.w.org\/{rel}","templated":true}]}}