{"id":735442,"date":"2025-08-27T22:48:00","date_gmt":"2025-08-27T19:48:00","guid":{"rendered":"https:\/\/roveyayinevi.com.tr\/index.php\/urun\/kekeme-cocuklar-korosu\/"},"modified":"2026-04-16T02:43:46","modified_gmt":"2026-04-15T23:43:46","slug":"kekeme-cocuklar-korosu","status":"publish","type":"product","link":"https:\/\/roveyayinevi.com.tr\/index.php\/urun\/kekeme-cocuklar-korosu\/","title":{"rendered":"Kekeme \u00c7ocuklar Korosu"},"content":{"rendered":"<p>\u201cHer ac\u0131 \u00e7ekene hayat\u0131n devam etti\u011fini hat\u0131rlatmalar\u0131ndan nefret diyorum. O anlarda hayat devam etmiyor asl\u0131nda. Sen durdu\u011fun anda hayat da duruyor. Ama sen yitirmeye devam ediyorsun.\u201d   Bir radyo istasyonunda gece programlar\u0131 yapan gen\u00e7 bir adam. Mikrofonun ba\u015f\u0131nda gece yar\u0131lar\u0131na kadar hayat hakk\u0131nda savrulan karanl\u0131k ve \u00f6fkeli s\u00f6zler. Fonda doksanl\u0131 y\u0131llar var ve bir yandan ak\u0131p duran da o y\u0131llar\u0131n ac\u0131l\u0131, sanc\u0131l\u0131 sesleri.                                                                                                                 Zaman\u0131n bulan\u0131kla\u015ft\u0131\u011f\u0131 gece yar\u0131s\u0131nda radyo, \u015fehrin farkl\u0131 yan\u0131ndan y\u00fckselen hik\u00e2yelerle doluyor: Yaral\u0131 ve yaln\u0131z gen\u00e7 kad\u0131nlar\u0131n, i\u015f\u00e7i \u00e7ocuklar\u0131n, mahcup adamlar\u0131n, \u00e7aresiz \u00e2\u015f\u0131klar\u0131n hik\u00e2yeleri.   Gen\u00e7 bir insan\u0131n, karanl\u0131k \u00e7\u00f6kt\u00fc\u011f\u00fc anda ba\u015flayan kendisiyle ve hayatla amans\u0131z kavgas\u0131. Beklentiler, a\u015fklar, hayal k\u0131r\u0131kl\u0131klar\u0131, y\u00fczle\u015fmeler, d\u00fc\u015f\u00fc\u015fler ve umut aray\u0131\u015f\u0131.       Kekeme \u00c7ocuklar Korosu, yay\u0131nland\u0131\u011f\u0131 ilk g\u00fcnden itibaren okurun d\u00fcnyas\u0131nda derin izler b\u0131rakan k\u00fclt bir ilk roman. Tar\u0131k Tufan\u2019\u0131n insan\u0131n i\u00e7 d\u00fcnyas\u0131na dokunan edebi diliyle tan\u0131\u015ft\u0131\u011f\u0131m\u0131z ilk ve unutulmaz eseri, bir kez daha okurlar\u0131yla bulu\u015fuyor. <\/p>\n","protected":false},"excerpt":{"rendered":"<p>\u201cHer ac\u0131 \u00e7ekene hayat\u0131n devam etti\u011fini hat\u0131rlatmalar\u0131ndan nefret diyorum. O anlarda hayat devam etmiyor asl\u0131nda. Sen durdu\u011fun anda hayat da duruyor. Ama sen yitirmeye devam ediyorsun.\u201d<span class=\"excerpt-hellip\"> [\u2026]<\/span><\/p>\n","protected":false},"featured_media":0,"template":"","meta":{"_monsterinsights_skip_tracking":false,"_monsterinsights_sitenote_active":false,"_monsterinsights_sitenote_note":"","_monsterinsights_sitenote_category":0},"product_brand":[],"product_cat":[12291,12711],"product_tag":[],"class_list":{"0":"post-735442","1":"product","2":"type-product","3":"status-publish","5":"product_cat-edebiyat","6":"product_cat-roman-oyku","7":"pa_cilt-ciltsiz","8":"pa_tur-kitap","9":"pa_yayinevi-dogan-kitap","10":"pa_yazar-tarik-tufan","12":"first","13":"instock","14":"sale","15":"shipping-taxable","16":"purchasable","17":"product-type-simple"},"_links":{"self":[{"href":"https:\/\/roveyayinevi.com.tr\/index.php\/wp-json\/wp\/v2\/product\/735442","targetHints":{"allow":["GET"]}}],"collection":[{"href":"https:\/\/roveyayinevi.com.tr\/index.php\/wp-json\/wp\/v2\/product"}],"about":[{"href":"https:\/\/roveyayinevi.com.tr\/index.php\/wp-json\/wp\/v2\/types\/product"}],"wp:attachment":[{"href":"https:\/\/roveyayinevi.com.tr\/index.php\/wp-json\/wp\/v2\/media?parent=735442"}],"wp:term":[{"taxonomy":"product_brand","embeddable":true,"href":"https:\/\/roveyayinevi.com.tr\/index.php\/wp-json\/wp\/v2\/product_brand?post=735442"},{"taxonomy":"product_cat","embeddable":true,"href":"https:\/\/roveyayinevi.com.tr\/index.php\/wp-json\/wp\/v2\/product_cat?post=735442"},{"taxonomy":"product_tag","embeddable":true,"href":"https:\/\/roveyayinevi.com.tr\/index.php\/wp-json\/wp\/v2\/product_tag?post=735442"}],"curies":[{"name":"wp","href":"https:\/\/api.w.org\/{rel}","templated":true}]}}