{"id":735434,"date":"2025-08-27T22:47:51","date_gmt":"2025-08-27T19:47:51","guid":{"rendered":"https:\/\/roveyayinevi.com.tr\/index.php\/urun\/cevat-pasa\/"},"modified":"2026-04-16T02:43:46","modified_gmt":"2026-04-15T23:43:46","slug":"cevat-pasa","status":"publish","type":"product","link":"https:\/\/roveyayinevi.com.tr\/index.php\/urun\/cevat-pasa\/","title":{"rendered":"Cevat Pa\u015fa"},"content":{"rendered":"<p>Cevat \u00c7obanl\u0131 Pa\u015fa; 18 Mart \u00c7anakkale Deniz Zaferi&#8217;nin kazan\u0131lmas\u0131n\u0131 sa\u011flayan M\u00fcstahkem Mevki\u2019nin kahraman kumandan\u0131 ve m\u00fctareke devrinin en zor zamanlar\u0131nda Osmanl\u0131 genelkurmay ba\u015fkan\u0131d\u0131r. Cevat Pa\u015fa&#8217;n\u0131n Mustafa Kemal\u2019in Anadolu&#8217;ya g\u00f6nderilmesindeki rol\u00fc ihmal edilmi\u015ftir. Mill\u00ee M\u00fccadele&#8217;ye gizli ve a\u00e7\u0131k deste\u011finden dolay\u0131 da Malta&#8217;ya s\u00fcr\u00fclm\u00fc\u015ft\u00fcr. Yak\u0131n zamanlara kadar adeta unutulmu\u015f olan Cevat Pa\u015fa&#8217;n\u0131n hayat\u0131n\u0131n ayd\u0131nlat\u0131lmas\u0131 hem \u00c7anakkale Muharebeleri&#8217;nin hem de Mill\u00ee M\u00fccadele&#8217;nin bilinmesi a\u00e7\u0131s\u0131ndan \u00f6nemlidir.18 Mart&#8217;ta \u0130tilaf donanmas\u0131na kar\u015f\u0131 kazan\u0131lan zafer hangi planlar\u0131n neticesidir? Mustafa Kemal Pa\u015fa Samsun&#8217;a giderken genelkurmay nas\u0131l bir destek sa\u011flam\u0131\u015ft\u0131r? Cevat Pa\u015fa&#8217;yla Mustafa Kemal Pa\u015fa aras\u0131nda hangi konu\u015fmalar ge\u00e7mi\u015ftir? Tarihimiz i\u00e7in \u00f6nemli olan bu sorulara cevaplar arayan elinizdeki kitap uzun bir \u00e7al\u0131\u015fman\u0131n \u00fcr\u00fcn\u00fcd\u00fcr. Ar\u015fivlere dayan\u0131larak nesnel bir bak\u0131\u015f a\u00e7\u0131s\u0131yla Cevat Pa\u015fa&#8217;n\u0131n Osmanl\u0131&#8217;dan Cumhuriyete asker\u00ee ve siyas\u00ee faaliyetlerini g\u00fcn y\u00fcz\u00fcne \u00e7\u0131karmaktad\u0131r.Prof. Dr. Ali Satan<\/p>\n","protected":false},"excerpt":{"rendered":"<p>Cevat \u00c7obanl\u0131 Pa\u015fa; 18 Mart \u00c7anakkale Deniz Zaferi&#8217;nin kazan\u0131lmas\u0131n\u0131 sa\u011flayan M\u00fcstahkem Mevki\u2019nin kahraman kumandan\u0131 ve m\u00fctareke devrinin en zor zamanlar\u0131nda Osmanl\u0131 genelkurmay ba\u015fkan\u0131d\u0131r. Cevat Pa\u015fa&#8217;n\u0131n Mustafa<span class=\"excerpt-hellip\"> [\u2026]<\/span><\/p>\n","protected":false},"featured_media":0,"template":"","meta":{"_monsterinsights_skip_tracking":false,"_monsterinsights_sitenote_active":false,"_monsterinsights_sitenote_note":"","_monsterinsights_sitenote_category":0},"product_brand":[],"product_cat":[12370,12304],"product_tag":[],"class_list":{"0":"post-735434","1":"product","2":"type-product","3":"status-publish","5":"product_cat-arastirma-inceleme","6":"product_cat-tarih","7":"pa_cilt-ciltsiz","8":"pa_tur-kitap","9":"pa_yayinevi-yeditepe-yayinevi","10":"pa_yazar-selcuk-osmanoglu","12":"first","13":"instock","14":"sale","15":"shipping-taxable","16":"purchasable","17":"product-type-simple"},"_links":{"self":[{"href":"https:\/\/roveyayinevi.com.tr\/index.php\/wp-json\/wp\/v2\/product\/735434","targetHints":{"allow":["GET"]}}],"collection":[{"href":"https:\/\/roveyayinevi.com.tr\/index.php\/wp-json\/wp\/v2\/product"}],"about":[{"href":"https:\/\/roveyayinevi.com.tr\/index.php\/wp-json\/wp\/v2\/types\/product"}],"wp:attachment":[{"href":"https:\/\/roveyayinevi.com.tr\/index.php\/wp-json\/wp\/v2\/media?parent=735434"}],"wp:term":[{"taxonomy":"product_brand","embeddable":true,"href":"https:\/\/roveyayinevi.com.tr\/index.php\/wp-json\/wp\/v2\/product_brand?post=735434"},{"taxonomy":"product_cat","embeddable":true,"href":"https:\/\/roveyayinevi.com.tr\/index.php\/wp-json\/wp\/v2\/product_cat?post=735434"},{"taxonomy":"product_tag","embeddable":true,"href":"https:\/\/roveyayinevi.com.tr\/index.php\/wp-json\/wp\/v2\/product_tag?post=735434"}],"curies":[{"name":"wp","href":"https:\/\/api.w.org\/{rel}","templated":true}]}}

Cevat Paşa

<p>Cevat Çobanlı Paşa; 18 Mart Çanakkale Deniz Zaferi&#8217;nin kazanılmasını sağlayan Müstahkem Mevki’nin kahraman kumandanı ve mütareke devrinin en zor zamanlarında Osmanlı genelkurmay başkanıdır. Cevat Paşa&#8217;nın Mustafa Kemal’in Anadolu&#8217;ya gönderilmesindeki rolü ihmal edilmiştir. Millî Mücadele&#8217;ye gizli ve açık desteğinden dolayı da Malta&#8217;ya sürülmüştür. Yakın zamanlara kadar adeta unutulmuş olan Cevat Paşa&#8217;nın hayatının aydınlatılması hem Çanakkale Muharebeleri&#8217;nin hem de Millî Mücadele&#8217;nin bilinmesi açısından önemlidir.18 Mart&#8217;ta İtilaf donanmasına karşı kazanılan zafer hangi planların neticesidir? Mustafa Kemal Paşa Samsun&#8217;a giderken genelkurmay nasıl bir destek sağlamıştır? Cevat Paşa&#8217;yla Mustafa Kemal Paşa arasında hangi konuşmalar geçmiştir? Tarihimiz için önemli olan bu sorulara cevaplar arayan elinizdeki kitap uzun bir çalışmanın ürünüdür. Arşivlere dayanılarak nesnel bir bakış açısıyla Cevat Paşa&#8217;nın Osmanlı&#8217;dan Cumhuriyete askerî ve siyasî faaliyetlerini gün yüzüne çıkarmaktadır.Prof. Dr. Ali Satan</p>

<p>Cevat Çobanlı Paşa; 18 Mart Çanakkale Deniz Zaferi&#8217;nin kazanılmasını sağlayan Müstahkem Mevki’nin kahraman kumandanı ve mütareke devrinin en zor zamanlarında Osmanlı genelkurmay başkanıdır. Cevat Paşa&#8217;nın Mustafa<span class="excerpt-hellip"> […]</span></p>
