{"id":735423,"date":"2025-08-27T22:47:32","date_gmt":"2025-08-27T19:47:32","guid":{"rendered":"https:\/\/roveyayinevi.com.tr\/index.php\/urun\/kullanimli-ispanyolca-turkce-okul-sozlugu\/"},"modified":"2026-04-16T02:43:45","modified_gmt":"2026-04-15T23:43:45","slug":"kullanimli-ispanyolca-turkce-okul-sozlugu","status":"publish","type":"product","link":"https:\/\/roveyayinevi.com.tr\/index.php\/urun\/kullanimli-ispanyolca-turkce-okul-sozlugu\/","title":{"rendered":"Kullan\u0131ml\u0131 \u0130spanyolca T\u00fcrk\u00e7e Okul S\u00f6zl\u00fc\u011f\u00fc"},"content":{"rendered":"<p>spanyolca d\u00fcnyada en \u00e7ok konu\u015fulan diller s\u0131ralamas\u0131nda \u0130ngilizce ve \u00c7inceden sonra \u00fc\u00e7\u00fcnc\u00fc s\u0131rada geliyor. \u0130spanya d\u0131\u015f\u0131nda 20 \u00fclkenin resm\u00ee dili olarak d\u00fcnyada yakla\u015f\u0131k 500 milyon insan\u0131n konu\u015ftu\u011fu \u0130spanyolcay\u0131 ayr\u0131ca ABD\u2019de 48 milyon insan da konu\u015fuyor. Bu zengin dilin son y\u0131llarda \u00fclkemizde orta \u00f6\u011fretim okullar\u0131nda se\u00e7meli ders olarak okutulmaya ba\u015flanmas\u0131, \u00f6\u011frencilere y\u00f6nelik yepyeni bir s\u00f6zl\u00fc\u011f\u00fcn haz\u0131rlanmas\u0131n\u0131 gerekli k\u0131ld\u0131. S\u00f6zl\u00fc\u011f\u00fcn giri\u015f k\u0131sm\u0131nda baz\u0131 temel dilbilgisi konular\u0131na yer verildi: \u0130spanyol alfabesi ve harflerin T\u00fcrk\u00e7e okunu\u015flar\u0131, do\u011fru tel\u00e2ffuzun ko\u015fulu olan vurgu, \u00e7ift sesliler, hece b\u00f6l\u00fcnmesi, kurall\u0131 ve kurals\u0131z fiillerin listeleri burada yer almakta. S\u00f6zl\u00fck b\u00f6l\u00fcm\u00fc, g\u00fcndelik konu\u015fmada en \u00e7ok kullan\u0131lan yakla\u015f\u0131k 10.000 \u0130spanyolca kelimeyi i\u00e7ermekte ve c\u00fcmlenin en \u00f6nemli \u00f6gesini olu\u015fturan fiiller \u00f6rnek c\u00fcmlelerle peki\u015ftirilmi\u015f bulunmakta. En sondaysa \u00e7e\u015fitli say\u0131 listelerine, g\u00fcn\u00fcn saatlerinin kullan\u0131m\u0131na, tarihlere, g\u00fcnlere ve aylara yer verildi. D\u00fcnya edebiyat\u0131na \u00e7ok b\u00fcy\u00fck katk\u0131da bulunmu\u015f bu zengin dili \u00f6\u011frenmek, \u00f6\u011frencilerimizin ufkunu geni\u015fletecek bir ayr\u0131cal\u0131k. Kullan\u0131m c\u00fcmleleriyle t\u00fcr\u00fcn\u00fcn ilk \u00f6rne\u011fi olan bu s\u00f6zl\u00fc\u011f\u00fcn gen\u00e7lerimize yard\u0131mc\u0131 olaca\u011f\u0131na inan\u0131yoruz.<\/p>\n","protected":false},"excerpt":{"rendered":"<p>spanyolca d\u00fcnyada en \u00e7ok konu\u015fulan diller s\u0131ralamas\u0131nda \u0130ngilizce ve \u00c7inceden sonra \u00fc\u00e7\u00fcnc\u00fc s\u0131rada geliyor. \u0130spanya d\u0131\u015f\u0131nda 20 \u00fclkenin resm\u00ee dili olarak d\u00fcnyada yakla\u015f\u0131k 500 milyon insan\u0131n<span class=\"excerpt-hellip\"> [\u2026]<\/span><\/p>\n","protected":false},"featured_media":0,"template":"","meta":{"_monsterinsights_skip_tracking":false,"_monsterinsights_sitenote_active":false,"_monsterinsights_sitenote_note":"","_monsterinsights_sitenote_category":0},"product_brand":[],"product_cat":[12566,13611],"product_tag":[],"class_list":{"0":"post-735423","1":"product","2":"type-product","3":"status-publish","5":"product_cat-egitim","6":"product_cat-sozlukler-ve-konusma-kilavuzlari","7":"pa_cilt-ciltsiz","8":"pa_tur-kitap","9":"pa_yayinevi-inkilap-kitabevi","10":"pa_yazar-inci-kut","12":"first","13":"instock","14":"sale","15":"shipping-taxable","16":"purchasable","17":"product-type-simple"},"_links":{"self":[{"href":"https:\/\/roveyayinevi.com.tr\/index.php\/wp-json\/wp\/v2\/product\/735423","targetHints":{"allow":["GET"]}}],"collection":[{"href":"https:\/\/roveyayinevi.com.tr\/index.php\/wp-json\/wp\/v2\/product"}],"about":[{"href":"https:\/\/roveyayinevi.com.tr\/index.php\/wp-json\/wp\/v2\/types\/product"}],"wp:attachment":[{"href":"https:\/\/roveyayinevi.com.tr\/index.php\/wp-json\/wp\/v2\/media?parent=735423"}],"wp:term":[{"taxonomy":"product_brand","embeddable":true,"href":"https:\/\/roveyayinevi.com.tr\/index.php\/wp-json\/wp\/v2\/product_brand?post=735423"},{"taxonomy":"product_cat","embeddable":true,"href":"https:\/\/roveyayinevi.com.tr\/index.php\/wp-json\/wp\/v2\/product_cat?post=735423"},{"taxonomy":"product_tag","embeddable":true,"href":"https:\/\/roveyayinevi.com.tr\/index.php\/wp-json\/wp\/v2\/product_tag?post=735423"}],"curies":[{"name":"wp","href":"https:\/\/api.w.org\/{rel}","templated":true}]}}