{"id":735358,"date":"2025-08-27T22:46:26","date_gmt":"2025-08-27T19:46:26","guid":{"rendered":"https:\/\/roveyayinevi.com.tr\/index.php\/urun\/solo-ve-fisilti\/"},"modified":"2026-04-16T02:43:42","modified_gmt":"2026-04-15T23:43:42","slug":"solo-ve-fisilti","status":"publish","type":"product","link":"https:\/\/roveyayinevi.com.tr\/index.php\/urun\/solo-ve-fisilti\/","title":{"rendered":"Solo ve F\u0131s\u0131lt\u0131"},"content":{"rendered":"<p>Tuba Kuma\u015f\u2019\u0131n sadeli\u011fiyle b\u00fcy\u00fcleyen anlat\u0131m\u0131, Berk \u00d6zt\u00fcrk\u2019\u00fcn insan\u0131 i\u00e7ine \u00e7eken \u00e7izimleriyle Solo ve F\u0131s\u0131lt\u0131, yaln\u0131zl\u0131k, utanga\u00e7l\u0131k, suskunluk gibi konular\u0131 ele alan alt\u0131 k\u0131sa \u00f6yk\u00fcden olu\u015fuyor. Ger\u00e7ek ve ger\u00e7ek\u00fcst\u00fcn\u00fcn iki elinden tuttu\u011fu her bir \u00f6yk\u00fc, \u00e7ocukluk \u00e7a\u011f\u0131ndan ba\u015flayarak hayat\u0131n her alan\u0131nda y\u00fczle\u015febilece\u011fimiz duygularla, bizi i\u00e7imize d\u00f6nd\u00fcren bir yolculu\u011fa \u00e7\u0131kar\u0131yor. E\u015fyayla dolu evlerin aras\u0131nda kendi varl\u0131\u011f\u0131m\u0131z\u0131 bulmaya, g\u00fcl\u00fcmsemeyi \u00f6\u011frenmeye, yaln\u0131z olmad\u0131\u011f\u0131m\u0131z\u0131 hissetmeye ve di\u011fer pek \u00e7ok \u015feye dair umut a\u015f\u0131layan bu \u00f6zl\u00fc \u00f6yk\u00fcler, okumay\u0131 bilen herkes i\u00e7in&#8230; <\/p>\n","protected":false},"excerpt":{"rendered":"<p>Tuba Kuma\u015f\u2019\u0131n sadeli\u011fiyle b\u00fcy\u00fcleyen anlat\u0131m\u0131, Berk \u00d6zt\u00fcrk\u2019\u00fcn insan\u0131 i\u00e7ine \u00e7eken \u00e7izimleriyle Solo ve F\u0131s\u0131lt\u0131, yaln\u0131zl\u0131k, utanga\u00e7l\u0131k, suskunluk gibi konular\u0131 ele alan alt\u0131 k\u0131sa \u00f6yk\u00fcden olu\u015fuyor. Ger\u00e7ek<span class=\"excerpt-hellip\"> [\u2026]<\/span><\/p>\n","protected":false},"featured_media":0,"template":"","meta":{"_monsterinsights_skip_tracking":false,"_monsterinsights_sitenote_active":false,"_monsterinsights_sitenote_note":"","_monsterinsights_sitenote_category":0},"product_brand":[],"product_cat":[12275,12274],"product_tag":[],"class_list":{"0":"post-735358","1":"product","2":"type-product","3":"status-publish","5":"product_cat-6-12-yas-kitaplari","6":"product_cat-cocuk-ve-genclik-kitaplari","7":"pa_cilt-ciltsiz","8":"pa_tur-kitap","9":"pa_yayinevi-ithaki-yayinlari","10":"pa_yazar-tuba-kumas","12":"first","13":"instock","14":"sale","15":"shipping-taxable","16":"purchasable","17":"product-type-simple"},"_links":{"self":[{"href":"https:\/\/roveyayinevi.com.tr\/index.php\/wp-json\/wp\/v2\/product\/735358","targetHints":{"allow":["GET"]}}],"collection":[{"href":"https:\/\/roveyayinevi.com.tr\/index.php\/wp-json\/wp\/v2\/product"}],"about":[{"href":"https:\/\/roveyayinevi.com.tr\/index.php\/wp-json\/wp\/v2\/types\/product"}],"wp:attachment":[{"href":"https:\/\/roveyayinevi.com.tr\/index.php\/wp-json\/wp\/v2\/media?parent=735358"}],"wp:term":[{"taxonomy":"product_brand","embeddable":true,"href":"https:\/\/roveyayinevi.com.tr\/index.php\/wp-json\/wp\/v2\/product_brand?post=735358"},{"taxonomy":"product_cat","embeddable":true,"href":"https:\/\/roveyayinevi.com.tr\/index.php\/wp-json\/wp\/v2\/product_cat?post=735358"},{"taxonomy":"product_tag","embeddable":true,"href":"https:\/\/roveyayinevi.com.tr\/index.php\/wp-json\/wp\/v2\/product_tag?post=735358"}],"curies":[{"name":"wp","href":"https:\/\/api.w.org\/{rel}","templated":true}]}}