{"id":735352,"date":"2025-08-27T22:46:20","date_gmt":"2025-08-27T19:46:20","guid":{"rendered":"https:\/\/roveyayinevi.com.tr\/index.php\/urun\/yeryuzuyle-barismak\/"},"modified":"2026-04-16T02:43:42","modified_gmt":"2026-04-15T23:43:42","slug":"yeryuzuyle-barismak","status":"publish","type":"product","link":"https:\/\/roveyayinevi.com.tr\/index.php\/urun\/yeryuzuyle-barismak\/","title":{"rendered":"Yery\u00fcz\u00fcyle Bar\u0131\u015fmak"},"content":{"rendered":"<p>Yery\u00fcz\u00fcyle bar\u0131\u015fmak, g\u00fcn\u00fcm\u00fczde yery\u00fcz\u00fcne ve insanlara kar\u015f\u0131 a\u00e7\u0131lan sava\u015flara \u015fahitlik etmektir. Ayn\u0131 zamanda bu \u015fahitlik d\u00fcnyan\u0131n, topra\u011f\u0131n, suyun, ormanlar\u0131n, tohumlar\u0131n, biyolojik \u00e7e\u015fitlili\u011fin ve insanlar\u0131n haklar\u0131n\u0131 savunmak i\u00e7in verilen m\u00fccadelelerin hik\u00e2yelerini anlat\u0131r. D\u00fcnya merkezli bir ekonomi, politika ve k\u00fclt\u00fcre do\u011fru bir paradigma de\u011fi\u015fiminin neden hayatta kalmak i\u00e7in tek \u015fans\u0131m\u0131z oldu\u011funu ana hatlar\u0131yla a\u00e7\u0131klar.   Neoliberal ekonomik k\u00fcreselle\u015fme modeli, ba\u015fka bir alternatifin olmad\u0131\u011f\u0131 varsay\u0131m\u0131na dayan\u0131r. Ancak alternatifler her yerdedir. Yerli k\u00fclt\u00fcrlerde ve yerel ekonomilerde, insanlar\u0131n hayatlar\u0131n\u0131 tehlikeye atarak savunduklar\u0131 alternatifler bulunmaktad\u0131r. Petrol zirvesine ve iklim de\u011fi\u015fikli\u011fine yan\u0131t olarak, \u00f6zellikle kapal\u0131 ekonomiyle kar\u015f\u0131 kar\u015f\u0131ya kalan yerlerde yeni alternatifler ortaya \u00e7\u0131kmaktad\u0131r.   Yery\u00fcz\u00fcne kar\u015f\u0131 olan bu sava\u015f, ekolojik ve etik s\u0131n\u0131rlara sayg\u0131 duymayan, e\u015fitsizli\u011fi, a\u00e7g\u00f6zl\u00fcl\u00fc\u011f\u00fc, adaletsizli\u011fi ve ekonomik toplanmay\u0131 \u00f6n planda tutan bir ekonomiden kaynaklanmaktad\u0131r. Do\u011faya olan ba\u011f\u0131ml\u0131l\u0131k ve s\u00f6m\u00fcr\u00fcn\u00fcn yo\u011funlu\u011fu artarken ve Oikos, yani evimiz, gezegenimiz hem ekonominin hem de ekolojinin temeliyken art\u0131k zihinlerimiz ekonomi ile ekolojiyi ne yaz\u0131k ki birbirinden ay\u0131rm\u0131\u015ft\u0131r.   Yery\u00fcz\u00fcyle bar\u0131\u015fmak b\u00fct\u00fcn bu nedenlerle bir sonu\u00e7 de\u011fil asl\u0131nda d\u00fcnyan\u0131n pek \u00e7ok yerinde hayata ge\u00e7meye ba\u015flam\u0131\u015f modellerle yeni bir ba\u015flang\u0131\u00e7t\u0131r. Bar\u0131\u015f ancak ona tutunan, topra\u011f\u0131na, tohumuna sahip \u00e7\u0131kan, s\u00f6m\u00fcr\u00fcye direnen, adaletsizli\u011fi kabul etmeyen yeni d\u00fcnya insanlar\u0131n\u0131n omuzlar\u0131nda y\u00fckselecektir. Bu mecburi bir harekettir. Yery\u00fcz\u00fcyle bar\u0131\u015fmak bizim i\u00e7in k\u00f6pr\u00fcden \u00f6nce son \u00e7\u0131k\u0131\u015ft\u0131r. <\/p>\n","protected":false},"excerpt":{"rendered":"<p>Yery\u00fcz\u00fcyle bar\u0131\u015fmak, g\u00fcn\u00fcm\u00fczde yery\u00fcz\u00fcne ve insanlara kar\u015f\u0131 a\u00e7\u0131lan sava\u015flara \u015fahitlik etmektir. Ayn\u0131 zamanda bu \u015fahitlik d\u00fcnyan\u0131n, topra\u011f\u0131n, suyun, ormanlar\u0131n, tohumlar\u0131n, biyolojik \u00e7e\u015fitlili\u011fin ve insanlar\u0131n haklar\u0131n\u0131 savunmak<span class=\"excerpt-hellip\"> [\u2026]<\/span><\/p>\n","protected":false},"featured_media":0,"template":"","meta":{"_monsterinsights_skip_tracking":false,"_monsterinsights_sitenote_active":false,"_monsterinsights_sitenote_note":"","_monsterinsights_sitenote_category":0},"product_brand":[],"product_cat":[23323,12364],"product_tag":[],"class_list":{"0":"post-735352","1":"product","2":"type-product","3":"status-publish","5":"product_cat-ekoloji","6":"product_cat-genel-konular","7":"pa_cilt-ciltsiz","8":"pa_tur-kitap","9":"pa_yayinevi-yeni-insan-yayinlari","10":"pa_yazar-vandana-shiva","12":"first","13":"instock","14":"sale","15":"shipping-taxable","16":"purchasable","17":"product-type-simple"},"_links":{"self":[{"href":"https:\/\/roveyayinevi.com.tr\/index.php\/wp-json\/wp\/v2\/product\/735352","targetHints":{"allow":["GET"]}}],"collection":[{"href":"https:\/\/roveyayinevi.com.tr\/index.php\/wp-json\/wp\/v2\/product"}],"about":[{"href":"https:\/\/roveyayinevi.com.tr\/index.php\/wp-json\/wp\/v2\/types\/product"}],"wp:attachment":[{"href":"https:\/\/roveyayinevi.com.tr\/index.php\/wp-json\/wp\/v2\/media?parent=735352"}],"wp:term":[{"taxonomy":"product_brand","embeddable":true,"href":"https:\/\/roveyayinevi.com.tr\/index.php\/wp-json\/wp\/v2\/product_brand?post=735352"},{"taxonomy":"product_cat","embeddable":true,"href":"https:\/\/roveyayinevi.com.tr\/index.php\/wp-json\/wp\/v2\/product_cat?post=735352"},{"taxonomy":"product_tag","embeddable":true,"href":"https:\/\/roveyayinevi.com.tr\/index.php\/wp-json\/wp\/v2\/product_tag?post=735352"}],"curies":[{"name":"wp","href":"https:\/\/api.w.org\/{rel}","templated":true}]}}